Results for 3.5.0 20040708 (experimental) testsuite on i586-suse-linux-gnu
Robert Schiele
rschiele@uni-mannheim.de
Fri Jul 9 02:09:00 GMT 2004
# Some comments about the system:
# SuSE Linux 9.1 (i586)
# VERSION = 9.1
# bash-2.05b-305.1
# binutils-2.15.90.0.1.1-31
# dejagnu-1.4.3-330
# expect-5.40-27
# gcc-3.3.3-41
# glibc-2.3.3-97
# kernel-default-2.6.5-7.95
# make-3.80-184
# tcl-8.4.6-26
# texinfo-4.6-61
# Linux 2.6.5-7.75-default #1 Mon Jun 14 10:44:37 UTC 2004 i686 athlon i386 GNU/Linux
# 4:09am up 13 days 4:46, 12 users, load average: 2.57, 2.15, 2.03
# Reading specs from /usr/lib/gcc-lib/i586-suse-linux/3.3.3/specs
# Configured with: ../configure --enable-threads=posix --prefix=/usr --with-local-prefix=/usr/local --infodir=/usr/share/info --mandir=/usr/share/man --enable-languages=c,c++,f77,objc,java,ada --disable-checking --libdir=/usr/lib --enable-libgcj --with-gxx-include-dir=/usr/include/g++ --with-slibdir=/lib --with-system-zlib --enable-shared --enable-__cxa_atexit i586-suse-linux
# Thread model: posix
# gcc version 3.3.3 (SuSE Linux)
# GNU C Library stable release version 2.3.3 (20040405), by Roland McGrath et al.
# Configured for i686-suse-linux.
# Compiled by GNU CC version 3.3.3 (SuSE Linux).
# Compiled on a Linux 2.6.4 system on 2004-04-05.
# Available extensions:
# GNU libio by Per Bothner
# crypt add-on version 2.1 by Michael Glad and others
# linuxthreads-0.10 by Xavier Leroy
# GNU Libidn by Simon Josefsson
# NoVersion patch for broken glibc 2.0 binaries
# BIND-8.2.3-T5B
# libthread_db work sponsored by Alpha Processor Inc
# NIS(YP)/NIS+ NSS modules 0.19 by Thorsten Kukuk
# Thread-local storage support included.
LAST_UPDATED: Thu Jul 8 23:16:41 UTC 2004
Native configuration is i586-suse-linux-gnu
=== gcc tests ===
Running target unix
WARNING: program timed out.
FAIL: gcc.c-torture/compile/20001226-1.c (test for excess errors)
FAIL: gcc.c-torture/compile/930523-1.c (test for excess errors)
FAIL: gcc.c-torture/compile/930523-1.c (test for excess errors)
FAIL: gcc.c-torture/compile/930523-1.c (test for excess errors)
FAIL: gcc.c-torture/compile/930523-1.c (test for excess errors)
FAIL: gcc.c-torture/compile/930523-1.c (test for excess errors)
FAIL: gcc.c-torture/compile/930523-1.c (test for excess errors)
FAIL: gcc.c-torture/compile/941014-2.c (test for excess errors)
FAIL: gcc.c-torture/compile/941014-2.c (test for excess errors)
FAIL: gcc.c-torture/compile/941014-2.c (test for excess errors)
FAIL: gcc.c-torture/compile/950613-1.c (test for excess errors)
FAIL: gcc.c-torture/compile/950613-1.c (test for excess errors)
FAIL: gcc.c-torture/compile/990625-1.c (test for excess errors)
FAIL: gcc.c-torture/execute/builtins/strpcpy-2.c execution, -Os
FAIL: gcc.c-torture/execute/va-arg-25.c execution, -Os
XPASS: gcc.dg/cpp/cmdlne-dI-M.c scan-file (^|\\\\n)cmdlne-dI-M.*:[^\\\\n]*cmdlne-dI-M.c
XPASS: gcc.dg/cpp/cmdlne-dM-M.c scan-file (^|\\\\n)cmdlne-dM-M[^\\\\n]*:[^\\\\n]*cmdlne-dM-M.c
FAIL: gcc.dg/debug/dwarf2/dwarf-die7.c scan-assembler 1.*DW_AT_inline
FAIL: gcc.dg/20020616-1.c (test for excess errors)
WARNING: gcc.dg/20020616-1.c compilation failed to produce executable
FAIL: gcc.dg/c90-const-expr-3.c (test for excess errors)
FAIL: gcc.dg/c99-const-expr-3.c (test for excess errors)
XPASS: gcc.dg/setjmp-1.c spurious clobbered warning (test for bogus messages, line 16)
FAIL: 94:is -:should be 1
FAIL: gcc.misc-tests/gcov-4.c gcov: 1 failures in line counts, 0 in branch percentages, 0 in return percentages
=== gcc Summary ===
# of expected passes 26728
# of unexpected failures 21
# of unexpected successes 3
# of expected failures 61
# of untested testcases 28
# of unsupported tests 218
/local/build/gcc/xgcc version 3.5.0 20040708 (experimental)
=== gfortran tests ===
Running target unix
FAIL: gfortran.fortran-torture/execute/intrinsic_nearest.f90 execution, -O0
FAIL: gfortran.fortran-torture/execute/intrinsic_nearest.f90 execution, -O1
FAIL: gfortran.fortran-torture/execute/intrinsic_nearest.f90 execution, -O2
FAIL: gfortran.fortran-torture/execute/intrinsic_nearest.f90 execution, -O3 -fomit-frame-pointer
FAIL: gfortran.fortran-torture/execute/intrinsic_nearest.f90 execution, -O3 -fomit-frame-pointer -funroll-loops
FAIL: gfortran.fortran-torture/execute/intrinsic_nearest.f90 execution, -O3 -fomit-frame-pointer -funroll-all-loops -finline-functions
FAIL: gfortran.fortran-torture/execute/intrinsic_nearest.f90 execution, -O3 -g
FAIL: gfortran.fortran-torture/execute/intrinsic_nearest.f90 execution, -Os
=== gfortran Summary ===
# of expected passes 2960
# of unexpected failures 8
/local/build/gcc/testsuite/../gfortran version 3.5.0 20040708 (experimental)
=== g++ tests ===
Running target unix
ERROR: g++.dg/lookup/new1.C: syntax error in target selector "list of candidates" for " dg-excess-errors 13 "operator new" "list of candidates" "
UNRESOLVED: g++.dg/lookup/new1.C: syntax error in target selector "list of candidates" for " dg-excess-errors 13 "operator new" "list of candidates" "
FAIL: 102:is -:should be 1
FAIL: g++.dg/gcov/gcov-1.C gcov: 1 failures in line counts, 0 in branch percentages, 0 in return percentages
WARNING: g++.old-deja/g++.mike/p10769a.C compilation failed to produce executable
WARNING: g++.old-deja/g++.other/enum5.C compilation failed to produce executable
XPASS: g++.old-deja/g++.other/init5.C execution test
FAIL: g++.old-deja/g++.other/warn7.C (test for warnings, line 38)
WARNING: g++.old-deja/g++.pt/friend44.C compilation failed to produce executable
=== g++ Summary ===
# of expected passes 9890
# of unexpected failures 3
# of unexpected successes 1
# of expected failures 79
# of unresolved testcases 1
# of unsupported tests 42
/local/build/gcc/testsuite/../g++ version 3.5.0 20040708 (experimental)
=== objc tests ===
Running target unix
=== objc Summary ===
# of expected passes 1404
# of unsupported tests 7
/local/build/gcc/xgcc version 3.5.0 20040708 (experimental)
=== libmudflap tests ===
Running target unix
FAIL: libmudflap.cth/pass40-frag.c execution test
FAIL: libmudflap.cth/pass40-frag.c output pattern test
FAIL: libmudflap.cth/pass40-frag.c (-O2) execution test
FAIL: libmudflap.cth/pass40-frag.c (-O2) output pattern test
FAIL: libmudflap.cth/pass40-frag.c (-O3) execution test
FAIL: libmudflap.cth/pass40-frag.c (-O3) output pattern test
=== libmudflap Summary ===
# of expected passes 1106
# of unexpected failures 6
=== libstdc++-v3 check-abi Summary ===
# of added symbols: 317
# of missing symbols: 283
# of incompatible symbols: 283
=== libstdc++ tests ===
Running target unix
XPASS: 26_numerics/cmath/c99_classification_macros_c.cc (test for excess errors)
=== libstdc++ Summary ===
# of expected passes 2706
# of unexpected successes 1
# of expected failures 5
Compiler version: 3.5.0 20040708 (experimental)
Platform: i586-suse-linux-gnu
configure flags: --enable-threads=posix --prefix=/local/inst/gcc350 --disable-checking --disable-libgcj --with-gxx-include-dir=/local/inst/gcc350/include/g++ --with-system-zlib --enable-shared --enable-__cxa_atexit i586-suse-linux --enable-languages=c,c++,f95,objc
More information about the Gcc-testresults
mailing list