Results for 3.4.1 m32r-20040708 testsuite on m32r-unknown-linux-gnu

Kazuhiro Inaoka inaoka.kazuhiro@renesas.com
Fri Jul 9 00:21:00 GMT 2004


Target is m32r-unknown-linux-gnu
Host   is i686-pc-linux-gnu

		=== g++ tests ===


Running target m32r-linux-sim
FAIL: g++.dg/bprob/g++-bprob-1.C compilation,  -g  -fbranch-probabilities
UNRESOLVED: g++.dg/bprob/g++-bprob-1.C execution,    -g 
-fbranch-probabilities
FAIL: g++.dg/bprob/g++-bprob-1.C compilation,  -O0  -fbranch-probabilities
UNRESOLVED: g++.dg/bprob/g++-bprob-1.C execution,    -O0 
-fbranch-probabilities
FAIL: g++.dg/bprob/g++-bprob-1.C compilation,  -O1  -fbranch-probabilities
UNRESOLVED: g++.dg/bprob/g++-bprob-1.C execution,    -O1 
-fbranch-probabilities
FAIL: g++.dg/bprob/g++-bprob-1.C compilation,  -O2  -fbranch-probabilities
UNRESOLVED: g++.dg/bprob/g++-bprob-1.C execution,    -O2 
-fbranch-probabilities
FAIL: g++.dg/bprob/g++-bprob-1.C compilation,  -O3  -fbranch-probabilities
UNRESOLVED: g++.dg/bprob/g++-bprob-1.C execution,    -O3 
-fbranch-probabilities
FAIL: g++.dg/bprob/g++-bprob-1.C compilation,  -O3 -g 
-fbranch-probabilities
UNRESOLVED: g++.dg/bprob/g++-bprob-1.C execution,    -O3 -g 
-fbranch-probabilities
FAIL: g++.dg/bprob/g++-bprob-1.C compilation,  -Os  -fbranch-probabilities
UNRESOLVED: g++.dg/bprob/g++-bprob-1.C execution,    -Os 
-fbranch-probabilities
FAIL: g++.dg/other/packed1.C execution test
FAIL: g++.old-deja/g++.jason/thunk3.C (test for excess errors)
WARNING: g++.old-deja/g++.jason/thunk3.C compilation failed to produce 
executable
FAIL: g++.old-deja/g++.law/profile1.C (test for excess errors)
WARNING: g++.old-deja/g++.mike/p10769a.C compilation failed to produce 
executable
WARNING: g++.old-deja/g++.other/enum5.C compilation failed to produce 
executable
WARNING: g++.old-deja/g++.pt/friend44.C compilation failed to produce 
executable
FAIL: g++.old-deja/g++.pt/static11.C execution test

		=== g++ Summary ===

# of expected passes		9507
# of unexpected failures	11
# of expected failures		68
# of unresolved testcases	7
# of unsupported tests		79
/home4/release_src/gcc-3.4.1/gcc-3.4/build.linux-gnu/gcc/testsuite/../g++ 
version 3.4.1 m32r-20040708

Host   is i686-pc-linux-gnu

		=== gcc tests ===


Running target m32r-linux-sim
FAIL: gcc.c-torture/execute/builtins/string-asm-2.c execution,  -O0
FAIL: gcc.c-torture/execute/builtins/string-asm-2.c execution,  -O1
FAIL: gcc.c-torture/execute/builtins/string-asm-2.c execution,  -O2
FAIL: gcc.c-torture/execute/builtins/string-asm-2.c execution,  -O3 
-fomit-frame-pointer
FAIL: gcc.c-torture/execute/builtins/string-asm-2.c execution,  -O3 -g
FAIL: gcc.c-torture/execute/builtins/string-asm-2.c execution,  -Os
FAIL: gcc.c-torture/execute/20020720-1.c compilation,  -O1
UNRESOLVED: gcc.c-torture/execute/20020720-1.c execution,  -O1
FAIL: gcc.c-torture/execute/20020720-1.c compilation,  -O2
UNRESOLVED: gcc.c-torture/execute/20020720-1.c execution,  -O2
FAIL: gcc.c-torture/execute/20020720-1.c compilation,  -O3 
-fomit-frame-pointer
UNRESOLVED: gcc.c-torture/execute/20020720-1.c execution,  -O3 
-fomit-frame-pointer
FAIL: gcc.c-torture/execute/20020720-1.c compilation,  -O3 -g
UNRESOLVED: gcc.c-torture/execute/20020720-1.c execution,  -O3 -g
FAIL: gcc.c-torture/execute/20020720-1.c compilation,  -Os
UNRESOLVED: gcc.c-torture/execute/20020720-1.c execution,  -Os
XPASS: gcc.c-torture/execute/981130-1.c execution,  -O0
XPASS: gcc.c-torture/execute/981130-1.c execution,  -O1
XPASS: gcc.c-torture/execute/981130-1.c execution,  -O2
XPASS: gcc.c-torture/execute/981130-1.c execution,  -Os
FAIL: gcc.dg/20040123-1.c scan-assembler abort
FAIL: gcc.dg/const-elim-1.c scan-assembler-not L\\\\\$?C[^A-Z]
XPASS: gcc.dg/setjmp-1.c spurious clobbered warning (test for bogus 
messages, line 16)
XPASS: gcc.dg/sibcall-3.c execution test
XPASS: gcc.dg/sibcall-4.c execution test
FAIL: gcc.misc-tests/bprob-1.c compilation,  -g  -fbranch-probabilities
UNRESOLVED: gcc.misc-tests/bprob-1.c execution,    -g 
-fbranch-probabilities
FAIL: gcc.misc-tests/bprob-1.c compilation,  -O0  -fbranch-probabilities
UNRESOLVED: gcc.misc-tests/bprob-1.c execution,    -O0 
-fbranch-probabilities
FAIL: gcc.misc-tests/bprob-1.c compilation,  -O1  -fbranch-probabilities
UNRESOLVED: gcc.misc-tests/bprob-1.c execution,    -O1 
-fbranch-probabilities
FAIL: gcc.misc-tests/bprob-1.c compilation,  -O2 -DPERFTIME 
-fbranch-probabilities
UNRESOLVED: gcc.misc-tests/bprob-1.c execution,    -O2 -DPERFTIME 
-fbranch-probabilities
FAIL: gcc.misc-tests/bprob-1.c compilation,  -O3 -DPERFTIME 
-fbranch-probabilities
UNRESOLVED: gcc.misc-tests/bprob-1.c execution,    -O3 -DPERFTIME 
-fbranch-probabilities
FAIL: gcc.misc-tests/bprob-1.c compilation,  -O3 -g -DPERFTIME 
-fbranch-probabilities
UNRESOLVED: gcc.misc-tests/bprob-1.c execution,    -O3 -g -DPERFTIME 
-fbranch-probabilities
FAIL: gcc.misc-tests/bprob-1.c compilation,  -Os  -fbranch-probabilities
UNRESOLVED: gcc.misc-tests/bprob-1.c execution,    -Os 
-fbranch-probabilities
FAIL: gcc.misc-tests/bprob-2.c compilation,  -g  -fbranch-probabilities
UNRESOLVED: gcc.misc-tests/bprob-2.c execution,    -g 
-fbranch-probabilities
FAIL: gcc.misc-tests/bprob-2.c compilation,  -O0  -fbranch-probabilities
UNRESOLVED: gcc.misc-tests/bprob-2.c execution,    -O0 
-fbranch-probabilities
FAIL: gcc.misc-tests/bprob-2.c compilation,  -O1  -fbranch-probabilities
UNRESOLVED: gcc.misc-tests/bprob-2.c execution,    -O1 
-fbranch-probabilities
FAIL: gcc.misc-tests/bprob-2.c compilation,  -O2 -DPERFTIME 
-fbranch-probabilities
UNRESOLVED: gcc.misc-tests/bprob-2.c execution,    -O2 -DPERFTIME 
-fbranch-probabilities
FAIL: gcc.misc-tests/bprob-2.c compilation,  -O3 -DPERFTIME 
-fbranch-probabilities
UNRESOLVED: gcc.misc-tests/bprob-2.c execution,    -O3 -DPERFTIME 
-fbranch-probabilities
FAIL: gcc.misc-tests/bprob-2.c compilation,  -O3 -g -DPERFTIME 
-fbranch-probabilities
UNRESOLVED: gcc.misc-tests/bprob-2.c execution,    -O3 -g -DPERFTIME 
-fbranch-probabilities
FAIL: gcc.misc-tests/bprob-2.c compilation,  -Os  -fbranch-probabilities
UNRESOLVED: gcc.misc-tests/bprob-2.c execution,    -Os 
-fbranch-probabilities

		=== gcc Summary ===

# of expected passes		24145
# of unexpected failures	27
# of unexpected successes	7
# of expected failures		67
# of unresolved testcases	19
# of untested testcases		7
# of unsupported tests		343
/home4/release_src/gcc-3.4.1/gcc-3.4/build.linux-gnu/gcc/xgcc version 
3.4.1 m32r-20040708


Compiler version: 3.4.1 m32r-20040708
Platform: m32r-unknown-linux-gnu
configure flags: --target=m32r-linux-gnu 
--prefix=/usr/local/m32r-linux-gnu.3.4 --host=i686-pc-linux-gnu 
--srcdir=/home4/release_src/gcc-3.4.1/gcc-3.4/src 
--with-headers=/home2/hikaru/work_src/kernel/linux-2.6/include 
--enable-languages=c,c++ --enable-shared --enable-threads=posix

with following patch
http://gcc.gnu.org/ml/gcc-patches/2004-07/msg00450.html

GNU assembler version 2.15 (m32r-linux-gnu) using BFD version 2.15
GNU ld version 2.15
Glibc 2.3.3 with m32r target patches








More information about the Gcc-testresults mailing list