Results for 3.3.5 20040707 (prerelease) testsuite on sparc64-sun-solaris2.9

Eric Botcazou eric@localhost.localdomain
Wed Jul 7 14:47:00 GMT 2004


LAST_UPDATED: Wed Jul  7 05:26:52 UTC 2004

Native configuration is sparc64-sun-solaris2.9

		=== g++ tests ===


Running target unix
FAIL: g++.dg/parse/stack1.C (test for excess errors)
FAIL: g++.other/decl5.C caused compiler crash

		=== g++ Summary ===

# of expected passes		8165
# of unexpected failures	2
# of expected failures		96
# of untested testcases		23
# of unsupported tests		28
/opt/build/eric/gcc-3_3-branch/gcc/testsuite/../g++ version 3.3.5 20040707 (prerelease)

		=== g77 tests ===


Running target unix

		=== g77 Summary ===

# of expected passes		1720
# of unsupported tests		8
/opt/build/eric/gcc-3_3-branch/gcc/testsuite/../g77 version 3.3.5 20040707 (prerelease)

		=== gcc tests ===


Running target unix
WARNING: gcc.dg/20021014-1.c compilation failed to produce executable
FAIL: gcc.dg/duff-2.c (test for excess errors)

		=== gcc Summary ===

# of expected passes		21163
# of unexpected failures	1
# of expected failures		77
# of unsupported tests		187
/opt/build/eric/gcc-3_3-branch/gcc/xgcc version 3.3.5 20040707 (prerelease)

		=== objc tests ===


Running target unix

		=== objc Summary ===

# of expected passes		1166
/opt/build/eric/gcc-3_3-branch/gcc/xgcc version 3.3.5 20040707 (prerelease)

		=== libjava tests ===


Running target unix
FAIL: Array_3 execution - gij test
FAIL: Array_3 execution - gij test
FAIL: FileHandleGcTest execution - source compiled test
FAIL: FileHandleGcTest execution - gij test
FAIL: FileHandleGcTest execution - bytecode->native test
FAIL: FileHandleGcTest -O execution - source compiled test
FAIL: FileHandleGcTest execution - gij test
FAIL: FileHandleGcTest -O execution - bytecode->native test
WARNING: program timed out.
FAIL: Thread_Wait_2 execution - gij test

		=== libjava Summary ===

# of expected passes		2973
# of unexpected failures	9
# of expected failures		16
# of untested testcases		21
		=== libstdc++-v3 tests ===


Running target unix

		=== libstdc++-v3 Summary ===

# of expected passes		429
# of expected failures		18

Compiler version: 3.3.5 20040707 (prerelease) 
Platform: sparc64-sun-solaris2.9
configure flags: --host=sparc64-sun-solaris2.9 --prefix=/opt/build/eric/local/gcc-3.3.5 --enable-languages=c,c++,objc,f77,java --enable-checking=misc,tree,rtlflag --disable-multilib



More information about the Gcc-testresults mailing list