Results for [trunk] 3.5.020040707(experimental) testsuite on i686-pc-linux-gnu

Autocrasher autocrasher@devphil.com
Wed Jul 7 14:00:00 GMT 2004


The configure/build/test log and libstdc++-v3 regression plots can be
found at http://www.devphil.com/build/

Host was an x86-type system.

This particular run used standard (previously installed) binutils.

- The Autocrasher (Phil's Builder Bot, version 2.0)



LAST_UPDATED: Wed Jul  7 05:41:18 UTC 2004

Native configuration is i686-pc-linux-gnu

		=== g++ tests ===


Running target unix
FAIL: g++.dg/init/call1.C execution test
ERROR: g++.dg/lookup/new1.C: syntax error in target selector "list of candidates" for " dg-excess-errors 13 "operator new" "list of candidates" "
UNRESOLVED: g++.dg/lookup/new1.C: syntax error in target selector "list of candidates" for " dg-excess-errors 13 "operator new" "list of candidates" "
FAIL: 102:is -:should be 1
FAIL: g++.dg/gcov/gcov-1.C gcov: 1 failures in line counts, 0 in branch percentages, 0 in return percentages
WARNING: g++.old-deja/g++.mike/p10769a.C compilation failed to produce executable
FAIL: g++.old-deja/g++.other/decl3.C (test for excess errors)
WARNING: g++.old-deja/g++.other/enum5.C compilation failed to produce executable
XPASS: g++.old-deja/g++.other/init5.C execution test
FAIL: g++.old-deja/g++.other/warn7.C  (test for warnings, line 38)
WARNING: g++.old-deja/g++.pt/friend44.C compilation failed to produce executable

		=== g++ Summary ===

# of expected passes		9881
# of unexpected failures	5
# of unexpected successes	1
# of expected failures		78
# of unresolved testcases	1
# of unsupported tests		42
/mnt/build/build-2004-07-07-trunk/gcc/testsuite/../g++  version 3.5.0 20040707 (experimental)

		=== gcc tests ===


Running target unix
FAIL: gcc.c-torture/compile/20020210-1.c  -O1  (test for excess errors)
FAIL: gcc.c-torture/compile/20020210-1.c  -O2  (test for excess errors)
FAIL: gcc.c-torture/compile/20020210-1.c  -O3 -fomit-frame-pointer  (test for excess errors)
FAIL: gcc.c-torture/compile/20020210-1.c  -O3 -g  (test for excess errors)
FAIL: gcc.c-torture/compile/20020210-1.c  -Os  (test for excess errors)
FAIL: gcc.c-torture/compile/950613-1.c  -O1  (test for excess errors)
FAIL: gcc.c-torture/compile/950613-1.c  -Os  (test for excess errors)
FAIL: gcc.c-torture/execute/va-arg-25.c execution,  -Os 
FAIL: gcc.dg/debug/dwarf2/dwarf-die7.c scan-assembler 1.*DW_AT_inline
FAIL: gcc.dg/c90-const-expr-3.c (test for excess errors)
FAIL: gcc.dg/c99-const-expr-3.c (test for excess errors)
XPASS: gcc.dg/setjmp-1.c spurious clobbered warning (test for bogus messages, line 16)
FAIL: 94:is -:should be 1
FAIL: gcc.misc-tests/gcov-4.c gcov: 1 failures in line counts, 0 in branch percentages, 0 in return percentages

		=== gcc Summary ===

# of expected passes		26637
# of unexpected failures	13
# of unexpected successes	1
# of expected failures		68
# of untested testcases		28
# of unsupported tests		218
/mnt/build/build-2004-07-07-trunk/gcc/xgcc  version 3.5.0 20040707 (experimental)


		=== libstdc++-v3 check-abi Summary ===

# of added symbols:		 352
# of missing symbols:		 327
# of incompatible symbols:	 331
		=== libstdc++ tests ===


Running target unix
FAIL: 23_containers/deque/invalidation/3.cc (test for excess errors)
WARNING: 23_containers/deque/invalidation/3.cc compilation failed to produce executable
FAIL: 23_containers/list/invalidation/3.cc (test for excess errors)
WARNING: 23_containers/list/invalidation/3.cc compilation failed to produce executable
FAIL: 23_containers/multimap/invalidation/2.cc (test for excess errors)
WARNING: 23_containers/multimap/invalidation/2.cc compilation failed to produce executable
FAIL: 23_containers/multiset/invalidation/2.cc (test for excess errors)
WARNING: 23_containers/multiset/invalidation/2.cc compilation failed to produce executable
FAIL: 23_containers/set/invalidation/2.cc (test for excess errors)
WARNING: 23_containers/set/invalidation/2.cc compilation failed to produce executable
FAIL: 23_containers/vector/invalidation/3.cc (test for excess errors)
WARNING: 23_containers/vector/invalidation/3.cc compilation failed to produce executable
FAIL: 23_containers/vector/invalidation/4.cc (test for excess errors)
WARNING: 23_containers/vector/invalidation/4.cc compilation failed to produce executable
XPASS: 26_numerics/cmath/c99_classification_macros_c.cc (test for excess errors)
FAIL: ext/14648.cc (test for excess errors)
WARNING: ext/14648.cc compilation failed to produce executable
FAIL: ext/rope/1.cc (test for excess errors)
WARNING: ext/rope/1.cc compilation failed to produce executable
FAIL: ext/rope/2.cc (test for excess errors)
WARNING: ext/rope/2.cc compilation failed to produce executable
FAIL: ext/rope/3.cc (test for excess errors)
WARNING: ext/rope/3.cc compilation failed to produce executable
FAIL: thread/pthread7-rope.cc (test for excess errors)
WARNING: thread/pthread7-rope.cc compilation failed to produce executable

		=== libstdc++ Summary ===

# of expected passes		2680
# of unexpected failures	12
# of unexpected successes	1
# of expected failures		5

Compiler version: 3.5.020040707(experimental) 
Platform: i686-pc-linux-gnu
configure flags: --prefix=/mnt/build/install-2004-07-07-trunk --enable-threads=posix --enable-__cxa_atexit --with-dwarf2 --enable-languages=c,c++



More information about the Gcc-testresults mailing list