Results for [cslarm] 3.4.020040409(CodeSourceryARMQ1A2004) testsuite on arm-none-elf

Autocrasher autocrasher@devphil.com
Wed Jul 7 14:00:00 GMT 2004


The configure/build/test log and libstdc++-v3 regression plots can be
found at http://www.devphil.com/build/

Host was an x86-type system.

This particular run used a unified gcc+binutils tree.

- The Autocrasher (Phil's Builder Bot, version 2.0)



LAST_UPDATED: Wed Jul  7 07:13:43 UTC 2004

Target is arm-none-elf
Host   is arm-none-elf

		=== libstdc++ tests ===


Running target arm-sim
FAIL: 21_strings/basic_string/cons/char/6.cc execution test
FAIL: 27_io/basic_filebuf/imbue/char/13582-2.cc (test for excess errors)
WARNING: 27_io/basic_filebuf/imbue/char/13582-2.cc compilation failed to produce executable
FAIL: 27_io/ios_base/sync_with_stdio/1.cc execution test
FAIL: 27_io/objects/char/10.cc execution test
XPASS: ext/stdio_filebuf/char/10063-2.cc execution test
XPASS: ext/stdio_filebuf/char/10063-3.cc execution test

		=== libstdc++ Summary ===

# of expected passes		1908
# of unexpected failures	4
# of unexpected successes	2
# of expected failures		10
# of unsupported tests		8
Host   is i686-pc-linux-gnu

		=== g++ tests ===


Running target arm-sim/-mthumb
XPASS: g++.dg/other/packed1.C execution test
FAIL: g++.dg/other/profile1.C (test for excess errors)
WARNING: g++.dg/other/profile1.C compilation failed to produce executable
WARNING: g++.old-deja/g++.mike/p10769a.C compilation failed to produce executable
WARNING: g++.old-deja/g++.other/enum5.C compilation failed to produce executable
WARNING: g++.old-deja/g++.pt/friend44.C compilation failed to produce executable

		=== g++ Summary ===

# of expected passes		9435
# of unexpected failures	1
# of unexpected successes	1
# of expected failures		69
# of unsupported tests		79
/mnt/build/build-2004-07-07-cslarm/gcc/testsuite.arm-sim.-mthumb/../g++ version 3.4.0 20040409 (CodeSourcery ARM Q1A 2004)

Host   is i686-pc-linux-gnu

		=== gcc tests ===


Running target arm-sim/-mthumb
FAIL: gcc.c-torture/compile/20020129-1.c  -O0  (test for excess errors)
FAIL: gcc.c-torture/compile/20020129-1.c  -O1  (test for excess errors)
FAIL: gcc.c-torture/compile/20020129-1.c  -O2  (test for excess errors)
FAIL: gcc.c-torture/compile/20020129-1.c  -O3 -fomit-frame-pointer  (test for excess errors)
FAIL: gcc.c-torture/compile/20020129-1.c  -O3 -g  (test for excess errors)
FAIL: gcc.c-torture/compile/20020129-1.c  -Os  (test for excess errors)
UNRESOLVED: gcc.c-torture/execute/20020720-1.c execution,  -O1 
UNRESOLVED: gcc.c-torture/execute/20020720-1.c execution,  -O2 
UNRESOLVED: gcc.c-torture/execute/20020720-1.c execution,  -O3 -fomit-frame-pointer 
UNRESOLVED: gcc.c-torture/execute/20020720-1.c execution,  -O3 -g 
UNRESOLVED: gcc.c-torture/execute/20020720-1.c execution,  -Os 
FAIL: gcc.c-torture/execute/nestfunc-2.c execution,  -O3 -fomit-frame-pointer 
FAIL: gcc.c-torture/execute/nestfunc-2.c execution,  -O3 -fomit-frame-pointer -funroll-loops 
FAIL: gcc.c-torture/execute/nestfunc-2.c execution,  -O3 -fomit-frame-pointer -funroll-all-loops -finline-functions 
FAIL: gcc.c-torture/execute/nestfunc-2.c execution,  -O3 -g 

		=== gcc Summary ===

# of expected passes		23650
# of unexpected failures	10
# of expected failures		75
# of unresolved testcases	5
# of untested testcases		7
# of unsupported tests		314
/mnt/build/build-2004-07-07-cslarm/gcc/xgcc version 3.4.0 20040409 (CodeSourcery ARM Q1A 2004)

Host   is i686-pc-linux-gnu

		=== g++ tests ===


Running target arm-sim/
XPASS: g++.dg/other/packed1.C execution test
WARNING: g++.old-deja/g++.mike/p10769a.C compilation failed to produce executable
WARNING: g++.old-deja/g++.other/enum5.C compilation failed to produce executable
WARNING: g++.old-deja/g++.pt/friend44.C compilation failed to produce executable

		=== g++ Summary ===

# of expected passes		9437
# of unexpected successes	1
# of expected failures		69
# of unsupported tests		79
/mnt/build/build-2004-07-07-cslarm/gcc/testsuite.arm-sim./../g++ version 3.4.0 20040409 (CodeSourcery ARM Q1A 2004)

Host   is i686-pc-linux-gnu

		=== gcc tests ===


Running target arm-sim/
UNRESOLVED: gcc.c-torture/execute/20020720-1.c execution,  -O1 
UNRESOLVED: gcc.c-torture/execute/20020720-1.c execution,  -O2 
UNRESOLVED: gcc.c-torture/execute/20020720-1.c execution,  -O3 -fomit-frame-pointer 
UNRESOLVED: gcc.c-torture/execute/20020720-1.c execution,  -O3 -g 
UNRESOLVED: gcc.c-torture/execute/20020720-1.c execution,  -Os 
XPASS: gcc.dg/setjmp-1.c spurious clobbered warning (test for bogus messages, line 16)
XPASS: gcc.dg/uninit-4.c uninitialized variable warning (test for bogus messages, line 26)

		=== gcc Summary ===

# of expected passes		23662
# of unexpected successes	2
# of expected failures		72
# of unresolved testcases	5
# of untested testcases		7
# of unsupported tests		314
/mnt/build/build-2004-07-07-cslarm/gcc/xgcc version 3.4.0 20040409 (CodeSourcery ARM Q1A 2004)


Compiler version: 3.4.020040409(CodeSourceryARMQ1A2004) 
Platform: arm-none-elf
configure flags: --prefix=/mnt/build/install-2004-07-07-cslarm --enable-languages=c++ --with-newlib --enable-sim --disable-gdbtk --target=arm-none-elf



More information about the Gcc-testresults mailing list