Results for 3.4.1 testsuite on sparc-sun-solaris2.8

Chris Douty Chris_Douty@ampex.com
Tue Jul 6 19:55:00 GMT 2004


Built from the 3.4.1 release tarball on Solaris 8 (Sun OS 5.8) using  
3.4.0 as the bootstrap compiler.

OS:    Solaris 8  (SunOS 5.8)
Host:  Sun e450 4 x 250MHz CPU, 2GB RAM
Configuration:
        /export/space/src/gcc/gcc-3.4.1/configure --enable-threads=posix  
--disable-nls --with-as=/usr/ccs/bin/as --with-ld=/usr/ccs/bin/ld  
Thread model: posix gcc version 3.4.1
host=sparc-sun-solaris2.8
target=sparc-sun-solaris2.8
gnatmake is /export/space/src/gcc/sparc-sun-solaris2.8/gcc/gnatmake


                 === gcc tests ===

Running target unix
XPASS: gcc.dg/uninit-4.c uninitialized variable warning (test for bogus  
messages, line 26)

                 === gcc Summary ===

# of expected passes            24227
# of unexpected successes       1
# of expected failures          72
# of unresolved testcases       13
# of untested testcases         7
# of unsupported tests          320

                 === acats configuration ===
target gcc is /export/space/src/gcc/sparc-sun-solaris2.8/gcc/xgcc  
-B/export/space/src/gcc/sparc-sun-solaris2.8/gcc/
Reading specs from /export/space/src/gcc/sparc-sun-solaris2.8/gcc/specs  
Configured with: /export/space/src/gcc/gcc-3.4.1/configure  
--enable-threads=posix --disable-nls --with-as=/usr/ccs/bin/as  
--with-ld=/usr/ccs/bin/ld Thread model: posix gcc version 3.4.1
host=sparc-sun-solaris2.8
target=sparc-sun-solaris2.8
gnatmake is /export/space/src/gcc/sparc-sun-solaris2.8/gcc/gnatmake

---- C954025 Check that if the original entry call was a conditional or
                 timed entry call, the expiration time for a requeue with
                 abort is the original expiration time.
    * C954025 not enough time completed accept (1).
    * C954025 not enough time (1).
    * C954025 not enough time completed accept (2).
    * C954025 not enough time (2).
**** C954025 FAILED ****************************.

---- C954026 Check that if the original entry call was a conditional or
                 timed entry call, the expiration time for a requeue with
                 abort to a protected entry is the original expiration
                 time.
    * C954026 not enough time completed accept (1).
    * C954026 not enough time (1).
    * C954026 not enough time completed accept (2).
    * C954026 not enough time (2).
**** C954026 FAILED ****************************.

                 === acats Summary ===
# of expected passes            2320
# of unexpected failures        2
*** FAILURES: c954025 c954026


                 === g++ tests ===

Running target unix

FAIL: g++.dg/parse/stack1.C (test for excess errors)

                 === g++ Summary ===

# of expected passes            9541
# of unexpected failures        1
# of expected failures          69
# of unsupported tests          67


                 === g77 tests ===

Running target unix

                 === g77 Summary ===

# of expected passes            1800
# of unsupported tests          6

                 === objc tests ===
Running target unix

                 === objc Summary ===

# of expected passes            1352
# of unsupported tests          8


                 === libstdc++ tests ===
Running target unix

                 === libstdc++ Summary ===

# of expected passes            2696
# of expected failures          6


                 === libffi tests ===
Running target unix

                 === libffi Summary ===

# of expected passes            212
# of unsupported tests          2


                 === libjava tests ===

Running target unix
FAIL: InnerExcept compilation from bytecode
FAIL: InnerExcept -O3 compilation from bytecode
FAIL: PR12374 compilation from bytecode
FAIL: PR12374 -O3 compilation from bytecode
FAIL: PR1343 compilation from bytecode
FAIL: PR1343 -O3 compilation from bytecode
FAIL: PR238 compilation from bytecode
FAIL: PR238 -O3 compilation from bytecode
FAIL: PR295 compilation from bytecode
FAIL: PR295 -O3 compilation from bytecode
FAIL: SuperConstr compilation from bytecode
FAIL: SuperConstr -O3 compilation from bytecode
FAIL: XercesBug compilation from bytecode
FAIL: XercesBug -O3 compilation from bytecode
FAIL: inner_1 compilation from bytecode
FAIL: inner_1 -O3 compilation from bytecode
FAIL: inner_data compilation from bytecode
FAIL: inner_data -O3 compilation from bytecode
FAIL: inner_inherit compilation from bytecode
FAIL: inner_inherit -O3 compilation from bytecode
FAIL: inner_priv compilation from bytecode
FAIL: inner_priv -O3 compilation from bytecode
FAIL: inner_pub compilation from bytecode
FAIL: inner_pub -O3 compilation from bytecode
FAIL: not_a_redef compilation from bytecode
FAIL: not_a_redef -O3 compilation from bytecode
FAIL: pr172 compilation from bytecode
FAIL: pr172 -O3 compilation from bytecode
FAIL: pr174 compilation from bytecode
FAIL: pr174 -O3 compilation from bytecode
FAIL: pr176 compilation from bytecode
FAIL: pr176 -O3 compilation from bytecode
FAIL: static_2 compilation from bytecode
FAIL: static_2 -O3 compilation from bytecode
FAIL: static_3 compilation from bytecode
FAIL: static_3 -O3 compilation from bytecode
FAIL: static_inner compilation from bytecode
FAIL: static_inner -O3 compilation from bytecode
FAIL: linking simple
FAIL: Array_3 execution - gij test
FAIL: Array_3 execution - gij test
FAIL: FileHandleGcTest execution - source compiled test
FAIL: FileHandleGcTest execution - gij test
FAIL: FileHandleGcTest execution - bytecode->native test
FAIL: FileHandleGcTest -O3 execution - source compiled test
FAIL: FileHandleGcTest execution - gij test
FAIL: FileHandleGcTest -O3 execution - bytecode->native test
FAIL: SyncTest execution - gij test
FAIL: Thread_Monitor execution - gij test
FAIL: Thread_Monitor execution - gij test
FAIL: Thread_Wait_Interrupt execution - gij test

                 === libjava Summary ===

# of expected passes            3198
# of unexpected failures        51
# of expected failures          11
# of untested testcases         20


gnumake[3]: Entering directory  
`/export/space/src/gcc/sparc-sun-solaris2.8/sparc-sun-solaris2.8/boehm- 
gc'
Completed 3 tests
Allocated 4774738 collectable objects
Allocated 306 uncollectable objects
Allocated 3053924 atomic objects
Allocated 34042 stubborn objects
Finalized 6623/6623 objects - finalization is probably ok
Total number of bytes allocated is 191817848
Final heap size is 12730368 bytes
Collector appears to work
Completed 113 collections
PASS: gctest
==================
All 1 tests passed
==================




-- 
Christopher Douty <Chris_Douty@ampexdata.com> +1-650-367-3129
Senior Engineer, Software & Systems  - AMPEX Data Systems Corp.



More information about the Gcc-testresults mailing list