Results for 3.4.1 testsuite on i686-pc-linux-gnu

root root@vulcan.internal.jutley.org
Mon Jul 5 00:18:00 GMT 2004


LAST_UPDATED: Obtained from CVS: -rgcc_3_4_1_release 

Native configuration is i686-pc-linux-gnu

		=== gcc tests ===


Running target unix
FAIL: gcc.c-torture/execute/va-arg-25.c execution,  -Os 
XPASS: gcc.dg/cpp/cmdlne-dI-M.c scan-file (^|\\\\n)cmdlne-dI-M.*:[^\\\\n]*cmdlne-dI-M.c
XPASS: gcc.dg/cpp/cmdlne-dM-M.c scan-file (^|\\\\n)cmdlne-dM-M[^\\\\n]*:[^\\\\n]*cmdlne-dM-M.c

		=== gcc Summary ===

# of expected passes		24627
# of unexpected failures	1
# of unexpected successes	2
# of expected failures		68
# of untested testcases		7
# of unsupported tests		191
/root/gcc-build/gcc/xgcc version 3.4.1

		=== g++ tests ===


Running target unix
WARNING: g++.old-deja/g++.mike/p10769a.C compilation failed to produce executable
WARNING: g++.old-deja/g++.other/enum5.C compilation failed to produce executable
XPASS: g++.old-deja/g++.other/init5.C execution test
WARNING: g++.old-deja/g++.pt/friend44.C compilation failed to produce executable

		=== g++ Summary ===

# of expected passes		9639
# of unexpected successes	1
# of expected failures		67
# of unsupported tests		32
/root/gcc-build/gcc/testsuite/../g++ version 3.4.1


		=== libstdc++-v3 check-abi Summary ===

# of added symbols:		 298
# of missing symbols:		 284
# of incompatible symbols:	 284
		=== libstdc++ tests ===


Running target unix
XPASS: 26_numerics/c99_classification_macros_c.cc (test for excess errors)

		=== libstdc++ Summary ===

# of expected passes		2696
# of unexpected successes	1
# of expected failures		5

Compiler version: 3.4.1 
Platform: i686-pc-linux-gnu
configure flags: --prefix=/usr --libexecdir=/usr/lib --enable-shared --enable-threads=posix --enable-__cxa_atexit --enable-clocale=gnu --enable-languages=c,c++



More information about the Gcc-testresults mailing list