Results for [3.4] 3.4.1 testsuite on i686-pc-linux-gnu

Autocrasher autocrasher@devphil.com
Sun Jul 4 14:00:00 GMT 2004


The configure/build/test log and libstdc++-v3 regression plots can be
found at http://www.devphil.com/build/

Host was an x86-type system.

This particular run used standard (previously installed) binutils.

- The Autocrasher (Phil's Builder Bot, version 2.0)



LAST_UPDATED: Sun Jul  4 04:41:23 UTC 2004

Native configuration is i686-pc-linux-gnu

		=== g++ tests ===


Running target unix
WARNING: g++.old-deja/g++.mike/p10769a.C compilation failed to produce executable
WARNING: g++.old-deja/g++.other/enum5.C compilation failed to produce executable
XPASS: g++.old-deja/g++.other/init5.C execution test
WARNING: g++.old-deja/g++.pt/friend44.C compilation failed to produce executable

		=== g++ Summary ===

# of expected passes		9639
# of unexpected successes	1
# of expected failures		67
# of unsupported tests		32
/mnt/build/build-2004-07-04-3.4/gcc/testsuite/../g++ version 3.4.1

		=== gcc tests ===


Running target unix
FAIL: gcc.c-torture/execute/va-arg-25.c execution,  -Os 
XPASS: gcc.dg/cpp/cmdlne-dI-M.c scan-file (^|\\\\n)cmdlne-dI-M.*:[^\\\\n]*cmdlne-dI-M.c
XPASS: gcc.dg/cpp/cmdlne-dM-M.c scan-file (^|\\\\n)cmdlne-dM-M[^\\\\n]*:[^\\\\n]*cmdlne-dM-M.c

		=== gcc Summary ===

# of expected passes		24226
# of unexpected failures	1
# of unexpected successes	2
# of expected failures		68
# of untested testcases		7
# of unsupported tests		165
/mnt/build/build-2004-07-04-3.4/gcc/xgcc version 3.4.1


		=== libstdc++-v3 check-abi Summary ===

# of added symbols:		 336
# of missing symbols:		 328
# of incompatible symbols:	 328
		=== libstdc++ tests ===


Running target unix
XPASS: 26_numerics/c99_classification_macros_c.cc (test for excess errors)

		=== libstdc++ Summary ===

# of expected passes		2696
# of unexpected successes	1
# of expected failures		5

Compiler version: 3.4.1 
Platform: i686-pc-linux-gnu
configure flags: --prefix=/mnt/build/install-2004-07-04-3.4 --enable-threads=posix --enable-__cxa_atexit --enable-languages=c++ --with-dwarf2



More information about the Gcc-testresults mailing list