Results for gcc testsuite on powerpc64-unknown-linux-gnu

Janis Johnson janis@mars.ltc.austin.ibm.com
Sun Jul 4 07:01:00 GMT 2004


Linux 2.6.7-ames ppc64
GNU C Library stable release version 2.3.2
GNU ld version 2.15
GNU assembler 2.15
GNU Make version 3.79.1

DejaGnu:
	Expect version is	5.40.0
	Tcl version is		8.4
	Framework version is	1.4.4

LAST_UPDATED: Sun Jul  4 05:12:09 UTC 2004

Native configuration is powerpc64-unknown-linux-gnu

		=== g++ tests ===


Running target unix/-m32
XPASS: g++.dg/eh/simd-2.C execution test
FAIL: g++.dg/ext/altivec-2.C (test for excess errors)
WARNING: g++.dg/ext/altivec-2.C compilation failed to produce executable
FAIL: g++.dg/ext/altivec-4.C (test for excess errors)
FAIL: g++.dg/ext/altivec-5.C (test for excess errors)
FAIL: g++.dg/ext/altivec-6.C (test for excess errors)
FAIL: g++.dg/ext/altivec-8.C (test for excess errors)
FAIL: g++.dg/parse/stack1.C (test for excess errors)
FAIL: 258: expected branch percentages not found: 25
FAIL: g++.dg/gcov/gcov-1.C gcov: 0 failures in line counts, 1 in branch percentages, 0 in return percentages
FAIL: 23:is 2:should be 1
FAIL: g++.dg/gcov/gcov-2.C gcov: 1 failures in line counts, 0 in branch percentages, 0 in return percentages
FAIL: g++.old-deja/g++.brendan/crash13.C  (test for errors, line 34)
		=== gcc tests ===


Running target unix/-m32
		=== gfortran tests ===


Running target unix/-m32
FAIL: gfortran.fortran-torture/compile/actual.f90,  -O2  
FAIL: gfortran.fortran-torture/compile/actual.f90,  -O2 -fomit-frame-pointer -finline-functions  
FAIL: gfortran.fortran-torture/compile/actual.f90,  -O2 -fomit-frame-pointer -finline-functions -funroll-loops  
FAIL: gfortran.fortran-torture/compile/actual.f90,  -O2 -fomit-frame-pointer -finline-functions -funroll-all-loops  
FAIL: gfortran.fortran-torture/compile/actual.f90,  -O2 -fno-repack-arrays  
FAIL: gfortran.fortran-torture/compile/actual.f90,  -O3 -g  
FAIL: gfortran.fortran-torture/compile/actual.f90,  -Os  
FAIL: gfortran.fortran-torture/execute/equiv_1.f90 compilation,  -O0 
FAIL: gfortran.fortran-torture/execute/forall_3.f90 execution,  -O0 
FAIL: gfortran.fortran-torture/execute/forall_3.f90 execution,  -O1 
FAIL: gfortran.fortran-torture/execute/forall_3.f90 execution,  -O2 
FAIL: gfortran.fortran-torture/execute/forall_3.f90 execution,  -O2 -fomit-frame-pointer -finline-functions 
FAIL: gfortran.fortran-torture/execute/forall_3.f90 execution,  -O2 -fomit-frame-pointer -finline-functions -funroll-loops 
FAIL: gfortran.fortran-torture/execute/forall_3.f90 execution,  -O2 -fomit-frame-pointer -finline-functions -funroll-all-loops 
FAIL: gfortran.fortran-torture/execute/forall_3.f90 execution,  -O2 -fno-repack-arrays 
FAIL: gfortran.fortran-torture/execute/forall_3.f90 execution,  -O3 -g 
FAIL: gfortran.fortran-torture/execute/forall_3.f90 execution,  -Os 
FAIL: gfortran.fortran-torture/execute/intrinsic_fraction_exponent.f90 compilation,  -O0 
FAIL: gfortran.fortran-torture/execute/intrinsic_nearest.f90 compilation,  -O0 
FAIL: gfortran.fortran-torture/execute/intrinsic_set_exponent.f90 compilation,  -O0 
FAIL: gfortran.fortran-torture/execute/intrinsic_set_exponent.f90 execution,  -O1 
FAIL: gfortran.fortran-torture/execute/intrinsic_set_exponent.f90 execution,  -O2 
FAIL: gfortran.fortran-torture/execute/intrinsic_set_exponent.f90 execution,  -O2 -fomit-frame-pointer -finline-functions 
FAIL: gfortran.fortran-torture/execute/intrinsic_set_exponent.f90 execution,  -O2 -fomit-frame-pointer -finline-functions -funroll-loops 
FAIL: gfortran.fortran-torture/execute/intrinsic_set_exponent.f90 execution,  -O2 -fomit-frame-pointer -finline-functions -funroll-all-loops 
FAIL: gfortran.fortran-torture/execute/intrinsic_set_exponent.f90 execution,  -O2 -fno-repack-arrays 
FAIL: gfortran.fortran-torture/execute/intrinsic_set_exponent.f90 execution,  -O3 -g 
FAIL: gfortran.fortran-torture/execute/intrinsic_set_exponent.f90 execution,  -Os 

		=== gfortran Summary for unix/-m32 ===

# of expected passes		3127
# of unexpected failures	28
# of untested testcases		4

Running target unix/-m64
FAIL: gfortran.fortran-torture/compile/actual.f90,  -O2  
FAIL: gfortran.fortran-torture/compile/actual.f90,  -O2 -fomit-frame-pointer -finline-functions  
FAIL: gfortran.fortran-torture/compile/actual.f90,  -O2 -fomit-frame-pointer -finline-functions -funroll-loops  
FAIL: gfortran.fortran-torture/compile/actual.f90,  -O2 -fomit-frame-pointer -finline-functions -funroll-all-loops  
FAIL: gfortran.fortran-torture/compile/actual.f90,  -O2 -fno-repack-arrays  
FAIL: gfortran.fortran-torture/compile/actual.f90,  -O3 -g  
FAIL: gfortran.fortran-torture/compile/actual.f90,  -Os  
		=== libffi tests ===


Running target unix/-m32
FAIL: libffi.call/cls_align_longdouble.c (test for excess errors)
WARNING: libffi.call/cls_align_longdouble.c compilation failed to produce executable
FAIL: libffi.call/float.c (test for excess errors)
WARNING: libffi.call/float.c compilation failed to produce executable
FAIL: libffi.call/float2.c (test for excess errors)
WARNING: libffi.call/float2.c compilation failed to produce executable

		=== libffi Summary for unix/-m32 ===

# of expected passes		205
# of unexpected failures	3
# of unsupported tests		2

Running target unix/-m64

		=== libffi Summary for unix/-m64 ===

# of expected passes		212
# of unsupported tests		2

		=== libffi Summary ===

# of expected passes		417
# of unexpected failures	3
# of unsupported tests		4
		=== libjava tests ===


Running target unix/-m32
		=== libmudflap tests ===


Running target unix/-m32
WARNING: program timed out.
FAIL: libmudflap.cth/pass40-frag.c execution test
FAIL: libmudflap.cth/pass40-frag.c output pattern test
WARNING: program timed out.
FAIL: libmudflap.cth/pass40-frag.c (-static -DSTATIC) execution test
FAIL: libmudflap.cth/pass40-frag.c (-static -DSTATIC) output pattern test
WARNING: program timed out.
FAIL: libmudflap.cth/pass40-frag.c (-O2) execution test
FAIL: libmudflap.cth/pass40-frag.c (-O2) output pattern test
WARNING: program timed out.
FAIL: libmudflap.cth/pass37-frag.c (-O3) (rerun 8) execution test
FAIL: libmudflap.cth/pass37-frag.c (-O3) (rerun 8) output pattern test
WARNING: program timed out.
FAIL: libmudflap.cth/pass37-frag.c (-O3) (rerun 12) execution test
FAIL: libmudflap.cth/pass37-frag.c (-O3) (rerun 12) output pattern test
WARNING: program timed out.
FAIL: libmudflap.cth/pass40-frag.c (-O3) execution test
FAIL: libmudflap.cth/pass40-frag.c (-O3) output pattern test

		=== libmudflap Summary for unix/-m32 ===

# of expected passes		1088
# of unexpected failures	12

Running target unix/-m64
WARNING: program timed out.
FAIL: libmudflap.cth/pass40-frag.c execution test
FAIL: libmudflap.cth/pass40-frag.c output pattern test
WARNING: program timed out.
FAIL: libmudflap.cth/pass40-frag.c (-static -DSTATIC) execution test
FAIL: libmudflap.cth/pass40-frag.c (-static -DSTATIC) output pattern test
WARNING: program timed out.
FAIL: libmudflap.cth/pass37-frag.c (-O2) (rerun 3) execution test
FAIL: libmudflap.cth/pass37-frag.c (-O2) (rerun 3) output pattern test
WARNING: program timed out.
FAIL: libmudflap.cth/pass39-frag.c (-O2) (rerun 5) execution test
FAIL: libmudflap.cth/pass39-frag.c (-O2) (rerun 5) output pattern test
WARNING: program timed out.
FAIL: libmudflap.cth/pass40-frag.c (-O2) execution test
FAIL: libmudflap.cth/pass40-frag.c (-O2) output pattern test

		=== libmudflap Summary for unix/-m64 ===

# of expected passes		1090
# of unexpected failures	10

		=== libmudflap Summary ===

# of expected passes		2178
# of unexpected failures	22
		=== libstdc++ tests ===


Running target unix/-m32
FAIL: 22_locale/locale/cons/12658_thread.cc execution test

Compiler version: gcc 
Platform: powerpc64-unknown-linux-gnu
configure flags: --prefix=/opt/gcc-nightly/lno-20040704 --build=powerpc64-linux --host=powerpc64-linux --target=powerpc64-linux --with-cpu=default32 --with-as=/home/janis/tools/binutils-2.15/bin/as --with-ld=/home/janis/tools/binutils-2.15/bin/ld --enable-threads=posix --enable-shared --enable-__cxa_atexit --enable-languages=c,c++,f95,java,objc



More information about the Gcc-testresults mailing list