Results for 3.4.1 testsuite on i686-pc-linux-gnu

David Kredba kredba@ibot.cas.cz
Sat Jul 3 14:16:00 GMT 2004


LAST_UPDATED: Obtained from CVS: -rgcc_3_4_1_release

                 === acats tests ===
FAIL:   cxg2021

                 === acats Summary ===
# of expected passes            2321
# of unexpected failures        1
Native configuration is i686-pc-linux-gnu

                 === gcc tests ===


Running target unix
FAIL: gcc.c-torture/execute/va-arg-25.c execution,  -Os
FAIL: gcc.dg/format/ext-1.c  -DWIDE  printf_unlocked (test for warnings, 
line 125)
FAIL: gcc.dg/format/ext-1.c  -DWIDE  (test for excess errors)
FAIL: gcc.dg/pch/warn-1.c -O0 -g (test for excess errors)
FAIL: gcc.dg/pch/warn-1.c  -O0  (test for excess errors)
FAIL: gcc.dg/pch/warn-1.c  -O1  (test for excess errors)
FAIL: gcc.dg/pch/warn-1.c  -O2  (test for excess errors)
FAIL: gcc.dg/pch/warn-1.c  -O3 -fomit-frame-pointer  (test for excess 
errors)
FAIL: gcc.dg/pch/warn-1.c  -O3 -g  (test for excess errors)
FAIL: gcc.dg/pch/warn-1.c  -Os  (test for excess errors)

                 === gcc Summary ===

# of expected passes            24618
# of unexpected failures        10
# of expected failures          70
# of untested testcases         7
# of unsupported tests          191
/home/dave2/gcc/gcc-3.4/gcc/xgcc version 3.4.1

                 === g++ tests ===


Running target unix
WARNING: g++.old-deja/g++.mike/p10769a.C compilation failed to produce 
executable
WARNING: g++.old-deja/g++.other/enum5.C compilation failed to produce 
executable
XPASS: g++.old-deja/g++.other/init5.C execution test
WARNING: g++.old-deja/g++.pt/friend44.C compilation failed to produce 
executable

                 === g++ Summary ===

# of expected passes            9639
# of unexpected successes       1
# of expected failures          67
# of unsupported tests          32
/home/dave2/gcc/gcc-3.4/gcc/testsuite/../g++ version 3.4.1

                 === g77 tests ===


Running target unix

                 === g77 Summary ===

# of expected passes            1812
/home/dave2/gcc/gcc-3.4/gcc/testsuite/../g77 version 3.4.1

                 === objc tests ===


Running target unix

                 === objc Summary ===

# of expected passes            1352
# of unsupported tests          8
/home/dave2/gcc/gcc-3.4/gcc/xgcc version 3.4.1

                 === libffi tests ===


Running target unix

                 === libffi Summary ===

# of expected passes            212
# of unsupported tests          2
                 === libjava tests ===


Running target unix
FAIL: linking simple

                 === libjava Summary ===

# of expected passes            3260
# of unexpected failures        1
# of expected failures          11
# of untested testcases         8

                 === libstdc++-v3 check-abi Summary ===

# of added symbols:              298
# of missing symbols:            284
# of incompatible symbols:       284
                 === libstdc++ tests ===


Running target unix
XPASS: 26_numerics/c99_classification_macros_c.cc (test for excess errors)

                 === libstdc++ Summary ===

# of expected passes            2696
# of unexpected successes       1
# of expected failures          5

Compiler version: 3.4.1
Platform: i686-pc-linux-gnu
configure flags: --prefix=/opt/gcc-3.4.1 --enable-shared 
--enable-threads=posix --disable-checking --enable-long-long 
--enable-__cxa_atexit --enable-clocale=gnu 
--enable-languages=c,c++,ada,f77,objc,java --with-system-zlib



-- 
David Kredba  <kredba at ibot.cas.cz>
GPG: ID 1024D/5B6B02DE
Fingerprint: F0B3312596BEDCF91DFB 0699E06AACD75B6B02DE



More information about the Gcc-testresults mailing list