Results for [3.3] 3.3.520040702(prerelease) testsuite on i686-pc-linux-gnu
Autocrasher
autocrasher@devphil.com
Fri Jul 2 14:00:00 GMT 2004
The configure/build/test log and libstdc++-v3 regression plots can be
found at http://www.devphil.com/build/
Host was an x86-type system.
This particular run used standard (previously installed) binutils.
- The Autocrasher (Phil's Builder Bot, version 2.0)
LAST_UPDATED: Fri Jul 2 07:40:50 UTC 2004
Native configuration is i686-pc-linux-gnu
=== g++ tests ===
Running target unix
XPASS: g++.other/init5.C Execution test
=== g++ Summary ===
# of expected passes 8247
# of unexpected successes 1
# of expected failures 97
# of untested testcases 9
# of unsupported tests 15
/mnt/build/build-2004-07-02-3.3/gcc/testsuite/../g++ version 3.3.5 20040702 (prerelease)
=== libstdc++-v3 check-abi Summary ===
# of added symbols: 49
# of missing symbols: 46
# of incompatible symbols: 92
=== libstdc++-v3 tests ===
Running target unix
FAIL: 22_locale/ctype_scan_wchar_t.cc execution test
=== libstdc++-v3 Summary ===
# of expected passes 452
# of unexpected failures 1
# of expected failures 28
Compiler version: 3.3.520040702(prerelease)
Platform: i686-pc-linux-gnu
configure flags: --host=i686-pc-linux-gnu --prefix=/mnt/build/install-2004-07-02-3.3 --enable-threads=posix --enable-__cxa_atexit --enable-languages=c++ --with-dwarf2
More information about the Gcc-testresults
mailing list