Results for 3.4.1 testsuite on i686-pc-linux-gnu

H.J. Lu hjl@gnu-psc.sc.intel.com
Fri Jul 2 05:17:00 GMT 2004


LAST_UPDATED: Fri Jul  2 05:14:52 UTC 2004

		=== acats tests ===
FAIL:	cc51d01

		=== acats Summary ===
# of expected passes		2304
# of unexpected failures	1
Native configuration is i686-pc-linux-gnu

		=== g++ tests ===


Running target unix
WARNING: g++.old-deja/g++.mike/p10769a.C compilation failed to produce executable
WARNING: g++.old-deja/g++.other/enum5.C compilation failed to produce executable
WARNING: g++.old-deja/g++.pt/friend44.C compilation failed to produce executable

		=== g++ Summary ===

# of expected passes		9639
# of expected failures		68
# of unsupported tests		32
/export/build/gnu/gcc-3.4/build-pentium4-linux/gcc/testsuite/../g++ version 3.4.1

		=== g77 tests ===


Running target unix

		=== g77 Summary ===

# of expected passes		1812
/export/build/gnu/gcc-3.4/build-pentium4-linux/gcc/testsuite/../g77 version 3.4.1

		=== gcc tests ===


Running target unix
FAIL: gcc.c-torture/execute/va-arg-25.c execution,  -Os 
FAIL: gcc.dg/pch/common-1.c (test for excess errors)
FAIL: gcc.dg/pch/decl-2.c (test for excess errors)
FAIL: gcc.dg/pch/decl-5.c (test for excess errors)
FAIL: gcc.dg/pch/except-1.c (test for excess errors)
FAIL: gcc.dg/pch/except-1.c (test for excess errors)
FAIL: gcc.dg/pch/inline-4.c (test for excess errors)
FAIL: gcc.dg/pch/inline-4.c (test for excess errors)
FAIL: gcc.dg/pch/macro-1.c (test for excess errors)
FAIL: gcc.dg/pch/macro-3.c (test for excess errors)
FAIL: gcc.dg/pch/static-2.c (test for excess errors)
FAIL: gcc.dg/pch/static-2.c (test for excess errors)

		=== gcc Summary ===

# of expected passes		24690
# of unexpected failures	12
# of expected failures		70
# of untested testcases		18
# of unsupported tests		191
/export/build/gnu/gcc-3.4/build-pentium4-linux/gcc/xgcc version 3.4.1

		=== objc tests ===


Running target unix

		=== objc Summary ===

# of expected passes		1352
# of unsupported tests		8
/export/build/gnu/gcc-3.4/build-pentium4-linux/gcc/xgcc version 3.4.1

		=== libffi tests ===


Running target unix

		=== libffi Summary ===

# of expected passes		212
# of unsupported tests		2
		=== libjava tests ===


Running target unix
FAIL: linking simple

		=== libjava Summary ===

# of expected passes		3260
# of unexpected failures	1
# of expected failures		11
# of untested testcases		8

		=== libstdc++-v3 check-abi Summary ===

# of added symbols:		 298
# of missing symbols:		 284
# of incompatible symbols:	 284
		=== libstdc++ tests ===


Running target unix
XPASS: 26_numerics/c99_classification_macros_c.cc (test for excess errors)

		=== libstdc++ Summary ===

# of expected passes		2696
# of unexpected successes	1
# of expected failures		5

Compiler version: 3.4.1 
Platform: i686-pc-linux-gnu
configure flags: --enable-clocale=gnu --with-system-zlib --enable-shared --enable-threads=posix --enable-haifa --disable-checking --prefix=/usr/gcc-3.4 --with-local-prefix=/usr/local



More information about the Gcc-testresults mailing list