Results for 3.4.0 20040131 (prerelease) testsuite on s390-ibm-linux-gnu
Ulrich Weigand
weigand@i1.informatik.uni-erlangen.de
Sat Jan 31 23:24:00 GMT 2004
LAST_UPDATED:
=== acats tests ===
FAIL: ad8011a
FAIL: c34005a
FAIL: c34005d
FAIL: c34005g
FAIL: c34005j
FAIL: c37213f
FAIL: c37215f
FAIL: cc3601a
FAIL: cxb3010
FAIL: cxb3014
FAIL: cxb3015
=== acats Summary ===
# of expected passes 1954
# of unexpected failures 11
# of unsupported tests 357
Native configuration is s390-ibm-linux-gnu
=== g++ tests ===
Running target unix
WARNING: g++.old-deja/g++.mike/p10769a.C compilation failed to produce executable
WARNING: g++.old-deja/g++.other/enum5.C compilation failed to produce executable
XPASS: g++.old-deja/g++.other/init5.C execution test
WARNING: g++.old-deja/g++.pt/friend44.C compilation failed to produce executable
=== g++ Summary ===
# of expected passes 9366
# of unexpected successes 1
# of expected failures 59
# of unsupported tests 69
/mnt/dasdc1/fsf/gcc-3_4-build/gcc/testsuite/../g++ version 3.4.0 20040131 (prerelease)
=== g77 tests ===
Running target unix
=== g77 Summary ===
# of expected passes 1800
# of unsupported tests 6
/mnt/dasdc1/fsf/gcc-3_4-build/gcc/testsuite/../g77 version 3.4.0 20040131 (prerelease)
=== gcc tests ===
Running target unix
FAIL: gcc.dg/const-elim-1.c scan-assembler-not L\\\$?C[^A-Z]
XPASS: gcc.dg/sibcall-3.c execution test
XPASS: gcc.dg/sibcall-4.c execution test
=== gcc Summary ===
# of expected passes 23978
# of unexpected failures 1
# of unexpected successes 2
# of expected failures 69
# of untested testcases 7
# of unsupported tests 301
/mnt/dasdc1/fsf/gcc-3_4-build/gcc/xgcc version 3.4.0 20040131 (prerelease)
=== objc tests ===
Running target unix
FAIL: objc.dg/encode-2.m execution test
FAIL: objc.dg/encode-3.m execution test
FAIL: objc.dg/encode-4.m execution test
=== objc Summary ===
# of expected passes 1338
# of unexpected failures 3
# of unsupported tests 8
/mnt/dasdc1/fsf/gcc-3_4-build/gcc/xgcc version 3.4.0 20040131 (prerelease)
=== libffi tests ===
Running target unix
=== libffi Summary ===
# of expected passes 212
# of unsupported tests 2
=== libjava tests ===
Running target unix
FAIL: linking simple
=== libjava Summary ===
# of expected passes 3260
# of unexpected failures 1
# of expected failures 11
# of untested testcases 8
=== libstdc++ tests ===
Running target unix
XPASS: 26_numerics/c99_classification_macros_c.cc (test for excess errors)
=== libstdc++ Summary ===
# of expected passes 2514
# of unexpected successes 1
# of expected failures 11
Compiler version: 3.4.0 20040131 (prerelease)
Platform: s390-ibm-linux-gnu
configure flags: --prefix=/home/weigand/fsf/gcc-3_4-install --enable-__cxa_atexit
More information about the Gcc-testresults
mailing list