Results for 3.4.0 20040130 (prerelease) testsuite on i686-pc-linux-gnu

Greg Schafer gws@tigers-lfs.local
Fri Jan 30 03:08:00 GMT 2004


LAST_UPDATED: Fri Jan 30 01:45:04 UTC 2004

Native configuration is i686-pc-linux-gnu

		=== g++ tests ===


Running target unix
WARNING: g++.old-deja/g++.mike/p10769a.C compilation failed to produce executable
WARNING: g++.old-deja/g++.other/enum5.C compilation failed to produce executable
XPASS: g++.old-deja/g++.other/init5.C execution test
WARNING: g++.old-deja/g++.pt/friend44.C compilation failed to produce executable

		=== g++ Summary ===

# of expected passes		9440
# of unexpected successes	1
# of expected failures		59
# of unsupported tests		30
/mnt/hdb7/toolchain/gcc/branch-3.4/gcc-build/gcc/testsuite/../g++ version 3.4.0 20040130 (prerelease)

		=== gcc tests ===


Running target unix
FAIL: gcc.c-torture/execute/va-arg-25.c execution,  -Os 
FAIL: gcc.dg/i386-sse-6.c execution test

		=== gcc Summary ===

# of expected passes		24989
# of unexpected failures	2
# of expected failures		70
# of untested testcases		7
# of unsupported tests		179
/mnt/hdb7/toolchain/gcc/branch-3.4/gcc-build/gcc/xgcc version 3.4.0 20040130 (prerelease)


		=== libstdc++-v3 check-abi Summary ===

# of added symbols:		 251
# of missing symbols:		 256
# of incompatible symbols:	 287
		=== libstdc++ tests ===


Running target unix
XPASS: 26_numerics/c99_classification_macros_c.cc (test for excess errors)

		=== libstdc++ Summary ===

# of expected passes		2514
# of unexpected successes	1
# of expected failures		11

Compiler version: 3.4.0 20040130 (prerelease) 
Platform: i686-pc-linux-gnu
configure flags: --prefix=/opt/testing/gcc-3.4 --enable-shared --enable-languages=c,c++ --enable-threads=posix --enable-__cxa_atexit --enable-clocale=gnu --disable-checking



More information about the Gcc-testresults mailing list