Results for 3.5.0 20040129 (experimental) testsuite on i686-pc-linux-gnu

Andrew Pinski pinskia@physics.uc.edu
Thu Jan 29 13:58:00 GMT 2004


LAST_UPDATED: Thu Jan 29 05:01:59 UTC 2004

Native configuration is i686-pc-linux-gnu

		=== g++ tests ===


Running target unix
WARNING: g++.old-deja/g++.mike/p10769a.C compilation failed to produce executable
WARNING: g++.old-deja/g++.other/enum5.C compilation failed to produce executable
XPASS: g++.old-deja/g++.other/init5.C execution test
WARNING: g++.old-deja/g++.pt/friend44.C compilation failed to produce executable

		=== g++ Summary ===

# of expected passes		9466
# of unexpected successes	1
# of expected failures		59
# of unsupported tests		30
/home/gates/pinskia/src/gnu/gcc/src/objdir.linux/gcc/testsuite/../g++ version 3.5.0 20040129 (experimental)

		=== g77 tests ===


Running target unix

		=== g77 Summary ===

# of expected passes		1800
/home/gates/pinskia/src/gnu/gcc/src/objdir.linux/gcc/testsuite/../g77 version 3.5.0 20040129 (experimental)

		=== gcc tests ===


Running target unix
FAIL: gcc.c-torture/execute/va-arg-25.c execution,  -Os 

		=== gcc Summary ===

# of expected passes		25037
# of unexpected failures	1
# of expected failures		63
# of untested testcases		7
# of unsupported tests		180
/home/gates/pinskia/src/gnu/gcc/src/objdir.linux/gcc/xgcc version 3.5.0 20040129 (experimental)

		=== objc tests ===


Running target unix

		=== objc Summary ===

# of expected passes		1341
# of unsupported tests		8
/home/gates/pinskia/src/gnu/gcc/src/objdir.linux/gcc/xgcc version 3.5.0 20040129 (experimental)

		=== libffi tests ===


Running target unix

		=== libffi Summary ===

# of expected passes		212
# of unsupported tests		2
		=== libjava tests ===


Running target unix
FAIL: linking simple
FAIL: pr13107_3 -O3 compilation from source

		=== libjava Summary ===

# of expected passes		3303
# of unexpected failures	2
# of expected failures		15
# of untested testcases		18

		=== libstdc++-v3 check-abi Summary ===

# of added symbols:		 298
# of missing symbols:		 316
# of incompatible symbols:	 347
		=== libstdc++ tests ===


Running target unix
XPASS: 26_numerics/c99_classification_macros_c.cc (test for excess errors)
FAIL: thread/pthread7-rope.cc execution test

		=== libstdc++ Summary ===

# of expected passes		2521
# of unexpected failures	1
# of unexpected successes	1
# of expected failures		11

Compiler version: 3.5.0 20040129 (experimental) 
Platform: i686-pc-linux-gnu
configure flags: --target=i686-pc-linux-gnu --host=i686-pc-linux-gnu --enable-__cxa_atexit --enable-languages=java,objc,f77 --prefix=/home/gates/pinskia/linux --enable-threads=posix --enable-shared



More information about the Gcc-testresults mailing list