Results for 3.5.0 20040127 (experimental) testsuite on i686-pc-linux-gnu

rasky@develer.com rasky@develer.com
Thu Jan 29 04:53:00 GMT 2004


LAST_UPDATED: Tue Dec 16 01:44:43 UTC 2003

Native configuration is i686-pc-linux-gnu

		=== g++ tests ===


Running target unix

		=== g++ Summary ===

/home/rasky/gcc/mainline/out/gcc/testsuite/../g++ version 3.5.0 20040127 (experimental)

		=== g77 tests ===


Running target unix

		=== g77 Summary ===

# of expected passes		1800
/home/rasky/gcc/mainline/out/gcc/testsuite/../g77 version 3.5.0 20040127 (experimental)

		=== gcc tests ===


Running target unix
FAIL: gcc.c-torture/execute/va-arg-25.c execution,  -Os 
FAIL: gcc.dg/i386-sse-6.c execution test
FAIL: gcc.dg/pch/cpp-1.c (test for excess errors)
FAIL: gcc.dg/pch/cpp-2.c (test for excess errors)
FAIL: gcc.dg/pch/decl-1.c (test for excess errors)
FAIL: gcc.dg/pch/decl-3.c (test for excess errors)
FAIL: gcc.dg/pch/decl-3.c (test for excess errors)
FAIL: gcc.dg/pch/decl-4.c (test for excess errors)
FAIL: gcc.dg/pch/decl-5.c (test for excess errors)
FAIL: gcc.dg/pch/empty.c (test for excess errors)
FAIL: gcc.dg/pch/except-1.c (test for excess errors)
FAIL: gcc.dg/pch/except-1.c (test for excess errors)
FAIL: gcc.dg/pch/global-1.c (test for excess errors)
FAIL: gcc.dg/pch/global-1.c (test for excess errors)
FAIL: gcc.dg/pch/global-1.c (test for excess errors)
FAIL: gcc.dg/pch/import-1.c (test for excess errors)
FAIL: gcc.dg/pch/inline-1.c (test for excess errors)
FAIL: gcc.dg/pch/inline-1.c (test for excess errors)
FAIL: gcc.dg/pch/inline-3.c (test for excess errors)
FAIL: gcc.dg/pch/inline-4.c (test for excess errors)
FAIL: gcc.dg/pch/inline-4.c (test for excess errors)
FAIL: gcc.dg/pch/inline-4.c (test for excess errors)
FAIL: gcc.dg/pch/inline-4.c (test for excess errors)
FAIL: gcc.dg/pch/macro-1.c (test for excess errors)
FAIL: gcc.dg/pch/macro-2.c (test for excess errors)
FAIL: gcc.dg/pch/static-2.c (test for excess errors)
FAIL: gcc.dg/pch/static-3.c (test for excess errors)

		=== gcc Summary ===

# of expected passes		24259
# of unexpected failures	27
# of expected failures		63
# of untested testcases		32
# of unsupported tests		180
/home/rasky/gcc/mainline/out/gcc/xgcc version 3.5.0 20040127 (experimental)

		=== objc tests ===


Running target unix

		=== objc Summary ===

# of expected passes		1341
# of unsupported tests		8
/home/rasky/gcc/mainline/out/gcc/xgcc version 3.5.0 20040127 (experimental)

		=== libffi tests ===


Running target unix

		=== libffi Summary ===

# of expected passes		212
# of unsupported tests		2
		=== libjava tests ===


Running target unix
FAIL: linking simple
FAIL: pr13107_3 -O3 compilation from source

		=== libjava Summary ===

# of expected passes		3303
# of unexpected failures	2
# of expected failures		15
# of untested testcases		18

		=== libstdc++-v3 check-abi Summary ===

# of added symbols:		 257
# of missing symbols:		 266
# of incompatible symbols:	 297
		=== libstdc++ tests ===


Running target unix
XPASS: 26_numerics/c99_classification_macros_c.cc (test for excess errors)

		=== libstdc++ Summary ===

# of expected passes		2520
# of unexpected successes	1
# of expected failures		11

Compiler version: 3.5.0 20040127 (experimental) 
Platform: i686-pc-linux-gnu
configure flags: --enable-languages=c,c++,java,objc,f77 --prefix=/home/rasky/gcc/mainline/install/



More information about the Gcc-testresults mailing list