Results for 3.5-tree-ssa 20040128 (merged 20040102) testsuite on i686-pc-linux-gnu

Steven Bosscher stevenb@suse.de
Thu Jan 29 00:03:00 GMT 2004


LAST_UPDATED: Wed Jan 28 17:34:20 UTC 2004

Native configuration is i686-pc-linux-gnu

                === gcc tests ===


Running target unix
FAIL: gcc.c-torture/execute/va-arg-25.c execution,  -O0 
FAIL: gcc.c-torture/execute/va-arg-25.c execution,  -O1 
FAIL: gcc.c-torture/execute/va-arg-25.c execution,  -O2 
FAIL: gcc.c-torture/execute/va-arg-25.c execution,  -O3 -fomit-frame-pointer 
FAIL: gcc.c-torture/execute/va-arg-25.c execution,  -O3 -g 
FAIL: gcc.c-torture/execute/va-arg-25.c execution,  -Os 
FAIL: gcc.dg/20031202-1.c execution test
FAIL: gcc.dg/builtins-10.c (test for excess errors)
FAIL: gcc.dg/builtins-26.c (test for excess errors)
FAIL: gcc.dg/builtins-7.c (test for excess errors)
FAIL: gcc.dg/dwarf-die5.c scan-assembler 3.*DW_AT_inline
FAIL: gcc.dg/dwarf-die7.c scan-assembler 1.*DW_AT_inline
FAIL: gcc.dg/noreturn-7.c  (test for warnings, line 42)
FAIL: gcc.dg/noreturn-7.c (test for excess errors)
FAIL: gcc.dg/uninit-D.c (test for excess errors)
FAIL: gcc.dg/warn-1.c  (test for warnings, line 8)
FAIL: gcc.dg/torture/builtin-explog-1.c (test for excess errors)
FAIL: gcc.dg/torture/builtin-explog-1.c (test for excess errors)
FAIL: gcc.dg/torture/builtin-explog-1.c (test for excess errors)
FAIL: gcc.dg/torture/builtin-explog-1.c (test for excess errors)
FAIL: gcc.dg/torture/builtin-explog-1.c (test for excess errors)
FAIL: gcc.dg/torture/builtin-explog-1.c (test for excess errors)
FAIL: gcc.dg/tree-ssa/20030709-2.c (test for excess errors)
FAIL: gcc.dg/tree-ssa/20030731-1.c scan-tree-dump-times target.*!= 0 0
FAIL: gcc.dg/tree-ssa/20030807-4.c scan-tree-dump-times if  2
FAIL: gcc.dg/tree-ssa/20030808-1.c (test for excess errors)
FAIL: gcc.dg/tree-ssa/20030814-6.c scan-tree-dump-times common.code 1
FAIL: gcc.dg/tree-ssa/20030922-1.c scan-tree-dump-times if  0
FAIL: gcc.dg/tree-ssa/20030922-2.c scan-tree-dump-times if  2
FAIL: gcc.dg/tree-ssa/20031015-1.c scan-tree-dump-times VUSE  1
FAIL: gcc.dg/tree-ssa/20031106-1.c scan-tree-dump-times testarray 1
FAIL: gcc.dg/tree-ssa/20031106-2.c scan-tree-dump-times teststruct 1
FAIL: gcc.dg/tree-ssa/20031106-3.c scan-tree-dump-times link_error 0
FAIL: gcc.dg/tree-ssa/20031106-4.c scan-tree-dump-times link_error 0
FAIL: gcc.dg/tree-ssa/20031106-5.c scan-tree-dump-times link_error 0
FAIL: gcc.dg/tree-ssa/20031106-6.c scan-tree-dump-times temp_struct 0
FAIL: gcc.dg/tree-ssa/20031216-1.c scan-tree-dump-times link_error 0
FAIL: gcc.dg/tree-ssa/sra-2.c scan-tree-dump-times link_error 0
FAIL: gcc.dg/tree-ssa/sra-3.c scan-tree-dump-times link_error 0
FAIL: gcc.dg/tree-ssa/ssa-ccp-11.c scan-tree-dump-times if 0
FAIL: gcc.dg/tree-ssa/ssa-ccp-3.c scan-tree-dump-times link_error 0
FAIL: gcc.dg/tree-ssa/ssa-ccp-4.c scan-tree-dump-times link_error 0
FAIL: gcc.dg/tree-ssa/ssa-ccp-5.c scan-tree-dump-times link_error 0
FAIL: gcc.dg/tree-ssa/ssa-ccp-6.c scan-tree-dump-times link_error 0
FAIL: gcc.dg/tree-ssa/ssa-ccp-8.c scan-tree-dump-times link_error 0
FAIL: 209: expected branch percentages not found: 25
FAIL: gcc.misc-tests/gcov-4b.c gcov: 0 failures in line counts, 1 in branch percentages, 0 in return percentages

                === gcc Summary ===

# of expected passes            24671
# of unexpected failures        47
# of expected failures          67
# of untested testcases         7
# of unsupported tests          166
/home/steven/devel/ssabuild/gcc/xgcc version 3.5-tree-ssa 20040128 (merged 20040102)

                === g++ tests ===


Running target unix
XPASS: g++.dg/ext/lvalue1.C not an lvalue (test for errors, line 7)
XPASS: g++.dg/parse/stack1.C (test for excess errors)
XPASS: g++.dg/warn/Wunused-2.C  (test for warnings, line 5)
FAIL: 258: expected branch percentages not found: 25
FAIL: g++.dg/gcov/gcov-1.C gcov: 0 failures in line counts, 1 in branch percentages, 0 in return percentages
FAIL: 23:is 2:should be 1
FAIL: g++.dg/gcov/gcov-2.C gcov: 1 failures in line counts, 0 in branch percentages, 0 in return percentages
WARNING: g++.old-deja/g++.mike/p10769a.C compilation failed to produce executable
WARNING: g++.old-deja/g++.other/enum5.C compilation failed to produce executable
WARNING: g++.old-deja/g++.pt/friend44.C compilation failed to produce executable

                === g++ Summary ===

# of expected passes            9337
# of unexpected failures        4
# of unexpected successes       3
# of expected failures          57
# of unsupported tests          30
/home/steven/devel/ssabuild/gcc/testsuite/../g++ version 3.5-tree-ssa 20040128 (merged 20040102)

                === objc tests ===


Running target unix

                === objc Summary ===

# of expected passes            1339
# of unsupported tests          7
/home/steven/devel/ssabuild/gcc/xgcc version 3.5-tree-ssa 20040128 (merged 20040102)

                === libffi tests ===


Running target unix

                === libffi Summary ===

# of expected passes            212
# of unsupported tests          2
                === libjava tests ===


Running target unix
FAIL: linking simple
FAIL: /home/steven/devel/tree-ssa/libjava/testsuite/libjava.jar/simple.jar execution - gij test
FAIL: err3 output - source compiled test
FAIL: err3 -O3 output - source compiled test

                === libjava Summary ===

# of expected passes            3256
# of unexpected failures        4
# of expected failures          11
# of untested testcases         9
                === libmudflap tests ===


Running target unix
FAIL: libmudflap.cth/pass40-frag.c output pattern test
FAIL: libmudflap.cth/pass40-frag.c (-static) output pattern test
FAIL: libmudflap.cth/pass40-frag.c (-O2) output pattern test
FAIL: libmudflap.cth/pass40-frag.c (-O3) output pattern test

                === libmudflap Summary ===

# of expected passes            1080
# of unexpected failures        4

                === libstdc++-v3 check-abi Summary ===

# of added symbols:              237
# of missing symbols:            243
# of incompatible symbols:       274
                === libstdc++ tests ===


Running target unix
FAIL: 22_locale/locale/cons/12352.cc execution test
FAIL: 22_locale/messages/members/char/1.cc execution test
FAIL: 22_locale/messages/members/char/2.cc execution test
FAIL: 22_locale/messages/members/char/wrapped_env.cc execution test
FAIL: 22_locale/messages/members/char/wrapped_locale.cc execution test
FAIL: 22_locale/messages_byname/named_equivalence.cc execution test
FAIL: 23_containers/deque/invalidation/4.cc execution test
FAIL: 23_containers/list/invalidation/3.cc execution test
FAIL: 23_containers/list/invalidation/4.cc execution test
XPASS: 26_numerics/c99_classification_macros_c.cc (test for excess errors)

                === libstdc++ Summary ===

# of expected passes            2461
# of unexpected failures        9
# of unexpected successes       1
# of expected failures          11

Compiler version: 3.5-tree-ssa 20040128 (merged 20040102) 
Platform: i686-pc-linux-gnu
configure flags: --prefix=/opt/experimental/ --program-suffix=-3.5 --disable-checking --disable-nls --disable-multilib --enable-languages=c,c++,objc,java --with-libbanshee --with-libbanshee



More information about the Gcc-testresults mailing list