Results for 3.4.0 20040128 (prerelease) testsuite on hppa-unknown-linux-gnu

John David Anglin dave@gsyprf11.external.hp.com
Wed Jan 28 23:12:00 GMT 2004


LAST_UPDATED: Wed Jan 28 16:36:15 UTC 2004

		=== acats tests ===

		=== acats Summary ===
# of expected passes		1965
# of unexpected failures	0
# of unsupported tests		357
Native configuration is hppa-unknown-linux-gnu

		=== g++ tests ===


Running target unix
XPASS: g++.dg/other/packed1.C execution test
WARNING: g++.old-deja/g++.mike/p10769a.C compilation failed to produce executable
WARNING: g++.old-deja/g++.other/enum5.C compilation failed to produce executable
XPASS: g++.old-deja/g++.other/init5.C execution test
WARNING: g++.old-deja/g++.pt/friend44.C compilation failed to produce executable

		=== g++ Summary ===

# of expected passes		9321
# of unexpected successes	2
# of expected failures		59
# of unsupported tests		70
/home/dave/gcc-3.4/objdir/gcc/testsuite/../g++ version 3.4.0 20040128 (prerelease)

		=== g77 tests ===


Running target unix

		=== g77 Summary ===

# of expected passes		1788
# of unsupported tests		6
/home/dave/gcc-3.4/objdir/gcc/testsuite/../g77 version 3.4.0 20040128 (prerelease)

		=== gcc tests ===


Running target unix
FAIL: gcc.dg/20031202-1.c execution test
FAIL: gcc.dg/const-elim-1.c scan-assembler-not L\\\$?C[^A-Z]

		=== gcc Summary ===

# of expected passes		24621
# of unexpected failures	2
# of expected failures		68
# of untested testcases		7
# of unsupported tests		307
/home/dave/gcc-3.4/objdir/gcc/xgcc version 3.4.0 20040128 (prerelease)

		=== objc tests ===


Running target unix

		=== objc Summary ===

# of expected passes		1341
# of unsupported tests		8
/home/dave/gcc-3.4/objdir/gcc/xgcc version 3.4.0 20040128 (prerelease)


		=== libstdc++-v3 check-abi Summary ===

# of added symbols:		 253
# of missing symbols:		 251
# of incompatible symbols:	 282
		=== libstdc++ tests ===


Running target unix
FAIL: 22_locale/codecvt/in/wchar_t/9.cc execution test
FAIL: 22_locale/messages/members/char/1.cc execution test
FAIL: 22_locale/messages/members/char/2.cc execution test
FAIL: 22_locale/messages/members/char/wrapped_env.cc execution test
FAIL: 22_locale/messages/members/char/wrapped_locale.cc execution test
FAIL: 22_locale/messages_byname/named_equivalence.cc execution test
XPASS: 26_numerics/c99_classification_macros_c.cc (test for excess errors)

		=== libstdc++ Summary ===

# of expected passes		2508
# of unexpected failures	6
# of unexpected successes	1
# of expected failures		11

Compiler version: 3.4.0 20040128 (prerelease) 
Platform: hppa-unknown-linux-gnu
configure flags: --with-gnu-as --with-as=/home/dave/opt/gnu/bin/as --with-gnu-ld --with-ld=/home/dave/opt/gnu/bin/ld --enable-shared --disable-nls --prefix=/home/dave/opt/gnu/gcc/gcc-3.4 --with-local-prefix=/home/dave/opt/gnu --enable-threads=posix --enable-__cxa_atexit --host=hppa-linux



More information about the Gcc-testresults mailing list