Results for 3.5.0 20040128 (experimental) testsuite on i686-unknown-openbsd3.1

Andrew Thomas Pinski pinskia@physics.uc.edu
Wed Jan 28 08:37:00 GMT 2004


LAST_UPDATED: Wed Jan 28 05:02:05 UTC 2004

Native configuration is i686-unknown-openbsd3.1

		=== g++ tests ===


Running target unix
FAIL: g++.dg/parse/attr-ctor1.C (test for excess errors)
FAIL: g++.old-deja/g++.law/profile1.C (test for excess errors)
WARNING: g++.old-deja/g++.law/profile1.C compilation failed to produce executable
WARNING: g++.old-deja/g++.mike/p10769a.C compilation failed to produce executable
WARNING: g++.old-deja/g++.other/enum5.C compilation failed to produce executable
WARNING: g++.old-deja/g++.pt/friend44.C compilation failed to produce executable

		=== g++ Summary ===

# of expected passes		9243
# of unexpected failures	2
# of expected failures		60
# of unsupported tests		44
/export/gates/pinskia/src/gnu/gcc/src/objdir.openbsd/gcc/testsuite/../g++ version 3.5.0 20040128 (experimental)

		=== g77 tests ===


Running target unix

		=== g77 Summary ===

# of expected passes		1800
/export/gates/pinskia/src/gnu/gcc/src/objdir.openbsd/gcc/testsuite/../g77 version 3.5.0 20040128 (experimental)

		=== gcc tests ===


Running target unix
FAIL: gcc.c-torture/compile/20001226-1.c (test for excess errors)
FAIL: gcc.c-torture/execute/conversion.c execution,  -O0 
FAIL: gcc.c-torture/execute/conversion.c execution,  -O1 
FAIL: gcc.c-torture/execute/conversion.c execution,  -O2 
FAIL: gcc.c-torture/execute/conversion.c execution,  -Os 
FAIL: gcc.c-torture/execute/va-arg-25.c execution,  -Os 
FAIL: gcc.c-torture/execute/ieee/rbug.c execution,  -O0 
FAIL: gcc.c-torture/execute/ieee/rbug.c execution,  -O1 
FAIL: gcc.c-torture/execute/ieee/rbug.c execution,  -O2 
FAIL: gcc.c-torture/execute/ieee/rbug.c execution,  -Os 
FAIL: gcc.dg/20021014-1.c (test for excess errors)
WARNING: gcc.dg/20021014-1.c compilation failed to produce executable
FAIL: gcc.dg/builtins-18.c (test for excess errors)
FAIL: gcc.dg/builtins-20.c (test for excess errors)
FAIL: gcc.dg/i386-sse-6.c (test for excess errors)
WARNING: gcc.dg/i386-sse-6.c compilation failed to produce executable
FAIL: gcc.dg/nest.c (test for excess errors)
WARNING: gcc.dg/nest.c compilation failed to produce executable
FAIL: gcc.dg/wchar_t-1.c (test for excess errors)
FAIL: gcc.dg/wint_t-1.c (test for excess errors)
FAIL: gcc.dg/special/weak-1.c execution test

		=== gcc Summary ===

# of expected passes		24010
# of unexpected failures	18
# of expected failures		62
# of untested testcases		7
# of unsupported tests		196
/export/gates/pinskia/src/gnu/gcc/src/objdir.openbsd/gcc/xgcc version 3.5.0 20040128 (experimental)

		=== objc tests ===


Running target unix

		=== objc Summary ===

# of expected passes		1341
# of unsupported tests		8
/export/gates/pinskia/src/gnu/gcc/src/objdir.openbsd/gcc/xgcc version 3.5.0 20040128 (experimental)

		=== libstdc++ tests ===


Running target unix

		=== libstdc++ Summary ===

# of expected passes		1888
# of expected failures		1
# of unsupported tests		7

Compiler version: 3.5.0 20040128 (experimental) 
Platform: i686-unknown-openbsd3.1
configure flags: --target=i686-unknown-openbsd3.1 --host=i686-unknown-openbsd3.1 --build=i686-unknown-openbsd3.1 --disable-nls --verbose --enable-cpp --prefix=/home/gates/pinskia/openbsd --enable-shared



More information about the Gcc-testresults mailing list