Results for 3.5.0 20040127 (experimental) testsuite on s390x-ibm-linux-gnu

Ulrich Weigand weigand@i1.informatik.uni-erlangen.de
Tue Jan 27 22:55:00 GMT 2004


LAST_UPDATED: 
		=== acats tests ===
FAIL:	ad8011a
FAIL:	c37213f
FAIL:	c37215f
FAIL:	cd2a83c
FAIL:	cd2a91c
FAIL:	cxb3010
FAIL:	cxb3014
FAIL:	cxb3015

		=== acats Summary ===
# of expected passes		1958
# of unexpected failures	8
# of unsupported tests		356
Native configuration is s390x-ibm-linux-gnu

		=== g++ tests ===


Running target unix
FAIL: g++.dg/abi/empty6.C  (test for warnings, line 6)
WARNING: g++.old-deja/g++.mike/p10769a.C compilation failed to produce executable
WARNING: g++.old-deja/g++.other/enum5.C compilation failed to produce executable
XPASS: g++.old-deja/g++.other/init5.C execution test
WARNING: g++.old-deja/g++.pt/friend44.C compilation failed to produce executable

		=== g++ Summary ===

# of expected passes		9345
# of unexpected failures	1
# of unexpected successes	1
# of expected failures		59
# of unsupported tests		69
/mnt/dasdc1/fsf/gcc-head-build/gcc/testsuite/../g++ version 3.5.0 20040127 (experimental)

		=== g77 tests ===


Running target unix

		=== g77 Summary ===

# of expected passes		1788
# of unsupported tests		6
/mnt/dasdc1/fsf/gcc-head-build/gcc/testsuite/../g77 version 3.5.0 20040127 (experimental)

		=== gcc tests ===


Running target unix
FAIL: gcc.dg/const-elim-1.c scan-assembler-not L\\\$?C[^A-Z]
XPASS: gcc.dg/sibcall-3.c execution test
XPASS: gcc.dg/sibcall-4.c execution test

		=== gcc Summary ===

# of expected passes		24014
# of unexpected failures	1
# of unexpected successes	2
# of expected failures		62
# of untested testcases		7
# of unsupported tests		303
/mnt/dasdc1/fsf/gcc-head-build/gcc/xgcc version 3.5.0 20040127 (experimental)

		=== objc tests ===


Running target unix
FAIL: objc.dg/call-super-2.m (test for excess errors)
FAIL: objc.dg/desig-init-1.m (test for excess errors)
FAIL: objc.dg/encode-2.m execution test
FAIL: objc.dg/encode-3.m execution test
FAIL: objc.dg/encode-4.m execution test
FAIL: objc.dg/proto-qual-1.m execution test

		=== objc Summary ===

# of expected passes		1335
# of unexpected failures	6
# of unsupported tests		8
/mnt/dasdc1/fsf/gcc-head-build/gcc/xgcc version 3.5.0 20040127 (experimental)

		=== libffi tests ===


Running target unix

		=== libffi Summary ===

# of expected passes		212
# of unsupported tests		2
		=== libjava tests ===


Running target unix
FAIL: linking simple
FAIL: pr13107_3 -O3 compilation from source

		=== libjava Summary ===

# of expected passes		3303
# of unexpected failures	2
# of expected failures		15
# of untested testcases		18
		=== libstdc++ tests ===


Running target unix
FAIL: 22_locale/num_get/get/wchar_t/wrapped_locale.cc execution test
XPASS: 26_numerics/c99_classification_macros_c.cc (test for excess errors)

		=== libstdc++ Summary ===

# of expected passes		2519
# of unexpected failures	1
# of unexpected successes	1
# of expected failures		11

Compiler version: 3.5.0 20040127 (experimental) 
Platform: s390x-ibm-linux-gnu
configure flags: --enable-__cxa_atexit --prefix=/home/weigand/fsf/gcc-head-install --disable-multilib



More information about the Gcc-testresults mailing list