Results for 3.4.0 20040127 (prerelease) testsuite on sparc-sun-solaris2.8

Brad Lucier lucier@math.purdue.edu
Tue Jan 27 14:34:00 GMT 2004


LAST_UPDATED: Tue Jan 27 01:28:24 UTC 2004

Native configuration is sparc-sun-solaris2.8

		=== g++ tests ===


Running target unix/-m64
WARNING: g++.dg/eh/simd-1.C compilation failed to produce executable
WARNING: g++.dg/eh/simd-2.C compilation failed to produce executable
WARNING: g++.old-deja/g++.mike/p10769a.C compilation failed to produce executable
WARNING: g++.old-deja/g++.other/enum5.C compilation failed to produce executable
WARNING: g++.old-deja/g++.pt/friend44.C compilation failed to produce executable

		=== g++ Summary for unix/-m64 ===

# of expected passes		9321
# of expected failures		61
# of unsupported tests		66

Running target unix
FAIL: g++.dg/eh/simd-1.C (test for excess errors)
WARNING: g++.dg/eh/simd-1.C compilation failed to produce executable
FAIL: g++.dg/eh/simd-2.C (test for excess errors)
WARNING: g++.dg/eh/simd-2.C compilation failed to produce executable
WARNING: g++.old-deja/g++.mike/p10769a.C compilation failed to produce executable
WARNING: g++.old-deja/g++.other/enum5.C compilation failed to produce executable
WARNING: g++.old-deja/g++.pt/friend44.C compilation failed to produce executable

		=== g++ Summary for unix ===

# of expected passes		9319
# of unexpected failures	2
# of expected failures		61
# of unsupported tests		66

		=== g++ Summary ===

# of expected passes		18640
# of unexpected failures	2
# of expected failures		122
# of unsupported tests		132
/export/mdd0/users/lucier/programs/gcc/3.4/objdir/gcc/testsuite/../g++ version 3.4.0 20040127 (prerelease)

		=== g77 tests ===


Running target unix/-m64

		=== g77 Summary for unix/-m64 ===

# of expected passes		1788
# of unsupported tests		6

Running target unix

		=== g77 Summary for unix ===

# of expected passes		1788
# of unsupported tests		6

		=== g77 Summary ===

# of expected passes		3576
# of unsupported tests		12
/export/mdd0/users/lucier/programs/gcc/3.4/objdir/gcc/testsuite/../g77 version 3.4.0 20040127 (prerelease)

		=== gcc tests ===


Running target unix/-m64
UNRESOLVED: gcc.c-torture/execute/simd-4.c execution,  -O0 
UNRESOLVED: gcc.c-torture/execute/va-arg-25.c execution,  -O0 
UNRESOLVED: gcc.c-torture/execute/va-arg-25.c execution,  -O1 
UNRESOLVED: gcc.c-torture/execute/va-arg-25.c execution,  -O2 
UNRESOLVED: gcc.c-torture/execute/va-arg-25.c execution,  -O3 -fomit-frame-pointer 
UNRESOLVED: gcc.c-torture/execute/va-arg-25.c execution,  -O3 -g 
UNRESOLVED: gcc.c-torture/execute/va-arg-25.c execution,  -Os 
UNRESOLVED: gcc.dg/compat/vector-1 c_compat_x_tst.o-c_compat_y_tst.o link 
UNRESOLVED: gcc.dg/compat/vector-1 c_compat_x_tst.o-c_compat_y_tst.o execute 
UNRESOLVED: gcc.dg/compat/vector-2 c_compat_x_tst.o-c_compat_y_tst.o link 
UNRESOLVED: gcc.dg/compat/vector-2 c_compat_x_tst.o-c_compat_y_tst.o execute 
WARNING: gcc.dg/20021014-1.c compilation failed to produce executable
XPASS: gcc.dg/uninit-4.c uninitialized variable warning (test for bogus messages, line 26)
UNRESOLVED: gcc.dg/visibility-1.c
UNRESOLVED: gcc.dg/visibility-2.c
UNRESOLVED: gcc.dg/visibility-3.c
UNRESOLVED: gcc.dg/visibility-4.c
UNRESOLVED: gcc.dg/visibility-5.c
UNRESOLVED: gcc.dg/visibility-6.c
UNRESOLVED: gcc.dg/visibility-7.c

		=== gcc Summary for unix/-m64 ===

# of expected passes		24583
# of unexpected successes	1
# of expected failures		84
# of unresolved testcases	18
# of untested testcases		7
# of unsupported tests		301

Running target unix
UNRESOLVED: gcc.c-torture/execute/simd-4.c execution,  -O0 
UNRESOLVED: gcc.c-torture/execute/va-arg-25.c execution,  -O0 
UNRESOLVED: gcc.c-torture/execute/va-arg-25.c execution,  -O1 
UNRESOLVED: gcc.c-torture/execute/va-arg-25.c execution,  -O2 
UNRESOLVED: gcc.c-torture/execute/va-arg-25.c execution,  -O3 -fomit-frame-pointer 
UNRESOLVED: gcc.c-torture/execute/va-arg-25.c execution,  -O3 -g 
UNRESOLVED: gcc.c-torture/execute/va-arg-25.c execution,  -Os 
UNRESOLVED: gcc.dg/compat/vector-1 c_compat_x_tst.o-c_compat_y_tst.o link 
UNRESOLVED: gcc.dg/compat/vector-1 c_compat_x_tst.o-c_compat_y_tst.o execute 
UNRESOLVED: gcc.dg/compat/vector-2 c_compat_x_tst.o-c_compat_y_tst.o link 
UNRESOLVED: gcc.dg/compat/vector-2 c_compat_x_tst.o-c_compat_y_tst.o execute 
WARNING: gcc.dg/20021014-1.c compilation failed to produce executable
FAIL: gcc.dg/20031202-1.c execution test
XPASS: gcc.dg/uninit-4.c uninitialized variable warning (test for bogus messages, line 26)
UNRESOLVED: gcc.dg/visibility-1.c
UNRESOLVED: gcc.dg/visibility-2.c
UNRESOLVED: gcc.dg/visibility-3.c
UNRESOLVED: gcc.dg/visibility-4.c
UNRESOLVED: gcc.dg/visibility-5.c
UNRESOLVED: gcc.dg/visibility-6.c
UNRESOLVED: gcc.dg/visibility-7.c

		=== gcc Summary for unix ===

# of expected passes		24590
# of unexpected failures	1
# of unexpected successes	1
# of expected failures		78
# of unresolved testcases	18
# of untested testcases		7
# of unsupported tests		301

		=== gcc Summary ===

# of expected passes		49173
# of unexpected failures	1
# of unexpected successes	2
# of expected failures		162
# of unresolved testcases	36
# of untested testcases		14
# of unsupported tests		602
/export/mdd0/users/lucier/programs/gcc/3.4/objdir/gcc/xgcc version 3.4.0 20040127 (prerelease)

		=== objc tests ===


Running target unix/-m64
FAIL: objc.dg/call-super-2.m (test for excess errors)
FAIL: objc.dg/desig-init-1.m (test for excess errors)
FAIL: objc.dg/encode-2.m execution test
FAIL: objc.dg/encode-3.m execution test
FAIL: objc.dg/proto-qual-1.m execution test

		=== objc Summary for unix/-m64 ===

# of expected passes		1336
# of unexpected failures	5
# of unsupported tests		8

Running target unix

		=== objc Summary for unix ===

# of expected passes		1341
# of unsupported tests		8

		=== objc Summary ===

# of expected passes		2677
# of unexpected failures	5
# of unsupported tests		16
/export/mdd0/users/lucier/programs/gcc/3.4/objdir/gcc/xgcc version 3.4.0 20040127 (prerelease)

		=== libffi tests ===


Running target unix/-m64

		=== libffi Summary for unix/-m64 ===

# of expected passes		212
# of unsupported tests		2

Running target unix

		=== libffi Summary for unix ===

# of expected passes		212
# of unsupported tests		2

		=== libffi Summary ===

# of expected passes		424
# of unsupported tests		4
		=== libjava tests ===


Running target unix/-m64
FAIL: linking simple
FAIL: cxxtest output
FAIL: Array_3 execution - gij test
FAIL: Array_3 execution - gij test
FAIL: FileHandleGcTest execution - source compiled test
FAIL: FileHandleGcTest execution - gij test
FAIL: FileHandleGcTest execution - bytecode->native test
FAIL: FileHandleGcTest -O3 execution - source compiled test
FAIL: FileHandleGcTest execution - gij test
FAIL: FileHandleGcTest -O3 execution - bytecode->native test
WARNING: program timed out.
FAIL: Thread_Wait_2 execution - gij test
WARNING: program timed out.
FAIL: Thread_Wait_2 execution - gij test
WARNING: program timed out.
FAIL: Thread_Wait_Interrupt execution - gij test
FAIL: Thread_Wait_Interrupt execution - gij test

		=== libjava Summary for unix/-m64 ===

# of expected passes		3235
# of unexpected failures	14
# of expected failures		11
# of untested testcases		20

Running target unix
FAIL: linking simple
FAIL: cxxtest run
FAIL: Array_3 execution - gij test
FAIL: Array_3 execution - gij test
FAIL: FileHandleGcTest execution - source compiled test
FAIL: FileHandleGcTest execution - gij test
FAIL: FileHandleGcTest execution - bytecode->native test
FAIL: FileHandleGcTest -O3 execution - source compiled test
FAIL: FileHandleGcTest execution - gij test
FAIL: FileHandleGcTest -O3 execution - bytecode->native test
FAIL: SyncTest execution - gij test
FAIL: SyncTest execution - gij test
FAIL: TLtest execution - gij test
FAIL: Thread_Join execution - gij test
FAIL: Thread_Wait_2 execution - gij test
FAIL: Thread_Wait_2 execution - gij test
FAIL: Thread_Wait_Interrupt execution - gij test
FAIL: Thread_Wait_Interrupt execution - gij test

		=== libjava Summary for unix ===

# of expected passes		3227
# of unexpected failures	18
# of expected failures		11
# of untested testcases		25

		=== libjava Summary ===

# of expected passes		6462
# of unexpected failures	32
# of expected failures		22
# of untested testcases		45
		=== libstdc++ tests ===


Running target unix/-m64

		=== libstdc++ Summary for unix/-m64 ===

# of expected passes		2512
# of expected failures		12

Running target unix

		=== libstdc++ Summary for unix ===

# of expected passes		2512
# of expected failures		12

		=== libstdc++ Summary ===

# of expected passes		5024
# of expected failures		24

Compiler version: 3.4.0 20040127 (prerelease) 
Platform: sparc-sun-solaris2.8
configure flags: none
Counting all warnings,
there are 23 warnings in stage3 of this bootstrap.

Number of warnings per file:
      5	/pkgs/gnu/share/bison.simple
      4	gcc/unwind-dw2.c
      4	gcc/libgcc2.c
      3	gengtype-lex.c
      2	gcc/objc/lang-specs.h
      2	gcc/gcc.c
      2	gcc/f/sta.c
      1	gcc/java/jvspec.c

Number of warning types:
      8	old-style parameter declaration
      5	string length \`???' is greater than the length \`???' ISO C89 compilers are required to support
      2	missing braces around initializer
      2	implicit declaration of function \`???'
      2	dereferencing type-punned pointer will break strict-aliasing rules
      2	comparison between signed and unsigned
      2	(near initialization for \`???')



More information about the Gcc-testresults mailing list