Results for 3.3.3 20040126 (prerelease) testsuite on i686-pc-cygwin

Tim Prince tprince@computer.org
Tue Jan 27 02:30:00 GMT 2004


LAST_UPDATED: Obtained from CVS: -rgcc-ss-3_3-20040126

Native configuration is i686-pc-cygwin

                 === g++ tests ===


Running target unix
FAIL: g++.dg/abi/bitfield3.C execution test
ERROR: g++.dg/abi/rtti1.C: error executing dg-final: couldn't execute 
"c++filt": no such file or directory
UNRESOLVED: g++.dg/abi/rtti1.C: error executing dg-final: couldn't execute 
"c++filt": no such file or directory
FAIL: g++.dg/ext/instantiate3.C scan-assembler-not
FAIL: g++.dg/opt/vt1.C scan-assembler-not section[^
FAIL: g++.dg/special/initp1.C execution test
FAIL: g++.eh/badalloc1.C  Execution test
XPASS: g++.ext/attrib5.C  Execution test
XPASS: g++.jason/template18.C  Execution test
FAIL: g++.pt/instantiate6.C (test for excess errors)
FAIL: g++.pt/repo2.C (test for excess errors)

                 === g++ Summary ===

# of expected passes            8217
# of unexpected failures        7
# of unexpected successes       2
# of expected failures          95
# of unresolved testcases       1
# of untested testcases         15
# of unsupported tests          4
/cygdrive/c/gnu/gcc-3.3-20031027/xp/gcc/testsuite/../g++ version 3.3.3 
20040126 (prerelease)

                 === g77 tests ===


Running target unix
WARNING: program timed out.
FAIL: g77.dg/fonetrip.f (test for excess errors)

                 === g77 Summary ===

# of expected passes            1735
# of unexpected failures        1
/cygdrive/c/gnu/gcc-3.3-20031027/xp/gcc/testsuite/../g77 version 3.3.3 
20040126 (prerelease)

                 === gcc tests ===


Running target unix
FAIL: gcc.c-torture/execute/20010904-1.c execution,  -O0
FAIL: gcc.c-torture/execute/20010904-1.c execution,  -O1
FAIL: gcc.c-torture/execute/20010904-1.c execution,  -O2
FAIL: gcc.c-torture/execute/20010904-1.c execution,  -O3 -fomit-frame-pointer
FAIL: gcc.c-torture/execute/20010904-1.c execution,  -O3 -g
FAIL: gcc.c-torture/execute/20010904-1.c execution,  -Os
FAIL: gcc.c-torture/execute/20010904-2.c execution,  -O0
FAIL: gcc.c-torture/execute/20010904-2.c execution,  -O1
FAIL: gcc.c-torture/execute/20010904-2.c execution,  -O2
FAIL: gcc.c-torture/execute/20010904-2.c execution,  -O3 -fomit-frame-pointer
FAIL: gcc.c-torture/execute/20010904-2.c execution,  -O3 -g
FAIL: gcc.c-torture/execute/20010904-2.c execution,  -Os
FAIL: gcc.dg/duff-2.c (test for excess errors)
FAIL: gcc.dg/i386-bitfield1.c execution test

                 === gcc Summary ===

# of expected passes            21613
# of unexpected failures        14
# of expected failures          68
# of unsupported tests          106
/cygdrive/c/gnu/gcc-3.3-20031027/xp/gcc/xgcc version 3.3.3 20040126 
(prerelease)

                 === objc tests ===


Running target unix

                 === objc Summary ===

# of expected passes            1166
/cygdrive/c/gnu/gcc-3.3-20031027/xp/gcc/xgcc version 3.3.3 20040126 
(prerelease)

                 === libjava tests ===


Running target unix
FAIL: linking calls
FAIL: linking cxxtest
FAIL: linking field
FAIL: linking final_method
FAIL: linking findclass
FAIL: linking invoke
FAIL: linking martin
FAIL: linking noclass
FAIL: linking overload
FAIL: linking register
FAIL: linking simple_int
FAIL: linking throwit
FAIL: linking virtual
FAIL: ArrayStore execution - gij test
FAIL: ArrayStore execution - gij test
FAIL: ArrayStore2 execution - gij test
FAIL: ArrayStore2 execution - gij test
FAIL: Array_3 execution - gij test
FAIL: Array_3 execution - gij test
FAIL: Divide_1 output - source compiled test
FAIL: Divide_1 execution - gij test
FAIL: Divide_1 output - bytecode->native test
FAIL: Divide_1 -O output - source compiled test
FAIL: Divide_1 execution - gij test
FAIL: Divide_1 -O output - bytecode->native test
FAIL: FileHandleGcTest execution - bytecode->native test
FAIL: FileHandleGcTest execution - gij test
FAIL: Final execution - gij test
FAIL: Final execution - gij test
FAIL: G19990302_02 execution - gij test
FAIL: G19990302_02 execution - gij test
FAIL: G19990303_01 execution - gij test
FAIL: G19990303_01 execution - gij test
FAIL: G19990303_02 execution - gij test
FAIL: G19990303_02 execution - gij test
FAIL: G19990304_01 execution - gij test
FAIL: G19990304_01 execution - gij test
FAIL: InterfaceDispatch execution - gij test
FAIL: InterfaceDispatch execution - gij test
FAIL: Invoke_1 execution - gij test
FAIL: Invoke_1 execution - gij test
FAIL: PR141 output - gij test
FAIL: PR141 execution - gij test
FAIL: PR218 execution - gij test
FAIL: PR218 execution - gij test
FAIL: StringBuffer_1 execution - gij test
FAIL: StringBuffer_1 execution - gij test
FAIL: SyncTest execution - gij test
FAIL: SyncTest execution - bytecode->native test
FAIL: SyncTest execution - gij test
FAIL: SyncTest -O execution - bytecode->native test
FAIL: TLtest execution - source compiled test
FAIL: TLtest execution - gij test
FAIL: TLtest -O execution - source compiled test
FAIL: TLtest execution - gij test
FAIL: TLtest -O execution - bytecode->native test
FAIL: Thread_Alive execution - gij test
FAIL: Thread_Alive execution - gij test
FAIL: Thread_Interrupt execution - gij test
FAIL: Thread_Interrupt execution - gij test
FAIL: Thread_Join execution - gij test
FAIL: Thread_Monitor execution - gij test
FAIL: Thread_Monitor execution - gij test
FAIL: Thread_Sleep execution - gij test
FAIL: Thread_Sleep execution - gij test
FAIL: Thread_Wait execution - gij test
FAIL: Thread_Wait execution - gij test
FAIL: Thread_Wait_2 execution - gij test
WARNING: program timed out.
FAIL: Thread_Wait_2 execution - gij test
FAIL: Thread_Wait_Interrupt execution - gij test
FAIL: Thread_Wait_Interrupt execution - gij test
FAIL: Throw_2 execution - gij test
FAIL: Throw_2 execution - gij test
FAIL: anon execution - gij test
FAIL: instinit2 execution - gij test
FAIL: instinit2 execution - gij test
FAIL: invokethrow execution - gij test
FAIL: invokethrow execution - gij test
FAIL: pr184 execution - gij test
FAIL: pr184 execution - gij test
FAIL: pr83 execution - gij test
FAIL: pr83 execution - gij test

                 === libjava Summary ===

# of expected passes            2832
# of unexpected failures        82
# of expected failures          29
# of untested testcases         76
                 === libstdc++-v3 tests ===


Running target unix
FAIL: 26_numerics/c99_classification_macros_c.cc (test for excess errors)
FAIL: 27_io/filebuf_members.cc execution test
FAIL: 27_io/filebuf_virtuals.cc execution test
FAIL: 27_io/istream_extractor_arith/12.cc execution test

                 === libstdc++-v3 Summary ===

# of expected passes            426
# of unexpected failures        4
# of expected failures          17

Compiler version: 3.3.3 20040126 (prerelease)
Platform: i686-pc-cygwin
configure flags: --host=i686-pc-cygwin --enable-threads=posix 
--enable-sjlj-exceptions --enable-libgcj


Tim Prince 



More information about the Gcc-testresults mailing list