Results for 3.5.0 20040126 (experimental) testsuite on sparc-sun-solaris2.7

Kaveh R. Ghazi ghazi@caip.rutgers.edu
Tue Jan 27 01:56:00 GMT 2004


LAST_UPDATED: 
Native configuration is sparc-sun-solaris2.7

		=== g++ tests ===


Running target unix
WARNING: g++.dg/eh/simd-1.C compilation failed to produce executable
WARNING: g++.dg/eh/simd-2.C compilation failed to produce executable
WARNING: g++.old-deja/g++.mike/p10769a.C compilation failed to produce executable
WARNING: g++.old-deja/g++.other/enum5.C compilation failed to produce executable
WARNING: g++.old-deja/g++.pt/friend44.C compilation failed to produce executable

		=== g++ Summary ===

# of expected passes		9317
# of expected failures		61
# of unsupported tests		66
/teal/tmpdisk/ghazi/gcc-testing/35/build/gcc/testsuite/../g++ version 3.5.0 20040126 (experimental)

		=== g77 tests ===


Running target unix

		=== g77 Summary ===

# of expected passes		1788
# of unsupported tests		6
/teal/tmpdisk/ghazi/gcc-testing/35/build/gcc/testsuite/../g77 version 3.5.0 20040126 (experimental)

		=== gcc tests ===


Running target unix
UNRESOLVED: gcc.c-torture/execute/simd-4.c execution,  -O0 
UNRESOLVED: gcc.c-torture/execute/va-arg-25.c execution,  -O0 
UNRESOLVED: gcc.c-torture/execute/va-arg-25.c execution,  -O1 
UNRESOLVED: gcc.c-torture/execute/va-arg-25.c execution,  -O2 
UNRESOLVED: gcc.c-torture/execute/va-arg-25.c execution,  -O3 -fomit-frame-pointer 
UNRESOLVED: gcc.c-torture/execute/va-arg-25.c execution,  -O3 -g 
UNRESOLVED: gcc.c-torture/execute/va-arg-25.c execution,  -Os 
UNRESOLVED: gcc.dg/compat/vector-1 c_compat_x_tst.o-c_compat_y_tst.o link 
UNRESOLVED: gcc.dg/compat/vector-1 c_compat_x_tst.o-c_compat_y_tst.o execute 
UNRESOLVED: gcc.dg/compat/vector-2 c_compat_x_tst.o-c_compat_y_tst.o link 
UNRESOLVED: gcc.dg/compat/vector-2 c_compat_x_tst.o-c_compat_y_tst.o execute 
WARNING: gcc.dg/20021014-1.c compilation failed to produce executable
FAIL: gcc.dg/20031202-1.c execution test
XPASS: gcc.dg/uninit-4.c uninitialized variable warning (test for bogus messages, line 26)
UNRESOLVED: gcc.dg/visibility-1.c
UNRESOLVED: gcc.dg/visibility-2.c
UNRESOLVED: gcc.dg/visibility-3.c
UNRESOLVED: gcc.dg/visibility-4.c
UNRESOLVED: gcc.dg/visibility-5.c
UNRESOLVED: gcc.dg/visibility-6.c
UNRESOLVED: gcc.dg/visibility-7.c

		=== gcc Summary ===

# of expected passes		24632
# of unexpected failures	1
# of unexpected successes	1
# of expected failures		71
# of unresolved testcases	18
# of untested testcases		7
# of unsupported tests		301
/teal/tmpdisk/ghazi/gcc-testing/35/build/gcc/xgcc version 3.5.0 20040126 (experimental)

		=== objc tests ===


Running target unix
FAIL: objc.dg/stret-1.m (test for excess errors)

		=== objc Summary ===

# of expected passes		1340
# of unexpected failures	1
# of unsupported tests		8
/teal/tmpdisk/ghazi/gcc-testing/35/build/gcc/xgcc version 3.5.0 20040126 (experimental)

		=== libffi tests ===


Running target unix

		=== libffi Summary ===

# of expected passes		212
# of unsupported tests		2
		=== libjava tests ===


Running target unix
FAIL: linking simple
FAIL: linking cxxtest
FAIL: Array_3 execution - gij test
FAIL: Array_3 execution - gij test
FAIL: FileHandleGcTest execution - source compiled test
FAIL: FileHandleGcTest execution - gij test
FAIL: FileHandleGcTest execution - bytecode->native test
FAIL: FileHandleGcTest -O3 execution - source compiled test
FAIL: FileHandleGcTest execution - gij test
FAIL: FileHandleGcTest -O3 execution - bytecode->native test
FAIL: SyncTest execution - gij test
FAIL: SyncTest execution - gij test
FAIL: TLtest execution - gij test
FAIL: TLtest execution - gij test
FAIL: Thread_Monitor execution - gij test
FAIL: Thread_Monitor execution - gij test
FAIL: Thread_Wait_2 execution - gij test
FAIL: Thread_Wait_2 execution - gij test
FAIL: Thread_Wait_Interrupt execution - gij test
FAIL: Thread_Wait_Interrupt execution - gij test
FAIL: pr13107_3 -O3 compilation from source

		=== libjava Summary ===

# of expected passes		3265
# of unexpected failures	21
# of expected failures		16
# of untested testcases		36
		=== libstdc++ tests ===


Running target unix

		=== libstdc++ Summary ===

# of expected passes		2514
# of expected failures		12

Compiler version: 3.5.0 20040126 (experimental) 
Platform: sparc-sun-solaris2.7
configure flags: --verbose



More information about the Gcc-testresults mailing list