Results for 3.4.0 20040123 (prerelease) testsuite on i386-pc-solaris2.9
Rainer Orth
ro@TechFak.Uni-Bielefeld.DE
Mon Jan 26 21:42:00 GMT 2004
LAST_UPDATED: Fri Jan 23 21:07:04 UTC 2004
=== acats tests ===
FAIL: c34005a
FAIL: c34005d
FAIL: c34005g
FAIL: c34005j
FAIL: c954025
FAIL: c954026
FAIL: cc3601a
FAIL: cxb3010
FAIL: cxb3014
FAIL: cxb3015
=== acats Summary ===
# of expected passes 2312
# of unexpected failures 10
Native configuration is i386-pc-solaris2.9
=== g++ tests ===
Running target unix
FAIL: g++.dg/eh/simd-2.C (test for excess errors)
WARNING: g++.dg/eh/simd-2.C compilation failed to produce executable
FAIL: g++.dg/special/conpr-1.C execution test
FAIL: g++.dg/special/conpr-3.C execution test
FAIL: g++.dg/special/conpr-4.C execution test
FAIL: g++.old-deja/g++.eh/cleanup2.C (test for excess errors)
WARNING: g++.old-deja/g++.eh/cleanup2.C compilation failed to produce executable
WARNING: g++.old-deja/g++.mike/p10769a.C compilation failed to produce executable
WARNING: g++.old-deja/g++.other/enum5.C compilation failed to produce executable
WARNING: g++.old-deja/g++.pt/friend44.C compilation failed to produce executable
=== g++ Summary ===
# of expected passes 9341
# of unexpected failures 5
# of expected failures 62
# of unsupported tests 43
/amnt/figaro/volumes/obj-gcc/gcc/obj.sol86/gcc-3.4.0-20040123/9-gcc/gcc/testsuite/../g++ version 3.4.0 20040123 (prerelease)
=== g77 tests ===
Running target unix
=== g77 Summary ===
# of expected passes 1788
# of unsupported tests 6
/amnt/figaro/volumes/obj-gcc/gcc/obj.sol86/gcc-3.4.0-20040123/9-gcc/gcc/testsuite/../g77 version 3.4.0 20040123 (prerelease)
=== gcc tests ===
Running target unix
FAIL: gcc.c-torture/compile/930621-1.c (test for excess errors)
FAIL: gcc.c-torture/compile/930621-1.c (test for excess errors)
FAIL: gcc.c-torture/compile/930621-1.c (test for excess errors)
FAIL: gcc.c-torture/compile/930621-1.c (test for excess errors)
FAIL: gcc.c-torture/execute/va-arg-25.c execution, -Os
FAIL: gcc.dg/compat/vector-1 c_compat_x_tst.o compile
FAIL: gcc.dg/compat/vector-1 c_compat_y_tst.o compile
UNRESOLVED: gcc.dg/compat/vector-1 c_compat_x_tst.o-c_compat_y_tst.o link
UNRESOLVED: gcc.dg/compat/vector-1 c_compat_x_tst.o-c_compat_y_tst.o execute
FAIL: gcc.dg/compat/vector-2 c_compat_x_tst.o compile
FAIL: gcc.dg/compat/vector-2 c_compat_y_tst.o compile
UNRESOLVED: gcc.dg/compat/vector-2 c_compat_x_tst.o-c_compat_y_tst.o link
UNRESOLVED: gcc.dg/compat/vector-2 c_compat_x_tst.o-c_compat_y_tst.o execute
FAIL: gcc.dg/20011009-1.c (test for excess errors)
WARNING: gcc.dg/20011009-1.c compilation failed to produce executable
WARNING: gcc.dg/20021014-1.c compilation failed to produce executable
FAIL: gcc.dg/const-elim-1.c scan-assembler-not L\\\$?C[^A-Z]
FAIL: gcc.dg/i386-sse-6.c (test for excess errors)
WARNING: gcc.dg/i386-sse-6.c compilation failed to produce executable
FAIL: gcc.dg/visibility-1.c (test for excess errors)
FAIL: gcc.dg/visibility-1.c scan-assembler \\.hidden.*foo
FAIL: gcc.dg/visibility-2.c (test for excess errors)
FAIL: gcc.dg/visibility-2.c scan-assembler \\.hidden.*foo
FAIL: gcc.dg/visibility-3.c (test for excess errors)
FAIL: gcc.dg/visibility-3.c scan-assembler \\.hidden.*xyzzy
FAIL: gcc.dg/visibility-4.c (test for excess errors)
FAIL: gcc.dg/visibility-4.c scan-assembler \\.hidden.*xyzzy
FAIL: gcc.dg/visibility-5.c (test for excess errors)
FAIL: gcc.dg/visibility-5.c scan-assembler \\.hidden.*foo
FAIL: gcc.dg/visibility-6.c (test for excess errors)
FAIL: gcc.dg/visibility-6.c scan-assembler \\.hidden.*xyzzy
FAIL: gcc.dg/visibility-7.c (test for excess errors)
FAIL: gcc.dg/visibility-7.c scan-assembler \\.hidden.*xyzzy
=== gcc Summary ===
# of expected passes 24185
# of unexpected failures 26
# of expected failures 69
# of unresolved testcases 4
# of untested testcases 7
# of unsupported tests 178
/amnt/figaro/volumes/obj-gcc/gcc/obj.sol86/gcc-3.4.0-20040123/9-gcc/gcc/xgcc version 3.4.0 20040123 (prerelease)
=== objc tests ===
Running target unix
=== objc Summary ===
# of expected passes 1341
# of unsupported tests 8
/amnt/figaro/volumes/obj-gcc/gcc/obj.sol86/gcc-3.4.0-20040123/9-gcc/gcc/xgcc version 3.4.0 20040123 (prerelease)
=== libffi tests ===
Running target unix
=== libffi Summary ===
# of expected passes 212
# of unsupported tests 2
=== libjava tests ===
Running target unix
FAIL: linking simple
FAIL: FileHandleGcTest execution - source compiled test
FAIL: FileHandleGcTest execution - gij test
FAIL: FileHandleGcTest execution - bytecode->native test
FAIL: FileHandleGcTest -O3 execution - source compiled test
FAIL: FileHandleGcTest execution - gij test
FAIL: FileHandleGcTest -O3 execution - bytecode->native test
WARNING: program timed out.
FAIL: SyncGlobal -O3 execution - bytecode->native test
FAIL: Thread_Join execution - gij test
FAIL: Throw_2 execution - source compiled test
FAIL: Throw_2 execution - gij test
FAIL: Throw_2 execution - bytecode->native test
FAIL: Throw_2 -O3 execution - source compiled test
FAIL: Throw_2 execution - gij test
FAIL: Throw_2 -O3 execution - bytecode->native test
=== libjava Summary ===
# of expected passes 3232
# of unexpected failures 15
# of expected failures 11
# of untested testcases 22
=== libstdc++ tests ===
Running target unix
FAIL: 27_io/basic_istream/extractors_arithmetic/char/12.cc execution test
=== libstdc++ Summary ===
# of expected passes 2510
# of unexpected failures 1
# of expected failures 11
Compiler version: 3.4.0 20040123 (prerelease)
Platform: i386-pc-solaris2.9
configure flags: --prefix=/vol/gcc --with-local-prefix=/vol/gcc --with-as=/vol/gcc/lib/as-7.0 --disable-nls
More information about the Gcc-testresults
mailing list