Results for 3.4.020040126(prerelease) testsuite on i686-pc-linux-gnu
Karel Gardas
kgardas@objectsecurity.com
Mon Jan 26 16:48:00 GMT 2004
The box is Debian GNU/Linux 3.0 with newer binutils-2.14 in PATH. The compiler was bootstraped with gcc3.3.2.
Cheers,
Karel
LAST_UPDATED:
=== acats tests ===
FAIL: c34005a
FAIL: c34005d
FAIL: c34005g
FAIL: c34005j
FAIL: cc3601a
FAIL: cxb3010
FAIL: cxb3014
FAIL: cxb3015
=== acats Summary ===
# of expected passes 2314
# of unexpected failures 8
Native configuration is i686-pc-linux-gnu
=== g++ tests ===
Running target unix
FAIL: g++.dg/ext/visibility-1.C (test for excess errors)
FAIL: g++.dg/ext/visibility-1.C scan-assembler \\.hidden.*_Z3foov
FAIL: g++.dg/ext/visibility-2.C (test for excess errors)
FAIL: g++.dg/ext/visibility-2.C scan-assembler \\.hidden.*_Z3foov
FAIL: g++.dg/ext/visibility-3.C (test for excess errors)
FAIL: g++.dg/ext/visibility-3.C scan-assembler \\.hidden.*xyzzy
FAIL: g++.dg/ext/visibility-4.C (test for excess errors)
FAIL: g++.dg/ext/visibility-4.C scan-assembler \\.hidden.*xyzzy
FAIL: g++.dg/ext/visibility-5.C (test for excess errors)
FAIL: g++.dg/ext/visibility-5.C scan-assembler \\.hidden.*_Z3foov
FAIL: g++.dg/ext/visibility-6.C (test for excess errors)
FAIL: g++.dg/ext/visibility-6.C scan-assembler \\.hidden.*xyzzy
FAIL: g++.dg/ext/visibility-7.C (test for excess errors)
FAIL: g++.dg/ext/visibility-7.C scan-assembler \\.hidden.*xyzzy
WARNING: g++.old-deja/g++.mike/p10769a.C compilation failed to produce executable
WARNING: g++.old-deja/g++.other/enum5.C compilation failed to produce executable
XPASS: g++.old-deja/g++.other/init5.C execution test
WARNING: g++.old-deja/g++.pt/friend44.C compilation failed to produce executable
=== g++ Summary ===
# of expected passes 9382
# of unexpected failures 14
# of unexpected successes 1
# of expected failures 59
# of unsupported tests 30
/mnt/karel/gcc/obj/gcc/testsuite/../g++ version 3.4.0 20040126 (prerelease)
=== gcc tests ===
Running target unix
FAIL: gcc.c-torture/execute/va-arg-25.c execution, -Os
FAIL: gcc.dg/i386-sse-6.c execution test
FAIL: gcc.dg/typespec-1.c unsigned long long int short (test for errors, line 930)
FAIL: gcc.dg/typespec-1.c unsigned long long int int (test for errors, line 931)
FAIL: gcc.dg/typespec-1.c unsigned long long int long (test for errors, line 932)
FAIL: gcc.dg/typespec-1.c unsigned long long int float (test for errors, line 933)
FAIL: gcc.dg/typespec-1.c unsigned long long int double (test for errors, line 934)
FAIL: gcc.dg/typespec-1.c unsigned long long int signed (test for errors, line 935)
FAIL: gcc.dg/typespec-1.c unsigned long long int unsigned (test for errors, line 936)
FAIL: gcc.dg/typespec-1.c unsigned long long int _Bool (test for errors, line 937)
FAIL: gcc.dg/typespec-1.c (test for excess errors)
FAIL: gcc.dg/visibility-1.c (test for excess errors)
FAIL: gcc.dg/visibility-1.c scan-assembler \\.hidden.*foo
FAIL: gcc.dg/visibility-2.c (test for excess errors)
FAIL: gcc.dg/visibility-2.c scan-assembler \\.hidden.*foo
FAIL: gcc.dg/visibility-3.c (test for excess errors)
FAIL: gcc.dg/visibility-3.c scan-assembler \\.hidden.*xyzzy
FAIL: gcc.dg/visibility-4.c (test for excess errors)
FAIL: gcc.dg/visibility-4.c scan-assembler \\.hidden.*xyzzy
FAIL: gcc.dg/visibility-5.c (test for excess errors)
FAIL: gcc.dg/visibility-5.c scan-assembler \\.hidden.*foo
FAIL: gcc.dg/visibility-6.c (test for excess errors)
FAIL: gcc.dg/visibility-6.c scan-assembler \\.hidden.*xyzzy
FAIL: gcc.dg/visibility-7.c (test for excess errors)
FAIL: gcc.dg/visibility-7.c scan-assembler \\.hidden.*xyzzy
=== gcc Summary ===
# of expected passes 24219
# of unexpected failures 25
# of expected failures 69
# of untested testcases 7
# of unsupported tests 177
/mnt/karel/gcc/obj/gcc/xgcc version 3.4.0 20040126 (prerelease)
=== libffi tests ===
Running target unix
=== libffi Summary ===
# of expected passes 212
# of unsupported tests 2
=== libjava tests ===
Running target unix
FAIL: linking simple
=== libjava Summary ===
# of expected passes 3260
# of unexpected failures 1
# of expected failures 11
# of untested testcases 8
=== libstdc++-v3 check-abi Summary ===
# of added symbols: 289
# of missing symbols: 294
# of incompatible symbols: 325
=== libstdc++ tests ===
Running target unix
XPASS: 26_numerics/c99_classification_macros_c.cc (test for excess errors)
=== libstdc++ Summary ===
# of expected passes 2512
# of unexpected successes 1
# of expected failures 11
Compiler version: 3.4.020040126(prerelease)
Platform: i686-pc-linux-gnu
configure flags: --prefix=/home/karel/usr/local/gcc3.4.0-20040126 --enable-shared --enable-threads --enable-languages=c++,java,ada --disable-checking --enable-__cxa_atexit
More information about the Gcc-testresults
mailing list