Results for 3.5.0 20040123 (experimental) testsuite on sparc64-unknown-linux-gnu
christian@j-son.org
christian@j-son.org
Sun Jan 25 12:44:00 GMT 2004
Aurora SPARC Linux 1.0 (Ansel) Ultra1 single UltraSparc I (SpitFire) sun4u:
binutils 2.14.90 20040120 sparc64-linux (host built)
bison-1.35-1
dejagnu-1.4.2-10 (ftp://download.fedora.redhat.com/pub/fedora/linux/core/1)
expect-5.32.2-67
gcc 3.4.0 20040121 (prerelease) sparc64-linux (host built)
glibc-2.2.5-44sparc1
glibc64-2.2.5-44sparc1
glibc-kernheaders-2.4-7.16sparc
kernel-2.4.23-0.2sparc (ftp://fw.j-son.org/pub/aurora/kernel-2.4.23)
tcl-8.3.3-67
zlib64-1.1.4-10sparc
LAST_UPDATED: Fri Jan 23 07:16:48 UTC 2004
Native configuration is sparc64-unknown-linux-gnu
=== binutils tests ===
Running target unix/-m32
=== binutils Summary for unix/-m32 ===
# of expected passes 32
Running target unix/-fPIC
=== binutils Summary for unix/-fPIC ===
# of expected passes 32
Running target unix
=== binutils Summary for unix ===
# of expected passes 32
=== binutils Summary ===
# of expected passes 96
=== gas tests ===
Running target unix/-m32
=== gas Summary for unix/-m32 ===
# of expected passes 63
# of expected failures 2
Running target unix/-fPIC
=== gas Summary for unix/-fPIC ===
# of expected passes 63
# of expected failures 2
Running target unix
=== gas Summary for unix ===
# of expected passes 63
# of expected failures 2
=== gas Summary ===
# of expected passes 189
# of expected failures 6
=== g77 tests ===
Running target unix/-m32
=== g77 Summary for unix/-m32 ===
# of expected passes 1788
# of unsupported tests 6
Running target unix/-fPIC
FAIL: g77.f-torture/compile/980310-2.f, -O1
=== g77 Summary for unix/-fPIC ===
# of expected passes 1787
# of unexpected failures 1
# of unsupported tests 6
Running target unix
=== g77 Summary for unix ===
# of expected passes 1788
# of unsupported tests 6
=== g77 Summary ===
# of expected passes 5363
# of unexpected failures 1
# of unsupported tests 18
/usr/local/src/trunk/objdir/gcc/testsuite/../g77 version 3.5.0 20040123 (experimental)
=== gcc tests ===
Running target unix/-m32
WARNING: program timed out.
FAIL: gcc.c-torture/compile/20001226-1.c (test for excess errors)
WARNING: program timed out.
FAIL: gcc.c-torture/compile/20001226-1.c (test for excess errors)
WARNING: program timed out.
FAIL: gcc.c-torture/compile/20001226-1.c (test for excess errors)
WARNING: program timed out.
FAIL: gcc.c-torture/compile/20001226-1.c (test for excess errors)
FAIL: gcc.c-torture/execute/20030125-1.c execution, -O1
FAIL: gcc.c-torture/execute/20030125-1.c execution, -O2
FAIL: gcc.c-torture/execute/20030125-1.c execution, -O3 -fomit-frame-pointer
FAIL: gcc.c-torture/execute/20030125-1.c execution, -O3 -g
FAIL: gcc.c-torture/execute/20030125-1.c execution, -Os
UNRESOLVED: gcc.c-torture/execute/simd-4.c execution, -O0
FAIL: gcc.c-torture/execute/strncmp-1.c execution, -O0
FAIL: gcc.c-torture/execute/strncmp-1.c execution, -O1
FAIL: gcc.c-torture/execute/strncmp-1.c execution, -O2
FAIL: gcc.c-torture/execute/strncmp-1.c execution, -O3 -fomit-frame-pointer
FAIL: gcc.c-torture/execute/strncmp-1.c execution, -O3 -fomit-frame-pointer -funroll-loops
FAIL: gcc.c-torture/execute/strncmp-1.c execution, -O3 -fomit-frame-pointer -funroll-all-loops -finline-functions
FAIL: gcc.c-torture/execute/strncmp-1.c execution, -O3 -g
FAIL: gcc.c-torture/execute/strncmp-1.c execution, -Os
UNRESOLVED: gcc.c-torture/execute/va-arg-25.c execution, -O0
UNRESOLVED: gcc.c-torture/execute/va-arg-25.c execution, -O1
UNRESOLVED: gcc.c-torture/execute/va-arg-25.c execution, -O2
UNRESOLVED: gcc.c-torture/execute/va-arg-25.c execution, -O3 -fomit-frame-pointer
UNRESOLVED: gcc.c-torture/execute/va-arg-25.c execution, -O3 -g
UNRESOLVED: gcc.c-torture/execute/va-arg-25.c execution, -Os
UNRESOLVED: gcc.dg/compat/vector-1 c_compat_x_tst.o-c_compat_y_tst.o link
UNRESOLVED: gcc.dg/compat/vector-1 c_compat_x_tst.o-c_compat_y_tst.o execute
UNRESOLVED: gcc.dg/compat/vector-2 c_compat_x_tst.o-c_compat_y_tst.o link
UNRESOLVED: gcc.dg/compat/vector-2 c_compat_x_tst.o-c_compat_y_tst.o execute
FAIL: gcc.dg/20031202-1.c execution test
FAIL: gcc.dg/builtins-20.c (test for excess errors)
WARNING: program timed out.
FAIL: gcc.dg/c99-intconst-1.c (test for excess errors)
FAIL: gcc.dg/ultrasp2.c (test for excess errors)
FAIL: gcc.dg/ultrasp4.c (test for excess errors)
FAIL: gcc.dg/ultrasp8.c (test for excess errors)
XPASS: gcc.dg/uninit-4.c uninitialized variable warning (test for bogus messages, line 26)
=== gcc Summary for unix/-m32 ===
# of expected passes 23978
# of unexpected failures 23
# of unexpected successes 1
# of expected failures 72
# of unresolved testcases 11
# of untested testcases 7
# of unsupported tests 283
Running target unix/-fPIC
WARNING: program timed out.
FAIL: gcc.c-torture/compile/20001226-1.c (test for excess errors)
WARNING: program timed out.
FAIL: gcc.c-torture/compile/20001226-1.c (test for excess errors)
WARNING: program timed out.
FAIL: gcc.c-torture/compile/20001226-1.c (test for excess errors)
FAIL: gcc.c-torture/execute/20020720-1.c compilation, -O1
UNRESOLVED: gcc.c-torture/execute/20020720-1.c execution, -O1
FAIL: gcc.c-torture/execute/20020720-1.c compilation, -O2
UNRESOLVED: gcc.c-torture/execute/20020720-1.c execution, -O2
FAIL: gcc.c-torture/execute/20020720-1.c compilation, -O3 -fomit-frame-pointer
UNRESOLVED: gcc.c-torture/execute/20020720-1.c execution, -O3 -fomit-frame-pointer
FAIL: gcc.c-torture/execute/20020720-1.c compilation, -O3 -g
UNRESOLVED: gcc.c-torture/execute/20020720-1.c execution, -O3 -g
FAIL: gcc.c-torture/execute/20020720-1.c compilation, -Os
UNRESOLVED: gcc.c-torture/execute/20020720-1.c execution, -Os
FAIL: gcc.c-torture/execute/20030125-1.c execution, -O1
FAIL: gcc.c-torture/execute/20030125-1.c execution, -O2
FAIL: gcc.c-torture/execute/20030125-1.c execution, -O3 -fomit-frame-pointer
FAIL: gcc.c-torture/execute/20030125-1.c execution, -O3 -g
FAIL: gcc.c-torture/execute/20030125-1.c execution, -Os
FAIL: gcc.c-torture/execute/conversion.c execution, -O0
FAIL: gcc.c-torture/execute/conversion.c execution, -O1
FAIL: gcc.c-torture/execute/conversion.c execution, -O2
FAIL: gcc.c-torture/execute/conversion.c execution, -O3 -fomit-frame-pointer
FAIL: gcc.c-torture/execute/conversion.c execution, -O3 -g
FAIL: gcc.c-torture/execute/conversion.c execution, -Os
UNRESOLVED: gcc.c-torture/execute/simd-4.c execution, -O0
FAIL: gcc.c-torture/execute/strncmp-1.c execution, -O0
FAIL: gcc.c-torture/execute/strncmp-1.c execution, -O1
FAIL: gcc.c-torture/execute/strncmp-1.c execution, -O2
FAIL: gcc.c-torture/execute/strncmp-1.c execution, -O3 -fomit-frame-pointer
FAIL: gcc.c-torture/execute/strncmp-1.c execution, -O3 -fomit-frame-pointer -funroll-loops
FAIL: gcc.c-torture/execute/strncmp-1.c execution, -O3 -fomit-frame-pointer -funroll-all-loops -finline-functions
FAIL: gcc.c-torture/execute/strncmp-1.c execution, -O3 -g
FAIL: gcc.c-torture/execute/strncmp-1.c execution, -Os
UNRESOLVED: gcc.c-torture/execute/va-arg-25.c execution, -O0
UNRESOLVED: gcc.c-torture/execute/va-arg-25.c execution, -O1
UNRESOLVED: gcc.c-torture/execute/va-arg-25.c execution, -O2
UNRESOLVED: gcc.c-torture/execute/va-arg-25.c execution, -O3 -fomit-frame-pointer
UNRESOLVED: gcc.c-torture/execute/va-arg-25.c execution, -O3 -g
UNRESOLVED: gcc.c-torture/execute/va-arg-25.c execution, -Os
UNRESOLVED: gcc.dg/compat/vector-1 c_compat_x_tst.o-c_compat_y_tst.o link
UNRESOLVED: gcc.dg/compat/vector-1 c_compat_x_tst.o-c_compat_y_tst.o execute
UNRESOLVED: gcc.dg/compat/vector-2 c_compat_x_tst.o-c_compat_y_tst.o link
UNRESOLVED: gcc.dg/compat/vector-2 c_compat_x_tst.o-c_compat_y_tst.o execute
FAIL: gcc.dg/20021014-1.c execution test
FAIL: gcc.dg/builtins-18.c (test for excess errors)
FAIL: gcc.dg/builtins-20.c (test for excess errors)
FAIL: gcc.dg/nest.c execution test
XPASS: gcc.dg/uninit-4.c uninitialized variable warning (test for bogus messages, line 26)
FAIL: gcc.dg/pch/static-1.c -O0 -g assembly comparison
FAIL: gcc.dg/pch/static-1.c -O0 assembly comparison
FAIL: gcc.dg/pch/static-1.c -O1 assembly comparison
FAIL: gcc.dg/pch/static-2.c -O0 -g assembly comparison
FAIL: gcc.dg/pch/static-2.c -O0 assembly comparison
FAIL: gcc.dg/pch/static-2.c -O1 assembly comparison
FAIL: gcc.dg/pch/static-3.c -O0 -g assembly comparison
FAIL: gcc.dg/pch/static-3.c -O0 assembly comparison
FAIL: gcc.dg/pch/static-3.c -O1 assembly comparison
FAIL: gcc.dg/special/gcsec-1.c (test for excess errors)
FAIL: gcc.dg/tls/alias-1.c (test for excess errors)
FAIL: gcc.dg/tls/opt-2.c (test for excess errors)
FAIL: linkage.c
=== gcc Summary for unix/-fPIC ===
# of expected passes 23946
# of unexpected failures 44
# of unexpected successes 1
# of expected failures 78
# of unresolved testcases 16
# of untested testcases 7
# of unsupported tests 283
Running target unix
FAIL: gcc.c-torture/execute/20030125-1.c execution, -O1
FAIL: gcc.c-torture/execute/20030125-1.c execution, -O2
FAIL: gcc.c-torture/execute/20030125-1.c execution, -O3 -fomit-frame-pointer
FAIL: gcc.c-torture/execute/20030125-1.c execution, -O3 -g
FAIL: gcc.c-torture/execute/20030125-1.c execution, -Os
FAIL: gcc.c-torture/execute/conversion.c execution, -O0
FAIL: gcc.c-torture/execute/conversion.c execution, -O1
FAIL: gcc.c-torture/execute/conversion.c execution, -O2
FAIL: gcc.c-torture/execute/conversion.c execution, -Os
UNRESOLVED: gcc.c-torture/execute/simd-4.c execution, -O0
FAIL: gcc.c-torture/execute/strncmp-1.c execution, -O0
FAIL: gcc.c-torture/execute/strncmp-1.c execution, -O1
FAIL: gcc.c-torture/execute/strncmp-1.c execution, -O2
FAIL: gcc.c-torture/execute/strncmp-1.c execution, -O3 -fomit-frame-pointer
FAIL: gcc.c-torture/execute/strncmp-1.c execution, -O3 -fomit-frame-pointer -funroll-loops
FAIL: gcc.c-torture/execute/strncmp-1.c execution, -O3 -fomit-frame-pointer -funroll-all-loops -finline-functions
FAIL: gcc.c-torture/execute/strncmp-1.c execution, -O3 -g
FAIL: gcc.c-torture/execute/strncmp-1.c execution, -Os
UNRESOLVED: gcc.c-torture/execute/va-arg-25.c execution, -O0
UNRESOLVED: gcc.c-torture/execute/va-arg-25.c execution, -O1
UNRESOLVED: gcc.c-torture/execute/va-arg-25.c execution, -O2
UNRESOLVED: gcc.c-torture/execute/va-arg-25.c execution, -O3 -fomit-frame-pointer
UNRESOLVED: gcc.c-torture/execute/va-arg-25.c execution, -O3 -g
UNRESOLVED: gcc.c-torture/execute/va-arg-25.c execution, -Os
UNRESOLVED: gcc.dg/compat/vector-1 c_compat_x_tst.o-c_compat_y_tst.o link
UNRESOLVED: gcc.dg/compat/vector-1 c_compat_x_tst.o-c_compat_y_tst.o execute
UNRESOLVED: gcc.dg/compat/vector-2 c_compat_x_tst.o-c_compat_y_tst.o link
UNRESOLVED: gcc.dg/compat/vector-2 c_compat_x_tst.o-c_compat_y_tst.o execute
FAIL: gcc.dg/20021014-1.c execution test
FAIL: gcc.dg/builtins-18.c (test for excess errors)
FAIL: gcc.dg/builtins-20.c (test for excess errors)
FAIL: gcc.dg/nest.c execution test
XPASS: gcc.dg/uninit-4.c uninitialized variable warning (test for bogus messages, line 26)
FAIL: gcc.dg/pch/static-1.c -O0 -g assembly comparison
FAIL: gcc.dg/pch/static-1.c -O0 assembly comparison
FAIL: gcc.dg/pch/static-1.c -O1 assembly comparison
FAIL: gcc.dg/pch/static-2.c -O0 -g assembly comparison
FAIL: gcc.dg/pch/static-2.c -O0 assembly comparison
FAIL: gcc.dg/pch/static-2.c -O1 assembly comparison
FAIL: gcc.dg/pch/static-3.c -O0 -g assembly comparison
FAIL: gcc.dg/pch/static-3.c -O0 assembly comparison
FAIL: gcc.dg/pch/static-3.c -O1 assembly comparison
FAIL: gcc.dg/special/gcsec-1.c (test for excess errors)
FAIL: gcc.dg/tls/alias-1.c (test for excess errors)
FAIL: gcc.dg/tls/opt-2.c (test for excess errors)
FAIL: linkage.c
=== gcc Summary for unix ===
# of expected passes 23961
# of unexpected failures 34
# of unexpected successes 1
# of expected failures 78
# of unresolved testcases 11
# of untested testcases 7
# of unsupported tests 283
=== gcc Summary ===
# of expected passes 71885
# of unexpected failures 101
# of unexpected successes 3
# of expected failures 228
# of unresolved testcases 38
# of untested testcases 21
# of unsupported tests 849
/usr/local/src/trunk/objdir/gcc/xgcc version 3.5.0 20040123 (experimental)
=== g++ tests ===
Running target unix/-m32
WARNING: program timed out.
FAIL: g++.dg/eh/cleanup1.C (test for excess errors)
WARNING: g++.dg/eh/simd-1.C compilation failed to produce executable
WARNING: g++.dg/eh/simd-2.C compilation failed to produce executable
WARNING: program timed out.
FAIL: g++.dg/parse/stack1.C (test for excess errors)
FAIL: g++.old-deja/g++.eh/cleanup2.C (test for excess errors)
WARNING: g++.old-deja/g++.eh/cleanup2.C compilation failed to produce executable
WARNING: g++.old-deja/g++.mike/p10769a.C compilation failed to produce executable
WARNING: g++.old-deja/g++.other/enum5.C compilation failed to produce executable
XPASS: g++.old-deja/g++.other/init5.C execution test
WARNING: g++.old-deja/g++.pt/friend44.C compilation failed to produce executable
=== g++ Summary for unix/-m32 ===
# of expected passes 9326
# of unexpected failures 3
# of unexpected successes 1
# of expected failures 60
# of unsupported tests 69
Running target unix/-fPIC
WARNING: program timed out.
FAIL: g++.dg/eh/cleanup1.C (test for excess errors)
FAIL: g++.dg/eh/simd-1.C (test for excess errors)
WARNING: g++.dg/eh/simd-1.C compilation failed to produce executable
FAIL: g++.dg/eh/simd-2.C (test for excess errors)
WARNING: g++.dg/eh/simd-2.C compilation failed to produce executable
WARNING: program timed out.
FAIL: g++.dg/parse/stack1.C (test for excess errors)
FAIL: g++.dg/pch/system-1.C -g assembly comparison
FAIL: g++.dg/pch/system-2.C -g assembly comparison
FAIL: g++.old-deja/g++.eh/cleanup2.C (test for excess errors)
WARNING: g++.old-deja/g++.eh/cleanup2.C compilation failed to produce executable
FAIL: g++.old-deja/g++.law/profile1.C execution test
WARNING: g++.old-deja/g++.mike/p10769a.C compilation failed to produce executable
WARNING: g++.old-deja/g++.other/enum5.C compilation failed to produce executable
XPASS: g++.old-deja/g++.other/init5.C execution test
WARNING: g++.old-deja/g++.pt/friend44.C compilation failed to produce executable
=== g++ Summary for unix/-fPIC ===
# of expected passes 9321
# of unexpected failures 8
# of unexpected successes 1
# of expected failures 60
# of unsupported tests 69
Running target unix
WARNING: program timed out.
FAIL: g++.dg/eh/cleanup1.C (test for excess errors)
FAIL: g++.dg/eh/simd-1.C (test for excess errors)
WARNING: g++.dg/eh/simd-1.C compilation failed to produce executable
FAIL: g++.dg/eh/simd-2.C (test for excess errors)
WARNING: g++.dg/eh/simd-2.C compilation failed to produce executable
FAIL: g++.dg/parse/stack1.C (test for excess errors)
FAIL: g++.dg/pch/system-1.C -g assembly comparison
FAIL: g++.dg/pch/system-2.C -g assembly comparison
FAIL: g++.old-deja/g++.eh/cleanup2.C (test for excess errors)
WARNING: g++.old-deja/g++.eh/cleanup2.C compilation failed to produce executable
FAIL: g++.old-deja/g++.law/profile1.C execution test
WARNING: g++.old-deja/g++.mike/p10769a.C compilation failed to produce executable
WARNING: g++.old-deja/g++.other/enum5.C compilation failed to produce executable
XPASS: g++.old-deja/g++.other/init5.C execution test
WARNING: g++.old-deja/g++.pt/friend44.C compilation failed to produce executable
=== g++ Summary for unix ===
# of expected passes 9321
# of unexpected failures 8
# of unexpected successes 1
# of expected failures 60
# of unsupported tests 69
=== g++ Summary ===
# of expected passes 27968
# of unexpected failures 19
# of unexpected successes 3
# of expected failures 180
# of unsupported tests 207
/usr/local/src/trunk/objdir/gcc/testsuite/../g++ version 3.5.0 20040123 (experimental)
=== objc tests ===
Running target unix/-m32
=== objc Summary for unix/-m32 ===
# of expected passes 1341
# of unsupported tests 8
Running target unix/-fPIC
FAIL: objc.dg/call-super-2.m (test for excess errors)
FAIL: objc.dg/desig-init-1.m (test for excess errors)
FAIL: objc.dg/encode-2.m execution test
FAIL: objc.dg/encode-3.m execution test
FAIL: objc.dg/proto-qual-1.m execution test
=== objc Summary for unix/-fPIC ===
# of expected passes 1336
# of unexpected failures 5
# of unsupported tests 8
Running target unix
FAIL: objc.dg/call-super-2.m (test for excess errors)
FAIL: objc.dg/desig-init-1.m (test for excess errors)
FAIL: objc.dg/encode-2.m execution test
FAIL: objc.dg/encode-3.m execution test
FAIL: objc.dg/proto-qual-1.m execution test
=== objc Summary for unix ===
# of expected passes 1336
# of unexpected failures 5
# of unsupported tests 8
=== objc Summary ===
# of expected passes 4013
# of unexpected failures 10
# of unsupported tests 24
/usr/local/src/trunk/objdir/gcc/xgcc version 3.5.0 20040123 (experimental)
=== ld tests ===
Running target unix/-m32
ERROR: /usr/local/src/trunk/gcc-binutils/ld/testsuite/ld-cdtest/cdtest-foo.cc: compilation failed
UNRESOLVED: cdtest
UNRESOLVED: cdtest with -Ur
FAIL: size/aligment change of common symbols (change 1)
FAIL: size/aligment change of common symbols (change 2)
FAIL: visibility (hidden) (non PIC)
FAIL: visibility (hidden) (non PIC, load offset)
FAIL: visibility (hidden)
FAIL: visibility (hidden) (PIC main, non PIC so)
FAIL: visibility (hidden) (PIC main)
FAIL: visibility (hidden_normal) (non PIC)
FAIL: visibility (hidden_normal) (non PIC, load offset)
FAIL: visibility (hidden_normal)
FAIL: visibility (hidden_normal) (PIC main, non PIC so)
FAIL: visibility (hidden_normal) (PIC main)
FAIL: visibility (hidden_undef_def) (non PIC)
FAIL: visibility (hidden_undef_def) (non PIC, load offset)
FAIL: visibility (hidden_undef_def)
FAIL: visibility (hidden_undef_def) (PIC main, non PIC so)
FAIL: visibility (hidden_undef_def) (PIC main)
FAIL: visibility (hidden_weak) (non PIC)
FAIL: visibility (hidden_weak) (non PIC, load offset)
FAIL: visibility (hidden_weak)
FAIL: visibility (hidden_weak) (PIC main, non PIC so)
FAIL: visibility (hidden_weak) (PIC main)
FAIL: visibility (protected_weak) (non PIC)
FAIL: visibility (protected_weak) (non PIC, load offset)
FAIL: visibility (protected_weak)
FAIL: visibility (protected_weak) (PIC main, non PIC so)
FAIL: visibility (protected_weak) (PIC main)
FAIL: visibility (normal) (non PIC)
FAIL: visibility (normal) (non PIC, load offset)
FAIL: visibility (normal)
FAIL: visibility (normal) (PIC main, non PIC so)
FAIL: visibility (normal) (PIC main)
FAIL: common hidden symbol
FAIL: weak hidden symbol
FAIL: ELF weak
FAIL: shared (non PIC)
FAIL: shared (non PIC, load offset)
FAIL: shared
FAIL: shared -Bsymbolic
FAIL: shared (PIC main, non PIC so)
FAIL: shared (PIC main)
FAIL: S-records
FAIL: S-records with constructors
=== ld Summary for unix/-m32 ===
# of expected passes 107
# of unexpected failures 43
# of expected failures 19
# of unresolved testcases 2
Running target unix/-fPIC
ERROR: /usr/local/src/trunk/gcc-binutils/ld/testsuite/ld-cdtest/cdtest-foo.cc: compilation failed
UNRESOLVED: cdtest
UNRESOLVED: cdtest with -Ur
FAIL: visibility (hidden_undef_def) (non PIC)
FAIL: visibility (hidden_undef_def) (non PIC, load offset)
FAIL: visibility (hidden_undef_def)
FAIL: visibility (hidden_undef_def) (PIC main, non PIC so)
FAIL: visibility (hidden_undef_def) (PIC main)
FAIL: ELF weak func first DSO
FAIL: ELF weak func last DSO
FAIL: ELF weak data first DSO
FAIL: ELF weak data last DSO
FAIL: ELF weak data first DSO common
FAIL: ELF weak data last DSO common
FAIL: S-records
FAIL: S-records with constructors
=== ld Summary for unix/-fPIC ===
# of expected passes 169
# of unexpected failures 13
# of expected failures 9
# of unresolved testcases 2
Running target unix
ERROR: /usr/local/src/trunk/gcc-binutils/ld/testsuite/ld-cdtest/cdtest-foo.cc: compilation failed
UNRESOLVED: cdtest
UNRESOLVED: cdtest with -Ur
FAIL: visibility (hidden_normal) (non PIC)
FAIL: visibility (hidden_normal) (non PIC, load offset)
FAIL: visibility (hidden_normal) (PIC main, non PIC so)
FAIL: visibility (hidden_undef_def) (non PIC)
FAIL: visibility (hidden_undef_def) (non PIC, load offset)
FAIL: visibility (hidden_undef_def)
FAIL: visibility (hidden_undef_def) (PIC main, non PIC so)
FAIL: visibility (hidden_undef_def) (PIC main)
FAIL: visibility (hidden_weak) (non PIC)
FAIL: visibility (hidden_weak) (non PIC, load offset)
FAIL: visibility (hidden_weak) (PIC main, non PIC so)
FAIL: visibility (protected) (non PIC)
FAIL: visibility (protected) (non PIC, load offset)
FAIL: visibility (protected) (PIC main, non PIC so)
FAIL: visibility (protected_undef_def) (non PIC)
FAIL: visibility (protected_undef_def) (non PIC, load offset)
FAIL: visibility (protected_undef_def) (PIC main, non PIC so)
FAIL: visibility (protected_weak) (non PIC)
FAIL: visibility (protected_weak) (non PIC, load offset)
FAIL: visibility (protected_weak) (PIC main, non PIC so)
FAIL: visibility (normal) (non PIC)
FAIL: visibility (normal) (non PIC, load offset)
FAIL: visibility (normal) (PIC main, non PIC so)
FAIL: ELF weak func first DSO
FAIL: ELF weak func last DSO
FAIL: ELF weak data first DSO
FAIL: ELF weak data last DSO
FAIL: ELF weak data first DSO common
FAIL: ELF weak data last DSO common
FAIL: shared (non PIC)
FAIL: shared (non PIC, load offset)
FAIL: shared (PIC main, non PIC so)
=== ld Summary for unix ===
# of expected passes 150
# of unexpected failures 32
# of expected failures 9
# of unresolved testcases 2
=== ld Summary ===
# of expected passes 426
# of unexpected failures 88
# of expected failures 37
# of unresolved testcases 6
=== libffi tests ===
Running target unix/-m32
FAIL: libffi.call/cls_12byte.c execution test
FAIL: libffi.call/cls_16byte.c execution test
FAIL: libffi.call/cls_18byte.c execution test
FAIL: libffi.call/cls_19byte.c execution test
FAIL: libffi.call/cls_1_1byte.c execution test
FAIL: libffi.call/cls_20byte.c execution test
FAIL: libffi.call/cls_20byte1.c execution test
FAIL: libffi.call/cls_24byte.c execution test
FAIL: libffi.call/cls_2byte.c execution test
FAIL: libffi.call/cls_3_1byte.c execution test
FAIL: libffi.call/cls_3byte1.c execution test
FAIL: libffi.call/cls_3byte2.c execution test
FAIL: libffi.call/cls_4_1byte.c execution test
FAIL: libffi.call/cls_4byte.c execution test
FAIL: libffi.call/cls_5byte.c execution test
FAIL: libffi.call/cls_64byte.c execution test
FAIL: libffi.call/cls_6byte.c execution test
FAIL: libffi.call/cls_7byte.c execution test
FAIL: libffi.call/cls_8byte.c execution test
FAIL: libffi.call/cls_9byte1.c execution test
FAIL: libffi.call/cls_9byte2.c execution test
FAIL: libffi.call/cls_align_double.c execution test
FAIL: libffi.call/cls_align_float.c execution test
FAIL: libffi.call/cls_align_longdouble.c execution test
FAIL: libffi.call/cls_align_pointer.c execution test
FAIL: libffi.call/cls_align_sint16.c execution test
FAIL: libffi.call/cls_align_sint32.c execution test
FAIL: libffi.call/cls_align_sint64.c execution test
FAIL: libffi.call/cls_align_uint16.c execution test
FAIL: libffi.call/cls_align_uint32.c execution test
FAIL: libffi.call/cls_align_uint64.c execution test
FAIL: libffi.call/nested_struct.c execution test
FAIL: libffi.call/nested_struct1.c execution test
FAIL: libffi.call/nested_struct2.c execution test
FAIL: libffi.call/nested_struct3.c execution test
FAIL: libffi.call/problem1.c execution test
FAIL: libffi.call/struct3.c execution test
=== libffi Summary for unix/-m32 ===
# of expected passes 139
# of unexpected failures 37
# of unsupported tests 2
Running target unix/-fPIC
FAIL: libffi.call/cls_12byte.c execution test
FAIL: libffi.call/cls_16byte.c output pattern test, is 7 8 9 1 9 3: 8 17 12
FAIL: libffi.call/cls_18byte.c output pattern test, is 1 127 126 3 4 125 124 5: 5 252 250 8
FAIL: libffi.call/cls_19byte.c output pattern test, is 1 127 126 3 120 4 125 124 5 119: 5 252 250 8 239
FAIL: libffi.call/cls_1_1byte.c execution test
FAIL: libffi.call/cls_20byte.c output pattern test, is 1 2 3 4 5 7: 5 7 10
FAIL: libffi.call/cls_20byte1.c output pattern test, is 1 2 3 4 5 7: 5 7 10
FAIL: libffi.call/cls_24byte.c output pattern test, is 9 2 6 5 1 2 3 7 4 5 7 9 8 6 1 9: 22 15 17 25
FAIL: libffi.call/cls_2byte.c execution test
FAIL: libffi.call/cls_3_1byte.c execution test
FAIL: libffi.call/cls_3byte1.c execution test
FAIL: libffi.call/cls_3byte2.c execution test
FAIL: libffi.call/cls_4_1byte.c execution test
FAIL: libffi.call/cls_4byte.c execution test
FAIL: libffi.call/cls_5byte.c execution test
FAIL: libffi.call/cls_64byte.c execution test
FAIL: libffi.call/cls_6byte.c execution test
FAIL: libffi.call/cls_7byte.c execution test
FAIL: libffi.call/cls_8byte.c execution test
FAIL: libffi.call/cls_9byte1.c execution test
FAIL: libffi.call/cls_9byte2.c execution test
FAIL: libffi.call/cls_align_double.c output pattern test, is 12 4951 127 1 9320 13: 13 14271 140
FAIL: libffi.call/cls_align_float.c execution test
FAIL: libffi.call/cls_align_longdouble.c execution test
FAIL: libffi.call/cls_align_pointer.c output pattern test, is 12 4951 127 1 9320 13: 13 14271 140
FAIL: libffi.call/cls_align_sint16.c execution test
FAIL: libffi.call/cls_align_sint32.c execution test
FAIL: libffi.call/cls_align_sint64.c output pattern test, is 12 4951 127 1 9320 13: 13 14271 140
FAIL: libffi.call/cls_align_uint16.c execution test
FAIL: libffi.call/cls_align_uint32.c execution test
FAIL: libffi.call/cls_align_uint64.c output pattern test, is 12 4951 127 1 9320 13: 13 14271 140
FAIL: libffi.call/nested_struct.c execution test
FAIL: libffi.call/nested_struct1.c execution test
FAIL: libffi.call/nested_struct2.c execution test
FAIL: libffi.call/nested_struct3.c execution test
FAIL: libffi.call/problem1.c output pattern test, is 1 2 3 1 2 3: 2 4 6
FAIL: libffi.call/pyobjc-tc.c execution test
=== libffi Summary for unix/-fPIC ===
# of expected passes 150
# of unexpected failures 37
# of unsupported tests 2
Running target unix
FAIL: libffi.call/cls_12byte.c execution test
FAIL: libffi.call/cls_16byte.c output pattern test, is 7 8 9 1 9 3: 8 17 12
FAIL: libffi.call/cls_18byte.c output pattern test, is 1 127 126 3 4 125 124 5: 5 252 250 8
FAIL: libffi.call/cls_19byte.c output pattern test, is 1 127 126 3 120 4 125 124 5 119: 5 252 250 8 239
FAIL: libffi.call/cls_1_1byte.c execution test
FAIL: libffi.call/cls_20byte.c output pattern test, is 1 2 3 4 5 7: 5 7 10
FAIL: libffi.call/cls_20byte1.c output pattern test, is 1 2 3 4 5 7: 5 7 10
FAIL: libffi.call/cls_24byte.c output pattern test, is 9 2 6 5 1 2 3 7 4 5 7 9 8 6 1 9: 22 15 17 25
FAIL: libffi.call/cls_2byte.c execution test
FAIL: libffi.call/cls_3_1byte.c execution test
FAIL: libffi.call/cls_3byte1.c execution test
FAIL: libffi.call/cls_3byte2.c execution test
FAIL: libffi.call/cls_4_1byte.c execution test
FAIL: libffi.call/cls_4byte.c execution test
FAIL: libffi.call/cls_5byte.c execution test
FAIL: libffi.call/cls_64byte.c execution test
FAIL: libffi.call/cls_6byte.c execution test
FAIL: libffi.call/cls_7byte.c execution test
FAIL: libffi.call/cls_8byte.c execution test
FAIL: libffi.call/cls_9byte1.c execution test
FAIL: libffi.call/cls_9byte2.c execution test
FAIL: libffi.call/cls_align_double.c output pattern test, is 12 4951 127 1 9320 13: 13 14271 140
FAIL: libffi.call/cls_align_float.c execution test
FAIL: libffi.call/cls_align_longdouble.c execution test
FAIL: libffi.call/cls_align_pointer.c output pattern test, is 12 4951 127 1 9320 13: 13 14271 140
FAIL: libffi.call/cls_align_sint16.c execution test
FAIL: libffi.call/cls_align_sint32.c execution test
FAIL: libffi.call/cls_align_sint64.c output pattern test, is 12 4951 127 1 9320 13: 13 14271 140
FAIL: libffi.call/cls_align_uint16.c execution test
FAIL: libffi.call/cls_align_uint32.c execution test
FAIL: libffi.call/cls_align_uint64.c output pattern test, is 12 4951 127 1 9320 13: 13 14271 140
FAIL: libffi.call/nested_struct.c execution test
FAIL: libffi.call/nested_struct1.c execution test
FAIL: libffi.call/nested_struct2.c execution test
FAIL: libffi.call/nested_struct3.c execution test
FAIL: libffi.call/problem1.c output pattern test, is 1 2 3 1 2 3: 2 4 6
FAIL: libffi.call/pyobjc-tc.c execution test
=== libffi Summary for unix ===
# of expected passes 150
# of unexpected failures 37
# of unsupported tests 2
=== libffi Summary ===
# of expected passes 439
# of unexpected failures 111
# of unsupported tests 6
=== libjava tests ===
Running target unix/-m32
FAIL: linking simple
WARNING: program timed out.
FAIL: SyncTest execution - source compiled test
WARNING: program timed out.
FAIL: SyncTest execution - gij test
WARNING: program timed out.
FAIL: SyncTest execution - bytecode->native test
WARNING: program timed out.
FAIL: SyncTest -O3 execution - source compiled test
WARNING: program timed out.
FAIL: SyncTest execution - gij test
WARNING: program timed out.
FAIL: SyncTest -O3 execution - bytecode->native test
FAIL: Thread_Interrupt -O3 output - source compiled test
FAIL: Thread_Sleep output - source compiled test
FAIL: pr13107_3 -O3 compilation from source
=== libjava Summary for unix/-m32 ===
# of expected passes 3289
# of unexpected failures 10
# of expected failures 15
# of untested testcases 24
Running target unix/-fPIC
FAIL: linking simple
FAIL: Array_3 execution - source compiled test
FAIL: Array_3 execution - gij test
FAIL: Array_3 execution - bytecode->native test
FAIL: Array_3 -O3 execution - source compiled test
FAIL: Array_3 execution - gij test
FAIL: Array_3 -O3 execution - bytecode->native test
FAIL: Invoke_1 execution - source compiled test
FAIL: Invoke_1 execution - bytecode->native test
FAIL: Invoke_1 -O3 execution - source compiled test
FAIL: Invoke_1 -O3 execution - bytecode->native test
FAIL: PR218 execution - gij test
FAIL: PR218 execution - gij test
FAIL: Thread_Interrupt output - gij test
FAIL: Thread_Interrupt output - bytecode->native test
FAIL: Thread_Sleep -O3 output - bytecode->native test
FAIL: pr13107_3 -O3 compilation from source
=== libjava Summary for unix/-fPIC ===
# of expected passes 3276
# of unexpected failures 17
# of expected failures 15
# of untested testcases 30
Running target unix
FAIL: linking simple
FAIL: Array_3 execution - source compiled test
FAIL: Array_3 execution - gij test
FAIL: Array_3 execution - bytecode->native test
FAIL: Array_3 -O3 execution - source compiled test
FAIL: Array_3 execution - gij test
FAIL: Array_3 -O3 execution - bytecode->native test
FAIL: Invoke_1 execution - source compiled test
FAIL: Invoke_1 execution - bytecode->native test
FAIL: Invoke_1 -O3 execution - source compiled test
FAIL: Invoke_1 -O3 execution - bytecode->native test
FAIL: PR218 execution - gij test
FAIL: PR218 execution - gij test
FAIL: Thread_Interrupt output - bytecode->native test
FAIL: Thread_Sleep output - gij test
FAIL: pr13107_3 -O3 compilation from source
=== libjava Summary for unix ===
# of expected passes 3277
# of unexpected failures 16
# of expected failures 15
# of untested testcases 30
=== libjava Summary ===
# of expected passes 9842
# of unexpected failures 43
# of expected failures 45
# of untested testcases 84
=== libstdc++-v3 check-abi Summary ===
# of added symbols: 664
# of missing symbols: 811
# of incompatible symbols: 1147
=== libstdc++ tests ===
Running target unix/-m32
WARNING: program timed out.
FAIL: 22_locale/codecvt/encoding/wchar_t/wrapped_env.cc (test for excess errors)
FAIL: 22_locale/codecvt/encoding/wchar_t/wrapped_env.cc execution test
FAIL: 22_locale/codecvt/encoding/wchar_t/wrapped_locale.cc execution test
FAIL: 22_locale/codecvt/in/wchar_t/9.cc execution test
FAIL: 22_locale/codecvt/max_length/wchar_t/wrapped_locale.cc execution test
WARNING: program timed out.
FAIL: 22_locale/ctype/scan/char/1.cc (test for excess errors)
WARNING: 22_locale/ctype/scan/char/1.cc compilation failed to produce executable
WARNING: program timed out.
FAIL: 22_locale/ctype/scan/char/wrapped_env.cc (test for excess errors)
WARNING: 22_locale/ctype/scan/char/wrapped_env.cc compilation failed to produce executable
WARNING: program timed out.
FAIL: 22_locale/ctype/scan/char/wrapped_locale.cc (test for excess errors)
WARNING: 22_locale/ctype/scan/char/wrapped_locale.cc compilation failed to produce executable
WARNING: program timed out.
FAIL: 22_locale/ctype/scan/wchar_t/1.cc (test for excess errors)
WARNING: 22_locale/ctype/scan/wchar_t/1.cc compilation failed to produce executable
WARNING: program timed out.
FAIL: 22_locale/ctype/scan/wchar_t/wrapped_env.cc (test for excess errors)
WARNING: 22_locale/ctype/scan/wchar_t/wrapped_env.cc compilation failed to produce executable
WARNING: program timed out.
FAIL: 22_locale/ctype/scan/wchar_t/wrapped_locale.cc (test for excess errors)
WARNING: 22_locale/ctype/scan/wchar_t/wrapped_locale.cc compilation failed to produce executable
FAIL: 22_locale/ctype/widen/wchar_t/2.cc execution test
FAIL: 22_locale/messages/members/char/1.cc execution test
FAIL: 22_locale/messages/members/char/2.cc execution test
FAIL: 22_locale/messages/members/char/wrapped_env.cc execution test
FAIL: 22_locale/messages/members/char/wrapped_locale.cc execution test
FAIL: 22_locale/messages_byname/named_equivalence.cc execution test
WARNING: program timed out.
FAIL: 23_containers/deque/cons/2.cc (test for excess errors)
WARNING: 23_containers/deque/cons/2.cc compilation failed to produce executable
WARNING: program timed out.
FAIL: 23_containers/deque/invalidation/1.cc (test for excess errors)
WARNING: 23_containers/deque/invalidation/1.cc compilation failed to produce executable
WARNING: program timed out.
FAIL: 23_containers/deque/invalidation/4.cc (test for excess errors)
WARNING: 23_containers/deque/invalidation/4.cc compilation failed to produce executable
XPASS: 26_numerics/c99_classification_macros_c.cc (test for excess errors)
WARNING: program timed out.
FAIL: 26_numerics/complex_inserters_extractors.cc (test for excess errors)
WARNING: 26_numerics/complex_inserters_extractors.cc compilation failed to produce executable
FAIL: 27_io/basic_filebuf/imbue/wchar_t/12868.cc execution test
FAIL: 27_io/basic_filebuf/overflow/wchar_t/11305-1.cc execution test
FAIL: 27_io/basic_filebuf/overflow/wchar_t/11305-2.cc execution test
FAIL: 27_io/basic_filebuf/overflow/wchar_t/11305-3.cc execution test
FAIL: 27_io/basic_filebuf/overflow/wchar_t/11305-4.cc execution test
FAIL: 27_io/basic_filebuf/seekoff/wchar_t/1.cc execution test
FAIL: 27_io/basic_filebuf/seekoff/wchar_t/2.cc execution test
FAIL: 27_io/basic_filebuf/seekpos/wchar_t/9874.cc execution test
FAIL: 27_io/basic_filebuf/underflow/wchar_t/1.cc execution test
FAIL: 27_io/basic_filebuf/underflow/wchar_t/2.cc execution test
FAIL: 27_io/basic_filebuf/underflow/wchar_t/3.cc execution test
FAIL: 27_io/basic_filebuf/underflow/wchar_t/9520.cc execution test
WARNING: program timed out.
FAIL: 27_io/basic_istream/extractors_character/char/1.cc (test for excess errors)
WARNING: 27_io/basic_istream/extractors_character/char/1.cc compilation failed to produce executable
WARNING: program timed out.
FAIL: 27_io/basic_istream/extractors_character/char/11095-i.cc (test for excess errors)
WARNING: 27_io/basic_istream/extractors_character/char/11095-i.cc compilation failed to produce executable
WARNING: program timed out.
FAIL: 27_io/basic_istream/extractors_character/char/2.cc (test for excess errors)
WARNING: 27_io/basic_istream/extractors_character/char/2.cc compilation failed to produce executable
WARNING: program timed out.
FAIL: 27_io/basic_ostream/inserters_arithmetic/char/exceptions_failbit_throw.cc (test for excess errors)
WARNING: 27_io/basic_ostream/inserters_arithmetic/char/exceptions_failbit_throw.cc compilation failed to produce executable
WARNING: program timed out.
FAIL: 27_io/basic_streambuf/imbue/char/13007-1.cc (test for excess errors)
WARNING: 27_io/basic_streambuf/imbue/char/13007-1.cc compilation failed to produce executable
WARNING: program timed out.
FAIL: thread/pthread5.cc execution test
WARNING: program timed out.
FAIL: thread/pthread6.cc execution test
=== libstdc++ Summary for unix/-m32 ===
# of expected passes 2457
# of unexpected failures 40
# of unexpected successes 1
# of expected failures 11
Running target unix/-fPIC
FAIL: 22_locale/codecvt/encoding/wchar_t/wrapped_locale.cc execution test
FAIL: 22_locale/codecvt/in/wchar_t/9.cc execution test
FAIL: 22_locale/codecvt/max_length/wchar_t/wrapped_locale.cc execution test
WARNING: program timed out.
FAIL: 22_locale/ctype/scan/char/1.cc (test for excess errors)
WARNING: 22_locale/ctype/scan/char/1.cc compilation failed to produce executable
WARNING: program timed out.
FAIL: 22_locale/ctype/scan/char/wrapped_env.cc (test for excess errors)
WARNING: 22_locale/ctype/scan/char/wrapped_env.cc compilation failed to produce executable
WARNING: program timed out.
FAIL: 22_locale/ctype/scan/char/wrapped_locale.cc (test for excess errors)
WARNING: 22_locale/ctype/scan/char/wrapped_locale.cc compilation failed to produce executable
WARNING: program timed out.
FAIL: 22_locale/ctype/scan/wchar_t/1.cc (test for excess errors)
WARNING: 22_locale/ctype/scan/wchar_t/1.cc compilation failed to produce executable
FAIL: 22_locale/ctype/widen/wchar_t/2.cc execution test
FAIL: 22_locale/num_get/get/wchar_t/wrapped_locale.cc execution test
FAIL: 27_io/basic_filebuf/imbue/wchar_t/12868.cc execution test
FAIL: 27_io/basic_filebuf/overflow/wchar_t/11305-1.cc execution test
FAIL: 27_io/basic_filebuf/overflow/wchar_t/11305-2.cc execution test
FAIL: 27_io/basic_filebuf/overflow/wchar_t/11305-3.cc execution test
FAIL: 27_io/basic_filebuf/overflow/wchar_t/11305-4.cc execution test
FAIL: 27_io/basic_filebuf/seekoff/wchar_t/1.cc execution test
FAIL: 27_io/basic_filebuf/seekoff/wchar_t/2.cc execution test
FAIL: 27_io/basic_filebuf/seekpos/wchar_t/9874.cc execution test
FAIL: 27_io/basic_filebuf/underflow/wchar_t/1.cc execution test
FAIL: 27_io/basic_filebuf/underflow/wchar_t/2.cc execution test
FAIL: 27_io/basic_filebuf/underflow/wchar_t/3.cc execution test
FAIL: 27_io/basic_filebuf/underflow/wchar_t/9520.cc execution test
FAIL: ext/enc_filebuf/char/13189.cc (test for excess errors)
WARNING: ext/enc_filebuf/char/13189.cc compilation failed to produce executable
FAIL: ext/enc_filebuf/wchar_t/13189.cc (test for excess errors)
WARNING: ext/enc_filebuf/wchar_t/13189.cc compilation failed to produce executable
=== libstdc++ Summary for unix/-fPIC ===
# of expected passes 2483
# of unexpected failures 23
# of expected failures 12
Running target unix
FAIL: 22_locale/codecvt/encoding/wchar_t/wrapped_locale.cc execution test
FAIL: 22_locale/codecvt/in/wchar_t/9.cc execution test
FAIL: 22_locale/codecvt/max_length/wchar_t/wrapped_locale.cc execution test
FAIL: 22_locale/ctype/widen/wchar_t/2.cc execution test
FAIL: 22_locale/num_get/get/wchar_t/wrapped_locale.cc execution test
XPASS: 26_numerics/c99_classification_macros_c.cc (test for excess errors)
FAIL: 27_io/basic_filebuf/imbue/wchar_t/12868.cc execution test
FAIL: 27_io/basic_filebuf/overflow/wchar_t/11305-1.cc execution test
FAIL: 27_io/basic_filebuf/overflow/wchar_t/11305-2.cc execution test
FAIL: 27_io/basic_filebuf/overflow/wchar_t/11305-3.cc execution test
FAIL: 27_io/basic_filebuf/overflow/wchar_t/11305-4.cc execution test
FAIL: 27_io/basic_filebuf/seekoff/wchar_t/1.cc execution test
FAIL: 27_io/basic_filebuf/seekoff/wchar_t/2.cc execution test
FAIL: 27_io/basic_filebuf/seekpos/wchar_t/9874.cc execution test
FAIL: 27_io/basic_filebuf/underflow/wchar_t/1.cc execution test
FAIL: 27_io/basic_filebuf/underflow/wchar_t/2.cc execution test
FAIL: 27_io/basic_filebuf/underflow/wchar_t/3.cc execution test
FAIL: 27_io/basic_filebuf/underflow/wchar_t/9520.cc execution test
=== libstdc++ Summary for unix ===
# of expected passes 2495
# of unexpected failures 17
# of unexpected successes 1
# of expected failures 11
=== libstdc++ Summary ===
# of expected passes 7435
# of unexpected failures 80
# of unexpected successes 2
# of expected failures 34
Compiler version: 3.5.0 20040123 (experimental)
Platform: sparc64-unknown-linux-gnu
configure flags: sparc64-linux --prefix=/usr/local/gcc-binutils --enable-__cxa_atexit --enable-shared --enable-threads=posix --with-system-zlib --enable-clocale=gnu
Counting all warnings,
there are 204 warnings in stage0 of this bootstrap.
Number of warnings per file:
30 libiberty/regex.c
30 libiberty/concat.c
19 libjava/java/lang/mprec.c
10 /usr/local/src/trunk/gcc-binutils/binutils/bucomm.c
9 ./java/lang/Integer.h
8 libjava/java/lang/strtod.c
8 libjava/java/lang/dtoa.c
7 include/xregex2.h
6 libjava/java/lang/natClassLoader.cc
6 libjava/java/lang/e_exp.c
6 libf2c/libI77/rsne.c
4 libobjc/linking.m
4 libffi/src/sparc/v8.S
4 <command line>
3 libiberty/floatformat.c
2 /usr/local/src/trunk/gcc-binutils/boehm-gc/mark_rts.c
2 libobjc/sendmsg.c
2 libobjc/Protocol.m
2 libobjc/Object.m
2 libobjc/encoding.c
2 libjava/verify.cc
2 libjava/prims.cc
2 libjava/jni.cc
2 libjava/java/lang/natClass.cc
2 libjava/java/lang/e_rem_pio2.c
2 libjava/java/lang/e_asin.c
2 libjava/gnu/gcj/io/shs.cc
2 libjava/boehm.cc
2 libf2c/libI77/open.c
2 libf2c/libI77/inquire.c
2 java/net/natNetworkInterface.cc
2 include/private/../gc_config_macros.h
2 include/java-signal.h
2 include/gc_config_macros.h
2 gcc/coretypes.h
1 /usr/local/src/trunk/gcc-binutils/gas/config/tc-sparc.c
1 ./runtime-info.h
1 libffi/src/sparc/v9.S
1 libffi/src/sparc/ffi.c
1 lex.yy.c
1 fastjar/jartool.c
1 checking sys/isa_defs.h usability... /usr/local/src/trunk/gcc-binutils/libiberty/floatformat.c
1 checking for working mmap... /usr/local/src/trunk/gcc-binutils/libiberty/floatformat.c
1 checking for size_t... /usr/local/src/trunk/gcc-binutils/libiberty/floatformat.c
1 checking for mbstate_t... /usr/local/src/trunk/gcc-binutils/libffi/src/sparc/v9.S
Number of warning types:
30 traditional C rejects ISO C style function definitions
24 signed and unsigned type in conditional expression
12 suggest parentheses around + or - inside shift
10 the use of \`???' is dangerous, better use \`???'
9 this is the location of the previous definition
9 this decimal constant is unsigned only in ISO C90
8 dereferencing type-punned pointer will break strict-aliasing rules
8 comparison between signed and unsigned integer expressions
7 ISO C90 does not support \`static' or type qualifiers in parameter array declarators
6 use of C99 hexadecimal floating constant
6 unused parameter 'preg'
4 suggest parentheses around assignment used as truth value
4 \`GC_LINUX_THREADS' redefined
4 cast from pointer to integer of different size
3 suggest parentheses around arithmetic in operand of |
3 \`STACKFRAME' redefined
2 'z' might be used uninitialized in this function
2 'x' might be used uninitialized in this function
2 'x0' might be used uninitialized in this function
2 'void __rt_sigreturn_stub()' defined but not used
2 'void byteReverse()' declared \`static' but never defined
2 unused parameter '_p'
2 unused parameter 'fmt'
2 unused parameter 'args_size'
2 't' might be used uninitialized in this function
2 'target_flags' defined but not used
2 'spec_case' might be used uninitialized in this function
2 \`rtx' redefined
2 'mlo' might be used uninitialized in this function
2 'lo' might be used uninitialized in this function
2 'k' might be used uninitialized in this function
2 'ilim' might be used uninitialized in this function
2 'ilim1' might be used uninitialized in this function
2 'hi' might be used uninitialized in this function
2 function returns address of local variable
2 'dn' might be used uninitialized in this function
2 'dn0' might be used uninitialized in this function
2 'delta' might be used uninitialized in this function
2 comparison between signed and unsigned
2 'bs' might be used uninitialized in this function
2 'bd' might be used uninitialized in this function
2 'bb' might be used uninitialized in this function
1 'yyunput' defined but not used
1 unused variable \`???'
1 'struct_forward_array' defined but not used
1 string length \`???' is greater than the length \`???' ISO C89 compilers are required to support
1 conflicting types for built-in function 'log2'
Counting all warnings,
there are 16 warnings in stage3 of this bootstrap.
Number of warnings per file:
5 /usr/share/bison/bison.simple
3 gengtype-lex.c
3 gcc/gcc.c
2 gcc/objc/lang-specs.h
2 gcc/f/sta.c
1 gcc/java/jvspec.c
Number of warning types:
6 string length \`???' is greater than the length \`???' ISO C89 compilers are required to support
6 old-style parameter declaration
2 label \`???' defined but not used
2 dereferencing type-punned pointer will break strict-aliasing rules
More information about the Gcc-testresults
mailing list