Results for 3.5.0-libobjc 20040125 (merged 20040125) testsuite on i686-unknown-openbsd3.1

Andrew Thomas Pinski pinskia@physics.uc.edu
Sun Jan 25 10:05:00 GMT 2004


LAST_UPDATED: Sun Jan 25 08:16:07 UTC 2004

Native configuration is i686-unknown-openbsd3.1

		=== gcc tests ===


Running target unix
FAIL: gcc.c-torture/compile/20001226-1.c (test for excess errors)
FAIL: gcc.c-torture/execute/conversion.c execution,  -O0 
FAIL: gcc.c-torture/execute/conversion.c execution,  -O1 
FAIL: gcc.c-torture/execute/conversion.c execution,  -O2 
FAIL: gcc.c-torture/execute/conversion.c execution,  -Os 
FAIL: gcc.c-torture/execute/va-arg-10.c compilation,  -O0 
UNRESOLVED: gcc.c-torture/execute/va-arg-10.c execution,  -O0 
FAIL: gcc.c-torture/execute/va-arg-10.c compilation,  -O1 
UNRESOLVED: gcc.c-torture/execute/va-arg-10.c execution,  -O1 
FAIL: gcc.c-torture/execute/va-arg-10.c compilation,  -O2 
UNRESOLVED: gcc.c-torture/execute/va-arg-10.c execution,  -O2 
FAIL: gcc.c-torture/execute/va-arg-10.c compilation,  -O3 -fomit-frame-pointer 
UNRESOLVED: gcc.c-torture/execute/va-arg-10.c execution,  -O3 -fomit-frame-pointer 
FAIL: gcc.c-torture/execute/va-arg-10.c compilation,  -O3 -fomit-frame-pointer -funroll-loops 
UNRESOLVED: gcc.c-torture/execute/va-arg-10.c execution,  -O3 -fomit-frame-pointer -funroll-loops 
FAIL: gcc.c-torture/execute/va-arg-10.c compilation,  -O3 -fomit-frame-pointer -funroll-all-loops -finline-functions 
UNRESOLVED: gcc.c-torture/execute/va-arg-10.c execution,  -O3 -fomit-frame-pointer -funroll-all-loops -finline-functions 
FAIL: gcc.c-torture/execute/va-arg-10.c compilation,  -O3 -g 
UNRESOLVED: gcc.c-torture/execute/va-arg-10.c execution,  -O3 -g 
FAIL: gcc.c-torture/execute/va-arg-10.c compilation,  -Os 
UNRESOLVED: gcc.c-torture/execute/va-arg-10.c execution,  -Os 
FAIL: gcc.c-torture/execute/va-arg-14.c compilation,  -O0 
UNRESOLVED: gcc.c-torture/execute/va-arg-14.c execution,  -O0 
FAIL: gcc.c-torture/execute/va-arg-14.c compilation,  -O1 
UNRESOLVED: gcc.c-torture/execute/va-arg-14.c execution,  -O1 
FAIL: gcc.c-torture/execute/va-arg-14.c compilation,  -O2 
UNRESOLVED: gcc.c-torture/execute/va-arg-14.c execution,  -O2 
FAIL: gcc.c-torture/execute/va-arg-14.c compilation,  -O3 -fomit-frame-pointer 
UNRESOLVED: gcc.c-torture/execute/va-arg-14.c execution,  -O3 -fomit-frame-pointer 
FAIL: gcc.c-torture/execute/va-arg-14.c compilation,  -O3 -g 
UNRESOLVED: gcc.c-torture/execute/va-arg-14.c execution,  -O3 -g 
FAIL: gcc.c-torture/execute/va-arg-14.c compilation,  -Os 
UNRESOLVED: gcc.c-torture/execute/va-arg-14.c execution,  -Os 
FAIL: gcc.c-torture/execute/va-arg-21.c execution,  -O0 
FAIL: gcc.c-torture/execute/va-arg-21.c execution,  -O1 
FAIL: gcc.c-torture/execute/va-arg-21.c execution,  -O2 
FAIL: gcc.c-torture/execute/va-arg-21.c execution,  -O3 -fomit-frame-pointer 
FAIL: gcc.c-torture/execute/va-arg-21.c execution,  -O3 -fomit-frame-pointer -funroll-loops 
FAIL: gcc.c-torture/execute/va-arg-21.c execution,  -O3 -fomit-frame-pointer -funroll-all-loops -finline-functions 
FAIL: gcc.c-torture/execute/va-arg-21.c execution,  -O3 -g 
FAIL: gcc.c-torture/execute/va-arg-21.c execution,  -Os 
FAIL: gcc.c-torture/execute/va-arg-25.c execution,  -O0 
FAIL: gcc.c-torture/execute/va-arg-25.c execution,  -O1 
FAIL: gcc.c-torture/execute/va-arg-25.c execution,  -O2 
FAIL: gcc.c-torture/execute/va-arg-25.c execution,  -O3 -fomit-frame-pointer 
FAIL: gcc.c-torture/execute/va-arg-25.c execution,  -O3 -g 
FAIL: gcc.c-torture/execute/va-arg-25.c execution,  -Os 
FAIL: gcc.c-torture/execute/ieee/rbug.c execution,  -O0 
FAIL: gcc.c-torture/execute/ieee/rbug.c execution,  -O1 
FAIL: gcc.c-torture/execute/ieee/rbug.c execution,  -O2 
FAIL: gcc.c-torture/execute/ieee/rbug.c execution,  -Os 
FAIL: gcc.dg/20021014-1.c (test for excess errors)
WARNING: gcc.dg/20021014-1.c compilation failed to produce executable
FAIL: gcc.dg/builtins-18.c (test for excess errors)
FAIL: gcc.dg/builtins-20.c (test for excess errors)
FAIL: gcc.dg/c99-bool-1.c bad stdbool.h (test for bogus messages, line 17)
WARNING: gcc.dg/c99-bool-1.c compilation failed to produce executable
FAIL: gcc.dg/c99-float-1.c (test for excess errors)
FAIL: gcc.dg/cleanup-5.c (test for excess errors)
WARNING: gcc.dg/cleanup-5.c compilation failed to produce executable
FAIL: gcc.dg/i386-mmx-1.c (test for excess errors)
FAIL: gcc.dg/i386-mmx-2.c (test for excess errors)
FAIL: gcc.dg/i386-sse-1.c (test for excess errors)
FAIL: gcc.dg/i386-sse-2.c (test for excess errors)
FAIL: gcc.dg/i386-sse-3.c (test for excess errors)
FAIL: gcc.dg/i386-sse-6.c (test for excess errors)
WARNING: gcc.dg/i386-sse-6.c compilation failed to produce executable
FAIL: gcc.dg/i386-ssetype-1.c (test for excess errors)
ERROR: gcc.dg/i386-ssetype-1.c: error executing dg-final: couldn't open "i386-ssetype-1.s": no such file or directory
UNRESOLVED: gcc.dg/i386-ssetype-1.c: error executing dg-final: couldn't open "i386-ssetype-1.s": no such file or directory
FAIL: gcc.dg/i386-ssetype-2.c (test for excess errors)
ERROR: gcc.dg/i386-ssetype-2.c: error executing dg-final: couldn't open "i386-ssetype-2.s": no such file or directory
UNRESOLVED: gcc.dg/i386-ssetype-2.c: error executing dg-final: couldn't open "i386-ssetype-2.s": no such file or directory
FAIL: gcc.dg/i386-ssetype-3.c (test for excess errors)
ERROR: gcc.dg/i386-ssetype-3.c: error executing dg-final: couldn't open "i386-ssetype-3.s": no such file or directory
UNRESOLVED: gcc.dg/i386-ssetype-3.c: error executing dg-final: couldn't open "i386-ssetype-3.s": no such file or directory
FAIL: gcc.dg/i386-ssetype-4.c (test for excess errors)
ERROR: gcc.dg/i386-ssetype-4.c: error executing dg-final: couldn't open "i386-ssetype-4.s": no such file or directory
UNRESOLVED: gcc.dg/i386-ssetype-4.c: error executing dg-final: couldn't open "i386-ssetype-4.s": no such file or directory
FAIL: gcc.dg/i386-ssetype-5.c (test for excess errors)
ERROR: gcc.dg/i386-ssetype-5.c: error executing dg-final: couldn't open "i386-ssetype-5.s": no such file or directory
UNRESOLVED: gcc.dg/i386-ssetype-5.c: error executing dg-final: couldn't open "i386-ssetype-5.s": no such file or directory
FAIL: gcc.dg/nest.c (test for excess errors)
WARNING: gcc.dg/nest.c compilation failed to produce executable
FAIL: gcc.dg/va-arg-1.c char (test for warnings, line 10)
FAIL: gcc.dg/va-arg-1.c short (test for warnings, line 11)
FAIL: gcc.dg/va-arg-1.c float (test for warnings, line 12)
FAIL: gcc.dg/va-arg-2.c In file included from (test for errors, line 6)
FAIL: gcc.dg/va-arg-2.c #error 1 (test for errors, line 4)
FAIL: gcc.dg/va-arg-2.c #error 2 (test for errors, line 5)
FAIL: gcc.dg/wchar_t-1.c (test for excess errors)
FAIL: gcc.dg/wint_t-1.c (test for excess errors)
FAIL: gcc.dg/special/weak-1.c execution test

		=== gcc Summary ===

# of expected passes		23914
# of unexpected failures	64
# of expected failures		62
# of unresolved testcases	19
# of untested testcases		7
# of unsupported tests		188
/export/gates/pinskia/src/gnu/gcc-libobjc/src/objdir.openbsd/gcc/xgcc version 3.5.0-libobjc 20040125 (merged 20040125)

		=== objc tests ===


Running target unix
FAIL: objc/execute/_cmd.m execution,  -O0 
FAIL: objc/execute/_cmd.m execution,  -O1 
FAIL: objc/execute/_cmd.m execution,  -O2 
FAIL: objc/execute/_cmd.m execution,  -O3 -fomit-frame-pointer 
FAIL: objc/execute/_cmd.m execution,  -O3 -g 
FAIL: objc/execute/_cmd.m execution,  -Os 
FAIL: objc/execute/accessing_ivars.m execution,  -O0 
FAIL: objc/execute/accessing_ivars.m execution,  -O1 
FAIL: objc/execute/accessing_ivars.m execution,  -O2 
FAIL: objc/execute/accessing_ivars.m execution,  -O3 -fomit-frame-pointer 
FAIL: objc/execute/accessing_ivars.m execution,  -O3 -g 
FAIL: objc/execute/accessing_ivars.m execution,  -Os 
FAIL: objc/execute/bycopy-2.m execution,  -O0 
FAIL: objc/execute/bycopy-2.m execution,  -O1 
FAIL: objc/execute/bycopy-2.m execution,  -O2 
FAIL: objc/execute/bycopy-2.m execution,  -O3 -fomit-frame-pointer 
FAIL: objc/execute/bycopy-2.m execution,  -O3 -g 
FAIL: objc/execute/bycopy-2.m execution,  -Os 
FAIL: objc/execute/bycopy-3.m execution,  -O0 
FAIL: objc/execute/bycopy-3.m execution,  -O1 
FAIL: objc/execute/bycopy-3.m execution,  -O2 
FAIL: objc/execute/bycopy-3.m execution,  -O3 -fomit-frame-pointer 
FAIL: objc/execute/bycopy-3.m execution,  -O3 -g 
FAIL: objc/execute/bycopy-3.m execution,  -Os 
FAIL: objc/execute/cascading-1.m execution,  -O0 
FAIL: objc/execute/cascading-1.m execution,  -O1 
FAIL: objc/execute/cascading-1.m execution,  -O2 
FAIL: objc/execute/cascading-1.m execution,  -O3 -fomit-frame-pointer 
FAIL: objc/execute/cascading-1.m execution,  -O3 -g 
FAIL: objc/execute/cascading-1.m execution,  -Os 
FAIL: objc/execute/class-1.m execution,  -O0 
FAIL: objc/execute/class-1.m execution,  -O1 
FAIL: objc/execute/class-1.m execution,  -O2 
FAIL: objc/execute/class-1.m execution,  -O3 -fomit-frame-pointer 
FAIL: objc/execute/class-1.m execution,  -O3 -g 
FAIL: objc/execute/class-1.m execution,  -Os 
FAIL: objc/execute/class-10.m execution,  -O0 
FAIL: objc/execute/class-10.m execution,  -O1 
FAIL: objc/execute/class-10.m execution,  -O2 
FAIL: objc/execute/class-10.m execution,  -O3 -fomit-frame-pointer 
FAIL: objc/execute/class-10.m execution,  -O3 -g 
FAIL: objc/execute/class-10.m execution,  -Os 
FAIL: objc/execute/class-11.m execution,  -O0 
FAIL: objc/execute/class-11.m execution,  -O1 
FAIL: objc/execute/class-11.m execution,  -O2 
FAIL: objc/execute/class-11.m execution,  -O3 -fomit-frame-pointer 
FAIL: objc/execute/class-11.m execution,  -O3 -g 
FAIL: objc/execute/class-11.m execution,  -Os 
FAIL: objc/execute/class-12.m execution,  -O0 
FAIL: objc/execute/class-12.m execution,  -O1 
FAIL: objc/execute/class-12.m execution,  -O2 
FAIL: objc/execute/class-12.m execution,  -O3 -fomit-frame-pointer 
FAIL: objc/execute/class-12.m execution,  -O3 -g 
FAIL: objc/execute/class-12.m execution,  -Os 
FAIL: objc/execute/class-13.m execution,  -O0 
FAIL: objc/execute/class-13.m execution,  -O1 
FAIL: objc/execute/class-13.m execution,  -O2 
FAIL: objc/execute/class-13.m execution,  -O3 -fomit-frame-pointer 
FAIL: objc/execute/class-13.m execution,  -O3 -g 
FAIL: objc/execute/class-13.m execution,  -Os 
FAIL: objc/execute/class-14.m execution,  -O0 
FAIL: objc/execute/class-14.m execution,  -O1 
FAIL: objc/execute/class-14.m execution,  -O2 
FAIL: objc/execute/class-14.m execution,  -O3 -fomit-frame-pointer 
FAIL: objc/execute/class-14.m execution,  -O3 -g 
FAIL: objc/execute/class-14.m execution,  -Os 
FAIL: objc/execute/class-2.m execution,  -O0 
FAIL: objc/execute/class-2.m execution,  -O1 
FAIL: objc/execute/class-2.m execution,  -O2 
FAIL: objc/execute/class-2.m execution,  -O3 -fomit-frame-pointer 
FAIL: objc/execute/class-2.m execution,  -O3 -g 
FAIL: objc/execute/class-2.m execution,  -Os 
FAIL: objc/execute/class-3.m execution,  -O0 
FAIL: objc/execute/class-3.m execution,  -O1 
FAIL: objc/execute/class-3.m execution,  -O2 
FAIL: objc/execute/class-3.m execution,  -O3 -fomit-frame-pointer 
FAIL: objc/execute/class-3.m execution,  -O3 -g 
FAIL: objc/execute/class-3.m execution,  -Os 
FAIL: objc/execute/class-4.m execution,  -O0 
FAIL: objc/execute/class-4.m execution,  -O1 
FAIL: objc/execute/class-4.m execution,  -O2 
FAIL: objc/execute/class-4.m execution,  -O3 -fomit-frame-pointer 
FAIL: objc/execute/class-4.m execution,  -O3 -g 
FAIL: objc/execute/class-4.m execution,  -Os 
FAIL: objc/execute/class-5.m execution,  -O0 
FAIL: objc/execute/class-5.m execution,  -O1 
FAIL: objc/execute/class-5.m execution,  -O2 
FAIL: objc/execute/class-5.m execution,  -O3 -fomit-frame-pointer 
FAIL: objc/execute/class-5.m execution,  -O3 -g 
FAIL: objc/execute/class-5.m execution,  -Os 
FAIL: objc/execute/class-6.m execution,  -O0 
FAIL: objc/execute/class-6.m execution,  -O1 
FAIL: objc/execute/class-6.m execution,  -O2 
FAIL: objc/execute/class-6.m execution,  -O3 -fomit-frame-pointer 
FAIL: objc/execute/class-6.m execution,  -O3 -g 
FAIL: objc/execute/class-6.m execution,  -Os 
FAIL: objc/execute/class-7.m execution,  -O0 
FAIL: objc/execute/class-7.m execution,  -O1 
FAIL: objc/execute/class-7.m execution,  -O2 
FAIL: objc/execute/class-7.m execution,  -O3 -fomit-frame-pointer 
FAIL: objc/execute/class-7.m execution,  -O3 -g 
FAIL: objc/execute/class-7.m execution,  -Os 
FAIL: objc/execute/class-8.m execution,  -O0 
FAIL: objc/execute/class-8.m execution,  -O1 
FAIL: objc/execute/class-8.m execution,  -O2 
FAIL: objc/execute/class-8.m execution,  -O3 -fomit-frame-pointer 
FAIL: objc/execute/class-8.m execution,  -O3 -g 
FAIL: objc/execute/class-8.m execution,  -Os 
FAIL: objc/execute/class-9.m execution,  -O0 
FAIL: objc/execute/class-9.m execution,  -O1 
FAIL: objc/execute/class-9.m execution,  -O2 
FAIL: objc/execute/class-9.m execution,  -O3 -fomit-frame-pointer 
FAIL: objc/execute/class-9.m execution,  -O3 -g 
FAIL: objc/execute/class-9.m execution,  -Os 
FAIL: objc/execute/class_self-1.m execution,  -O0 
FAIL: objc/execute/class_self-1.m execution,  -O1 
FAIL: objc/execute/class_self-1.m execution,  -O2 
FAIL: objc/execute/class_self-1.m execution,  -O3 -fomit-frame-pointer 
FAIL: objc/execute/class_self-1.m execution,  -O3 -g 
FAIL: objc/execute/class_self-1.m execution,  -Os 
FAIL: objc/execute/class_self-2.m execution,  -O0 
FAIL: objc/execute/class_self-2.m execution,  -O1 
FAIL: objc/execute/class_self-2.m execution,  -O2 
FAIL: objc/execute/class_self-2.m execution,  -O3 -fomit-frame-pointer 
FAIL: objc/execute/class_self-2.m execution,  -O3 -g 
FAIL: objc/execute/class_self-2.m execution,  -Os 
FAIL: objc/execute/compatibility_alias.m execution,  -O0 
FAIL: objc/execute/compatibility_alias.m execution,  -O1 
FAIL: objc/execute/compatibility_alias.m execution,  -O2 
FAIL: objc/execute/compatibility_alias.m execution,  -O3 -fomit-frame-pointer 
FAIL: objc/execute/compatibility_alias.m execution,  -O3 -g 
FAIL: objc/execute/compatibility_alias.m execution,  -Os 
FAIL: objc/execute/enumeration-1.m execution,  -O0 
FAIL: objc/execute/enumeration-1.m execution,  -O1 
FAIL: objc/execute/enumeration-1.m execution,  -O2 
FAIL: objc/execute/enumeration-1.m execution,  -O3 -fomit-frame-pointer 
FAIL: objc/execute/enumeration-1.m execution,  -O3 -g 
FAIL: objc/execute/enumeration-1.m execution,  -Os 
FAIL: objc/execute/enumeration-2.m execution,  -O0 
FAIL: objc/execute/enumeration-2.m execution,  -O1 
FAIL: objc/execute/enumeration-2.m execution,  -O2 
FAIL: objc/execute/enumeration-2.m execution,  -O3 -fomit-frame-pointer 
FAIL: objc/execute/enumeration-2.m execution,  -O3 -g 
FAIL: objc/execute/enumeration-2.m execution,  -Os 
FAIL: objc/execute/formal_protocol-1.m execution,  -O0 
FAIL: objc/execute/formal_protocol-1.m execution,  -O1 
FAIL: objc/execute/formal_protocol-1.m execution,  -O2 
FAIL: objc/execute/formal_protocol-1.m execution,  -O3 -fomit-frame-pointer 
FAIL: objc/execute/formal_protocol-1.m execution,  -O3 -g 
FAIL: objc/execute/formal_protocol-1.m execution,  -Os 
FAIL: objc/execute/formal_protocol-2.m execution,  -O0 
FAIL: objc/execute/formal_protocol-2.m execution,  -O1 
FAIL: objc/execute/formal_protocol-2.m execution,  -O2 
FAIL: objc/execute/formal_protocol-2.m execution,  -O3 -fomit-frame-pointer 
FAIL: objc/execute/formal_protocol-2.m execution,  -O3 -g 
FAIL: objc/execute/formal_protocol-2.m execution,  -Os 
FAIL: objc/execute/formal_protocol-3.m execution,  -O0 
FAIL: objc/execute/formal_protocol-3.m execution,  -O1 
FAIL: objc/execute/formal_protocol-3.m execution,  -O2 
FAIL: objc/execute/formal_protocol-3.m execution,  -O3 -fomit-frame-pointer 
FAIL: objc/execute/formal_protocol-3.m execution,  -O3 -g 
FAIL: objc/execute/formal_protocol-3.m execution,  -Os 
FAIL: objc/execute/formal_protocol-4.m execution,  -O0 
FAIL: objc/execute/formal_protocol-4.m execution,  -O1 
FAIL: objc/execute/formal_protocol-4.m execution,  -O2 
FAIL: objc/execute/formal_protocol-4.m execution,  -O3 -fomit-frame-pointer 
FAIL: objc/execute/formal_protocol-4.m execution,  -O3 -g 
FAIL: objc/execute/formal_protocol-4.m execution,  -Os 
FAIL: objc/execute/formal_protocol-5.m execution,  -O0 
FAIL: objc/execute/formal_protocol-5.m execution,  -O1 
FAIL: objc/execute/formal_protocol-5.m execution,  -O2 
FAIL: objc/execute/formal_protocol-5.m execution,  -O3 -fomit-frame-pointer 
FAIL: objc/execute/formal_protocol-5.m execution,  -O3 -g 
FAIL: objc/execute/formal_protocol-5.m execution,  -Os 
FAIL: objc/execute/formal_protocol-6.m execution,  -O0 
FAIL: objc/execute/formal_protocol-6.m execution,  -O1 
FAIL: objc/execute/formal_protocol-6.m execution,  -O2 
FAIL: objc/execute/formal_protocol-6.m execution,  -O3 -fomit-frame-pointer 
FAIL: objc/execute/formal_protocol-6.m execution,  -O3 -g 
FAIL: objc/execute/formal_protocol-6.m execution,  -Os 
FAIL: objc/execute/formal_protocol-7.m execution,  -O0 
FAIL: objc/execute/formal_protocol-7.m execution,  -O1 
FAIL: objc/execute/formal_protocol-7.m execution,  -O2 
FAIL: objc/execute/formal_protocol-7.m execution,  -O3 -fomit-frame-pointer 
FAIL: objc/execute/formal_protocol-7.m execution,  -O3 -g 
FAIL: objc/execute/formal_protocol-7.m execution,  -Os 
FAIL: objc/execute/function-message-1.m execution,  -O0 
FAIL: objc/execute/function-message-1.m execution,  -O1 
FAIL: objc/execute/function-message-1.m execution,  -O2 
FAIL: objc/execute/function-message-1.m execution,  -O3 -fomit-frame-pointer 
FAIL: objc/execute/function-message-1.m execution,  -O3 -g 
FAIL: objc/execute/function-message-1.m execution,  -Os 
FAIL: objc/execute/initialize.m execution,  -O0 
FAIL: objc/execute/initialize.m execution,  -O1 
FAIL: objc/execute/initialize.m execution,  -O2 
FAIL: objc/execute/initialize.m execution,  -O3 -fomit-frame-pointer 
FAIL: objc/execute/initialize.m execution,  -O3 -g 
FAIL: objc/execute/initialize.m execution,  -Os 
FAIL: objc/execute/load-2.m execution,  -O0 
FAIL: objc/execute/load-2.m execution,  -O1 
FAIL: objc/execute/load-2.m execution,  -O2 
FAIL: objc/execute/load-2.m execution,  -O3 -fomit-frame-pointer 
FAIL: objc/execute/load-2.m execution,  -O3 -g 
FAIL: objc/execute/load-2.m execution,  -Os 
FAIL: objc/execute/load-3.m execution,  -O0 
FAIL: objc/execute/load-3.m execution,  -O1 
FAIL: objc/execute/load-3.m execution,  -O2 
FAIL: objc/execute/load-3.m execution,  -O3 -fomit-frame-pointer 
FAIL: objc/execute/load-3.m execution,  -O3 -fomit-frame-pointer -funroll-loops 
FAIL: objc/execute/load-3.m execution,  -O3 -fomit-frame-pointer -funroll-all-loops -finline-functions 
FAIL: objc/execute/load-3.m execution,  -O3 -g 
FAIL: objc/execute/load-3.m execution,  -Os 
FAIL: objc/execute/load.m execution,  -O0 
FAIL: objc/execute/load.m execution,  -O1 
FAIL: objc/execute/load.m execution,  -O2 
FAIL: objc/execute/load.m execution,  -O3 -fomit-frame-pointer 
FAIL: objc/execute/load.m execution,  -O3 -g 
FAIL: objc/execute/load.m execution,  -Os 
FAIL: objc/execute/many_args_method.m execution,  -O0 
FAIL: objc/execute/many_args_method.m execution,  -O1 
FAIL: objc/execute/many_args_method.m execution,  -O2 
FAIL: objc/execute/many_args_method.m execution,  -O3 -fomit-frame-pointer 
FAIL: objc/execute/many_args_method.m execution,  -O3 -g 
FAIL: objc/execute/many_args_method.m execution,  -Os 
FAIL: objc/execute/nested-3.m execution,  -O0 
FAIL: objc/execute/nested-3.m execution,  -O1 
FAIL: objc/execute/nested-3.m execution,  -O2 
FAIL: objc/execute/nested-3.m execution,  -O3 -fomit-frame-pointer 
FAIL: objc/execute/nested-3.m execution,  -O3 -g 
FAIL: objc/execute/nested-3.m execution,  -Os 
FAIL: objc/execute/no_clash.m execution,  -O0 
FAIL: objc/execute/no_clash.m execution,  -O1 
FAIL: objc/execute/no_clash.m execution,  -O2 
FAIL: objc/execute/no_clash.m execution,  -O3 -fomit-frame-pointer 
FAIL: objc/execute/no_clash.m execution,  -O3 -g 
FAIL: objc/execute/no_clash.m execution,  -Os 
FAIL: objc/execute/np-2.m execution,  -O0 
FAIL: objc/execute/np-2.m execution,  -O1 
FAIL: objc/execute/np-2.m execution,  -O2 
FAIL: objc/execute/np-2.m execution,  -O3 -fomit-frame-pointer 
FAIL: objc/execute/np-2.m execution,  -O3 -g 
FAIL: objc/execute/np-2.m execution,  -Os 
FAIL: objc/execute/object_is_class.m execution,  -O0 
FAIL: objc/execute/object_is_class.m execution,  -O1 
FAIL: objc/execute/object_is_class.m execution,  -O2 
FAIL: objc/execute/object_is_class.m execution,  -O3 -fomit-frame-pointer 
FAIL: objc/execute/object_is_class.m execution,  -O3 -g 
FAIL: objc/execute/object_is_class.m execution,  -Os 
FAIL: objc/execute/object_is_meta_class.m execution,  -O0 
FAIL: objc/execute/object_is_meta_class.m execution,  -O1 
FAIL: objc/execute/object_is_meta_class.m execution,  -O2 
FAIL: objc/execute/object_is_meta_class.m execution,  -O3 -fomit-frame-pointer 
FAIL: objc/execute/object_is_meta_class.m execution,  -O3 -g 
FAIL: objc/execute/object_is_meta_class.m execution,  -Os 
FAIL: objc/execute/redefining_self.m execution,  -O0 
FAIL: objc/execute/redefining_self.m execution,  -O1 
FAIL: objc/execute/redefining_self.m execution,  -O2 
FAIL: objc/execute/redefining_self.m execution,  -O3 -fomit-frame-pointer 
FAIL: objc/execute/redefining_self.m execution,  -O3 -g 
FAIL: objc/execute/redefining_self.m execution,  -Os 
FAIL: objc/execute/root_methods.m execution,  -O0 
FAIL: objc/execute/root_methods.m execution,  -O1 
FAIL: objc/execute/root_methods.m execution,  -O2 
FAIL: objc/execute/root_methods.m execution,  -O3 -fomit-frame-pointer 
FAIL: objc/execute/root_methods.m execution,  -O3 -g 
FAIL: objc/execute/root_methods.m execution,  -Os 
FAIL: objc/execute/static-1.m execution,  -O0 
FAIL: objc/execute/static-1.m execution,  -O1 
FAIL: objc/execute/static-1.m execution,  -O2 
FAIL: objc/execute/static-1.m execution,  -O3 -fomit-frame-pointer 
FAIL: objc/execute/static-1.m execution,  -O3 -g 
FAIL: objc/execute/static-1.m execution,  -Os 
FAIL: objc/execute/static-2.m execution,  -O0 
FAIL: objc/execute/static-2.m execution,  -O1 
FAIL: objc/execute/static-2.m execution,  -O2 
FAIL: objc/execute/static-2.m execution,  -O3 -fomit-frame-pointer 
FAIL: objc/execute/static-2.m execution,  -O3 -g 
FAIL: objc/execute/static-2.m execution,  -Os 
FAIL: objc/execute/string1.m execution,  -O0 
FAIL: objc/execute/string1.m execution,  -O1 
FAIL: objc/execute/string1.m execution,  -O2 
FAIL: objc/execute/string1.m execution,  -O3 -fomit-frame-pointer 
FAIL: objc/execute/string1.m execution,  -O3 -g 
FAIL: objc/execute/string1.m execution,  -Os 
FAIL: objc/execute/string2.m execution,  -O0 
FAIL: objc/execute/string2.m execution,  -O1 
FAIL: objc/execute/string2.m execution,  -O2 
FAIL: objc/execute/string2.m execution,  -O3 -fomit-frame-pointer 
FAIL: objc/execute/string2.m execution,  -O3 -g 
FAIL: objc/execute/string2.m execution,  -Os 
FAIL: objc/execute/string3.m execution,  -O0 
FAIL: objc/execute/string3.m execution,  -O1 
FAIL: objc/execute/string3.m execution,  -O2 
FAIL: objc/execute/string3.m execution,  -O3 -fomit-frame-pointer 
FAIL: objc/execute/string3.m execution,  -O3 -g 
FAIL: objc/execute/string3.m execution,  -Os 
FAIL: objc/execute/string4.m execution,  -O0 
FAIL: objc/execute/string4.m execution,  -O1 
FAIL: objc/execute/string4.m execution,  -O2 
FAIL: objc/execute/string4.m execution,  -O3 -fomit-frame-pointer 
FAIL: objc/execute/string4.m execution,  -O3 -g 
FAIL: objc/execute/string4.m execution,  -Os 
FAIL: objc/execute/va_method.m execution,  -O0 
FAIL: objc/execute/va_method.m execution,  -O1 
FAIL: objc/execute/va_method.m execution,  -O2 
FAIL: objc/execute/va_method.m execution,  -O3 -fomit-frame-pointer 
FAIL: objc/execute/va_method.m execution,  -O3 -fomit-frame-pointer -funroll-loops 
FAIL: objc/execute/va_method.m execution,  -O3 -fomit-frame-pointer -funroll-all-loops -finline-functions 
FAIL: objc/execute/va_method.m execution,  -O3 -g 
FAIL: objc/execute/va_method.m execution,  -Os 
FAIL: objc.dg/bitfield-1.m execution test
FAIL: objc.dg/call-super-1.m execution test
FAIL: objc.dg/call-super-3.m execution test
FAIL: objc.dg/category-1.m execution test
FAIL: objc.dg/defs.m execution test
FAIL: objc.dg/desig-init-1.m execution test
FAIL: objc.dg/encode-2.m execution test
FAIL: objc.dg/encode-3.m execution test
FAIL: objc.dg/func-ptr-1.m execution test
FAIL: objc.dg/method-10.m execution test
FAIL: objc.dg/method-13.m execution test
FAIL: objc.dg/method-3.m execution test
FAIL: objc.dg/nested-func-1.m execution test
FAIL: objc.dg/proto-lossage-3.m execution test
FAIL: objc.dg/proto-qual-1.m execution test
FAIL: objc.dg/stret-1.m execution test
FAIL: objc.dg/special/unclaimed-category-1.m execution test

		=== objc Summary ===

# of expected passes		1014
# of unexpected failures	327
# of unsupported tests		8
/export/gates/pinskia/src/gnu/gcc-libobjc/src/objdir.openbsd/gcc/xgcc version 3.5.0-libobjc 20040125 (merged 20040125)


Compiler version: 3.5.0-libobjc 20040125 (merged 20040125) 
Platform: i686-unknown-openbsd3.1
configure flags: --target=i686-unknown-openbsd3.1 --host=i686-unknown-openbsd3.1 --build=i686-unknown-openbsd3.1 --disable-nls --verbose --enable-cpp --enable-languages=objc --prefix=/home/gates/pinskia/openbsd-libobjc --enable-shared



More information about the Gcc-testresults mailing list