Results for 3.5.0 20040123 (experimental) testsuite on hppa-unknown-linux-gnu

John David Anglin dave@hiauly6.hia.nrc.ca
Sat Jan 24 00:21:00 GMT 2004


LAST_UPDATED: Fri Jan 23 19:57:31 UTC 2004

		=== acats tests ===

		=== acats Summary ===
# of expected passes		1965
# of unexpected failures	0
# of unsupported tests		357
Native configuration is hppa-unknown-linux-gnu

		=== g++ tests ===


Running target unix
XPASS: g++.dg/other/packed1.C execution test
FAIL: g++.old-deja/g++.eh/cleanup2.C (test for excess errors)
WARNING: g++.old-deja/g++.eh/cleanup2.C compilation failed to produce executable
FAIL: g++.old-deja/g++.law/profile1.C execution test
WARNING: g++.old-deja/g++.mike/p10769a.C compilation failed to produce executable
WARNING: g++.old-deja/g++.other/enum5.C compilation failed to produce executable
XPASS: g++.old-deja/g++.other/init5.C execution test
WARNING: g++.old-deja/g++.pt/friend44.C compilation failed to produce executable

		=== g++ Summary ===

# of expected passes		9303
# of unexpected failures	2
# of unexpected successes	2
# of expected failures		59
# of unsupported tests		70
/home/dave/gnu/gcc-3.4/objdir/gcc/testsuite/../g++ version 3.5.0 20040123 (experimental)

		=== g77 tests ===


Running target unix

		=== g77 Summary ===

# of expected passes		1788
# of unsupported tests		6
/home/dave/gnu/gcc-3.4/objdir/gcc/testsuite/../g77 version 3.5.0 20040123 (experimental)

		=== gcc tests ===


Running target unix
FAIL: gcc.dg/20021014-1.c execution test
FAIL: gcc.dg/20031202-1.c execution test
FAIL: gcc.dg/builtins-30.c  (test for warnings, line 11)
FAIL: gcc.dg/builtins-30.c  (test for warnings, line 18)
FAIL: gcc.dg/builtins-30.c  (test for warnings, line 26)
FAIL: gcc.dg/builtins-30.c (test for excess errors)
FAIL: gcc.dg/const-elim-1.c scan-assembler-not L\\\$?C[^A-Z]
FAIL: gcc.dg/nest.c execution test

		=== gcc Summary ===

# of expected passes		24648
# of unexpected failures	8
# of expected failures		61
# of untested testcases		7
# of unsupported tests		300
/home/dave/gnu/gcc-3.4/objdir/gcc/xgcc version 3.5.0 20040123 (experimental)

		=== objc tests ===


Running target unix

		=== objc Summary ===

# of expected passes		1341
# of unsupported tests		8
/home/dave/gnu/gcc-3.4/objdir/gcc/xgcc version 3.5.0 20040123 (experimental)


		=== libstdc++-v3 check-abi Summary ===

# of added symbols:		 296
# of missing symbols:		 305
# of incompatible symbols:	 336
		=== libstdc++ tests ===


Running target unix
FAIL: 22_locale/money_get/get/char/5.cc execution test
FAIL: 22_locale/money_get/get/wchar_t/5.cc execution test
FAIL: 22_locale/num_get/get/char/10.cc execution test
FAIL: 22_locale/num_get/get/char/4.cc execution test
FAIL: 22_locale/num_get/get/wchar_t/10.cc execution test
FAIL: 22_locale/num_get/get/wchar_t/4.cc execution test
XPASS: 26_numerics/c99_classification_macros_c.cc (test for excess errors)
FAIL: 26_numerics/complex_inserters_extractors.cc execution test
FAIL: 27_io/basic_filebuf/sgetn/char/1-in.cc execution test
FAIL: 27_io/basic_filebuf/sgetn/char/1-io.cc execution test
FAIL: 27_io/basic_filebuf/sgetn/char/2-in.cc execution test
FAIL: 27_io/basic_filebuf/sgetn/char/2-io.cc execution test
FAIL: 27_io/basic_filebuf/underflow/wchar_t/11603.cc execution test
FAIL: 27_io/basic_istream/extractors_arithmetic/char/01.cc execution test
FAIL: 27_io/basic_istream/readsome/char/6746-2.cc execution test

		=== libstdc++ Summary ===

# of expected passes		2498
# of unexpected failures	14
# of unexpected successes	1
# of expected failures		11

Compiler version: 3.5.0 20040123 (experimental) 
Platform: hppa-unknown-linux-gnu
configure flags: --with-gnu-as --with-as=/home/dave/opt/gnu/bin/as --with-gnu-ld --with-ld=/home/dave/opt/gnu/bin/ld --enable-shared --disable-nls --prefix=/home/dave/opt/gnu --with-local-prefix=/home/dave/opt/gnu --enable-threads=posix --enable-__cxa_atexit --host=hppa-linux --enable-sjlj-exceptions=yes



More information about the Gcc-testresults mailing list