Results for 3.5.0 20040117 (experimental) testsuite on sparc-unknown-linux-gnu

christian@j-son.org christian@j-son.org
Thu Jan 22 18:29:00 GMT 2004


Aurora SPARC Linux 1.0 (Ansel) SparcStation20 dual SuperSparc-(II) sun4m:

binutils 2.14.90 20040115 sparc-linux (host built)
bison-1.35-1
dejagnu-1.4.2-10 (ftp://download.fedora.redhat.com/pub/fedora/linux/core/1)
expect-5.32.2-67
gcc-2.96-113
glibc-2.2.5-44sparc1
glibc-kernheaders-2.4-7.16sparc
kernel-smp-2.4.23-0.1sparc (built ftp://auroralinux.org/pub/aurora/scratch)
tcl-8.3.3-67

Joined cvs src HEAD trees from binutils and gcc.

LAST_UPDATED: Sat Jan 17 17:24:54 UTC 2004

Native configuration is sparc-unknown-linux-gnu

		=== binutils tests ===


Running target unix/-fPIC

		=== binutils Summary for unix/-fPIC ===

# of expected passes		32

Running target unix

		=== binutils Summary for unix ===

# of expected passes		32

		=== binutils Summary ===

# of expected passes		64
		=== gas tests ===


Running target unix/-fPIC

		=== gas Summary for unix/-fPIC ===

# of expected passes		65

Running target unix

		=== gas Summary for unix ===

# of expected passes		65

		=== gas Summary ===

# of expected passes		130
		=== g77 tests ===


Running target unix/-fPIC

		=== g77 Summary for unix/-fPIC ===

# of expected passes		1788
# of unsupported tests		6

Running target unix

		=== g77 Summary for unix ===

# of expected passes		1788
# of unsupported tests		6

		=== g77 Summary ===

# of expected passes		3576
# of unsupported tests		12
/usr/local/src/trunk/objdir/gcc/testsuite/../g77 version 3.5.0 20040117 (experimental)

		=== gcc tests ===


Running target unix/-fPIC
WARNING: program timed out.
FAIL: gcc.c-torture/compile/20001226-1.c (test for excess errors)
WARNING: program timed out.
FAIL: gcc.c-torture/compile/20001226-1.c (test for excess errors)
WARNING: program timed out.
FAIL: gcc.c-torture/compile/20001226-1.c (test for excess errors)
WARNING: program timed out.
FAIL: gcc.c-torture/compile/20001226-1.c (test for excess errors)
WARNING: program timed out.
FAIL: gcc.c-torture/compile/20001226-1.c (test for excess errors)
FAIL: gcc.c-torture/execute/20020720-1.c compilation,  -O1 
UNRESOLVED: gcc.c-torture/execute/20020720-1.c execution,  -O1 
FAIL: gcc.c-torture/execute/20020720-1.c compilation,  -O2 
UNRESOLVED: gcc.c-torture/execute/20020720-1.c execution,  -O2 
FAIL: gcc.c-torture/execute/20020720-1.c compilation,  -O3 -fomit-frame-pointer 
UNRESOLVED: gcc.c-torture/execute/20020720-1.c execution,  -O3 -fomit-frame-pointer 
FAIL: gcc.c-torture/execute/20020720-1.c compilation,  -O3 -g 
UNRESOLVED: gcc.c-torture/execute/20020720-1.c execution,  -O3 -g 
FAIL: gcc.c-torture/execute/20020720-1.c compilation,  -Os 
UNRESOLVED: gcc.c-torture/execute/20020720-1.c execution,  -Os 
FAIL: gcc.c-torture/execute/20030125-1.c execution,  -O1 
FAIL: gcc.c-torture/execute/20030125-1.c execution,  -O2 
FAIL: gcc.c-torture/execute/20030125-1.c execution,  -O3 -fomit-frame-pointer 
FAIL: gcc.c-torture/execute/20030125-1.c execution,  -O3 -g 
FAIL: gcc.c-torture/execute/20030125-1.c execution,  -Os 
UNRESOLVED: gcc.c-torture/execute/simd-4.c execution,  -O0 
UNRESOLVED: gcc.c-torture/execute/va-arg-25.c execution,  -O0 
UNRESOLVED: gcc.c-torture/execute/va-arg-25.c execution,  -O1 
UNRESOLVED: gcc.c-torture/execute/va-arg-25.c execution,  -O2 
UNRESOLVED: gcc.c-torture/execute/va-arg-25.c execution,  -O3 -fomit-frame-pointer 
UNRESOLVED: gcc.c-torture/execute/va-arg-25.c execution,  -O3 -g 
UNRESOLVED: gcc.c-torture/execute/va-arg-25.c execution,  -Os 
UNRESOLVED: gcc.dg/compat/vector-1 c_compat_x_tst.o-c_compat_y_tst.o link 
UNRESOLVED: gcc.dg/compat/vector-1 c_compat_x_tst.o-c_compat_y_tst.o execute 
UNRESOLVED: gcc.dg/compat/vector-2 c_compat_x_tst.o-c_compat_y_tst.o link 
UNRESOLVED: gcc.dg/compat/vector-2 c_compat_x_tst.o-c_compat_y_tst.o execute 
WARNING: program timed out.
FAIL: gcc.dg/20020425-1.c (test for excess errors)
FAIL: gcc.dg/20031202-1.c execution test
FAIL: gcc.dg/builtins-20.c (test for excess errors)
FAIL: gcc.dg/ultrasp10.c execution test
FAIL: gcc.dg/ultrasp9.c execution test
XPASS: gcc.dg/uninit-4.c uninitialized variable warning (test for bogus messages, line 26)
FAIL: gcc.dg/uninit-C.c (test for excess errors)
FAIL: gcc.dg/pch/static-1.c -O0 -g assembly comparison
FAIL: gcc.dg/pch/static-1.c  -O0  assembly comparison
FAIL: gcc.dg/pch/static-1.c  -O1  assembly comparison
FAIL: gcc.dg/pch/static-2.c -O0 -g assembly comparison
FAIL: gcc.dg/pch/static-2.c  -O0  assembly comparison
FAIL: gcc.dg/pch/static-2.c  -O1  assembly comparison

		=== gcc Summary for unix/-fPIC ===

# of expected passes		23954
# of unexpected failures	27
# of unexpected successes	1
# of expected failures		79
# of unresolved testcases	16
# of untested testcases		7
# of unsupported tests		279

Running target unix
WARNING: program timed out.
FAIL: gcc.c-torture/compile/20001226-1.c (test for excess errors)
WARNING: program timed out.
FAIL: gcc.c-torture/compile/20001226-1.c (test for excess errors)
WARNING: program timed out.
FAIL: gcc.c-torture/compile/20001226-1.c (test for excess errors)
WARNING: program timed out.
FAIL: gcc.c-torture/compile/20001226-1.c (test for excess errors)
WARNING: program timed out.
FAIL: gcc.c-torture/compile/20001226-1.c (test for excess errors)
FAIL: gcc.c-torture/execute/20030125-1.c execution,  -O1 
FAIL: gcc.c-torture/execute/20030125-1.c execution,  -O2 
FAIL: gcc.c-torture/execute/20030125-1.c execution,  -O3 -fomit-frame-pointer 
FAIL: gcc.c-torture/execute/20030125-1.c execution,  -O3 -g 
FAIL: gcc.c-torture/execute/20030125-1.c execution,  -Os 
UNRESOLVED: gcc.c-torture/execute/simd-4.c execution,  -O0 
UNRESOLVED: gcc.c-torture/execute/va-arg-25.c execution,  -O0 
UNRESOLVED: gcc.c-torture/execute/va-arg-25.c execution,  -O1 
UNRESOLVED: gcc.c-torture/execute/va-arg-25.c execution,  -O2 
UNRESOLVED: gcc.c-torture/execute/va-arg-25.c execution,  -O3 -fomit-frame-pointer 
UNRESOLVED: gcc.c-torture/execute/va-arg-25.c execution,  -O3 -g 
UNRESOLVED: gcc.c-torture/execute/va-arg-25.c execution,  -Os 
UNRESOLVED: gcc.dg/compat/vector-1 c_compat_x_tst.o-c_compat_y_tst.o link 
UNRESOLVED: gcc.dg/compat/vector-1 c_compat_x_tst.o-c_compat_y_tst.o execute 
UNRESOLVED: gcc.dg/compat/vector-2 c_compat_x_tst.o-c_compat_y_tst.o link 
UNRESOLVED: gcc.dg/compat/vector-2 c_compat_x_tst.o-c_compat_y_tst.o execute 
WARNING: program timed out.
FAIL: gcc.dg/20020425-1.c (test for excess errors)
FAIL: gcc.dg/20031202-1.c execution test
FAIL: gcc.dg/builtins-20.c (test for excess errors)
FAIL: gcc.dg/ultrasp10.c execution test
FAIL: gcc.dg/ultrasp9.c execution test
XPASS: gcc.dg/uninit-4.c uninitialized variable warning (test for bogus messages, line 26)
FAIL: gcc.dg/uninit-C.c (test for excess errors)

		=== gcc Summary for unix ===

# of expected passes		23970
# of unexpected failures	16
# of unexpected successes	1
# of expected failures		79
# of unresolved testcases	11
# of untested testcases		7
# of unsupported tests		279

		=== gcc Summary ===

# of expected passes		47924
# of unexpected failures	43
# of unexpected successes	2
# of expected failures		158
# of unresolved testcases	27
# of untested testcases		14
# of unsupported tests		558
/usr/local/src/trunk/objdir/gcc/xgcc version 3.5.0 20040117 (experimental)

		=== g++ tests ===


Running target unix/-fPIC
WARNING: g++.dg/eh/simd-1.C compilation failed to produce executable
WARNING: g++.dg/eh/simd-2.C compilation failed to produce executable
WARNING: program timed out.
FAIL: g++.dg/parse/stack1.C (test for excess errors)
FAIL: g++.dg/pch/system-1.C -g assembly comparison
FAIL: g++.dg/pch/system-2.C -g assembly comparison
FAIL: g++.old-deja/g++.eh/cleanup2.C (test for excess errors)
WARNING: g++.old-deja/g++.eh/cleanup2.C compilation failed to produce executable
WARNING: g++.old-deja/g++.mike/p10769a.C compilation failed to produce executable
WARNING: g++.old-deja/g++.other/enum5.C compilation failed to produce executable
XPASS: g++.old-deja/g++.other/init5.C execution test
WARNING: g++.old-deja/g++.pt/friend44.C compilation failed to produce executable

		=== g++ Summary for unix/-fPIC ===

# of expected passes		9324
# of unexpected failures	4
# of unexpected successes	1
# of expected failures		60
# of unsupported tests		68

Running target unix
FAIL: g++.dg/eh/simd-1.C (test for excess errors)
WARNING: g++.dg/eh/simd-1.C compilation failed to produce executable
FAIL: g++.dg/eh/simd-2.C (test for excess errors)
WARNING: g++.dg/eh/simd-2.C compilation failed to produce executable
WARNING: program timed out.
FAIL: g++.dg/parse/stack1.C (test for excess errors)
FAIL: g++.old-deja/g++.eh/cleanup2.C (test for excess errors)
WARNING: g++.old-deja/g++.eh/cleanup2.C compilation failed to produce executable
WARNING: g++.old-deja/g++.mike/p10769a.C compilation failed to produce executable
WARNING: g++.old-deja/g++.other/enum5.C compilation failed to produce executable
XPASS: g++.old-deja/g++.other/init5.C execution test
WARNING: g++.old-deja/g++.pt/friend44.C compilation failed to produce executable

		=== g++ Summary for unix ===

# of expected passes		9324
# of unexpected failures	4
# of unexpected successes	1
# of expected failures		60
# of unsupported tests		68

		=== g++ Summary ===

# of expected passes		18648
# of unexpected failures	8
# of unexpected successes	2
# of expected failures		120
# of unsupported tests		136
/usr/local/src/trunk/objdir/gcc/testsuite/../g++ version 3.5.0 20040117 (experimental)

		=== objc tests ===


Running target unix/-fPIC

		=== objc Summary for unix/-fPIC ===

# of expected passes		1339
# of unsupported tests		7

Running target unix

		=== objc Summary for unix ===

# of expected passes		1339
# of unsupported tests		7

		=== objc Summary ===

# of expected passes		2678
# of unsupported tests		14
/usr/local/src/trunk/objdir/gcc/xgcc version 3.5.0 20040117 (experimental)

		=== ld tests ===


Running target unix/-fPIC
ERROR: /usr/local/src/trunk/gcc-binutils/ld/testsuite/ld-cdtest/cdtest-foo.cc: compilation failed
UNRESOLVED: cdtest
UNRESOLVED: cdtest with -Ur
FAIL: visibility (hidden_undef_def) (non PIC)
FAIL: visibility (hidden_undef_def) (non PIC, load offset)
FAIL: visibility (hidden_undef_def)
FAIL: visibility (hidden_undef_def) (PIC main, non PIC so)
FAIL: visibility (hidden_undef_def) (PIC main)
FAIL: ELF weak func first DSO
FAIL: ELF weak func last DSO
FAIL: ELF weak data first DSO
FAIL: ELF weak data last DSO
FAIL: ELF weak data first DSO common
FAIL: ELF weak data last DSO common
FAIL: NOCROSSREFS 1
FAIL: selective4
FAIL: selective5
FAIL: S-records
FAIL: S-records with constructors

		=== ld Summary for unix/-fPIC ===

# of expected passes		173
# of unexpected failures	16
# of expected failures		2
# of unresolved testcases	2

Running target unix
ERROR: /usr/local/src/trunk/gcc-binutils/ld/testsuite/ld-cdtest/cdtest-foo.cc: compilation failed
UNRESOLVED: cdtest
UNRESOLVED: cdtest with -Ur
FAIL: visibility (hidden_undef_def) (non PIC)
FAIL: visibility (hidden_undef_def) (non PIC, load offset)
FAIL: visibility (hidden_undef_def)
FAIL: visibility (hidden_undef_def) (PIC main, non PIC so)
FAIL: visibility (hidden_undef_def) (PIC main)
FAIL: visibility (hidden_weak) (non PIC)
FAIL: visibility (hidden_weak) (non PIC, load offset)
FAIL: visibility (hidden_weak) (PIC main, non PIC so)
FAIL: visibility (protected_weak) (non PIC)
FAIL: visibility (protected_weak) (non PIC, load offset)
FAIL: visibility (protected_weak) (PIC main, non PIC so)
FAIL: ELF weak func first DSO
FAIL: ELF weak func last DSO
FAIL: ELF weak data first DSO
FAIL: ELF weak data last DSO
FAIL: ELF weak data first DSO common
FAIL: ELF weak data last DSO common
FAIL: selective4
FAIL: selective5

		=== ld Summary for unix ===

# of expected passes		170
# of unexpected failures	19
# of expected failures		2
# of unresolved testcases	2

		=== ld Summary ===

# of expected passes		343
# of unexpected failures	35
# of expected failures		4
# of unresolved testcases	4
		=== libffi tests ===


Running target unix/-fPIC
FAIL: libffi.call/cls_12byte.c execution test
FAIL: libffi.call/cls_16byte.c execution test
FAIL: libffi.call/cls_18byte.c execution test
FAIL: libffi.call/cls_19byte.c execution test
FAIL: libffi.call/cls_1_1byte.c execution test
FAIL: libffi.call/cls_20byte.c execution test
FAIL: libffi.call/cls_20byte1.c execution test
FAIL: libffi.call/cls_24byte.c execution test
FAIL: libffi.call/cls_2byte.c execution test
FAIL: libffi.call/cls_3_1byte.c execution test
FAIL: libffi.call/cls_3byte1.c execution test
FAIL: libffi.call/cls_3byte2.c execution test
FAIL: libffi.call/cls_4_1byte.c execution test
FAIL: libffi.call/cls_4byte.c execution test
FAIL: libffi.call/cls_5byte.c execution test
FAIL: libffi.call/cls_64byte.c execution test
FAIL: libffi.call/cls_6byte.c execution test
FAIL: libffi.call/cls_7byte.c execution test
FAIL: libffi.call/cls_8byte.c execution test
FAIL: libffi.call/cls_9byte1.c execution test
FAIL: libffi.call/cls_9byte2.c execution test
FAIL: libffi.call/cls_align_double.c execution test
FAIL: libffi.call/cls_align_float.c execution test
FAIL: libffi.call/cls_align_longdouble.c execution test
FAIL: libffi.call/cls_align_pointer.c execution test
FAIL: libffi.call/cls_align_sint16.c execution test
FAIL: libffi.call/cls_align_sint32.c execution test
FAIL: libffi.call/cls_align_sint64.c execution test
FAIL: libffi.call/cls_align_uint16.c execution test
FAIL: libffi.call/cls_align_uint32.c execution test
FAIL: libffi.call/cls_align_uint64.c execution test
FAIL: libffi.call/nested_struct.c execution test
FAIL: libffi.call/nested_struct1.c execution test
FAIL: libffi.call/nested_struct2.c execution test
FAIL: libffi.call/nested_struct3.c execution test
FAIL: libffi.call/problem1.c execution test
FAIL: libffi.call/struct3.c execution test

		=== libffi Summary for unix/-fPIC ===

# of expected passes		139
# of unexpected failures	37
# of unsupported tests		2

Running target unix
FAIL: libffi.call/cls_12byte.c execution test
FAIL: libffi.call/cls_16byte.c execution test
FAIL: libffi.call/cls_18byte.c execution test
FAIL: libffi.call/cls_19byte.c execution test
FAIL: libffi.call/cls_1_1byte.c execution test
FAIL: libffi.call/cls_20byte.c execution test
FAIL: libffi.call/cls_20byte1.c execution test
FAIL: libffi.call/cls_24byte.c execution test
FAIL: libffi.call/cls_2byte.c execution test
FAIL: libffi.call/cls_3_1byte.c execution test
FAIL: libffi.call/cls_3byte1.c execution test
FAIL: libffi.call/cls_3byte2.c execution test
FAIL: libffi.call/cls_4_1byte.c execution test
FAIL: libffi.call/cls_4byte.c execution test
FAIL: libffi.call/cls_5byte.c execution test
FAIL: libffi.call/cls_64byte.c execution test
FAIL: libffi.call/cls_6byte.c execution test
FAIL: libffi.call/cls_7byte.c execution test
FAIL: libffi.call/cls_8byte.c execution test
FAIL: libffi.call/cls_9byte1.c execution test
FAIL: libffi.call/cls_9byte2.c execution test
FAIL: libffi.call/cls_align_double.c execution test
FAIL: libffi.call/cls_align_float.c execution test
FAIL: libffi.call/cls_align_longdouble.c execution test
FAIL: libffi.call/cls_align_pointer.c execution test
FAIL: libffi.call/cls_align_sint16.c execution test
FAIL: libffi.call/cls_align_sint32.c execution test
FAIL: libffi.call/cls_align_sint64.c execution test
FAIL: libffi.call/cls_align_uint16.c execution test
FAIL: libffi.call/cls_align_uint32.c execution test
FAIL: libffi.call/cls_align_uint64.c execution test
FAIL: libffi.call/nested_struct.c execution test
FAIL: libffi.call/nested_struct1.c execution test
FAIL: libffi.call/nested_struct2.c execution test
FAIL: libffi.call/nested_struct3.c execution test
FAIL: libffi.call/problem1.c execution test
FAIL: libffi.call/struct3.c execution test

		=== libffi Summary for unix ===

# of expected passes		139
# of unexpected failures	37
# of unsupported tests		2

		=== libffi Summary ===

# of expected passes		278
# of unexpected failures	74
# of unsupported tests		4
		=== libjava tests ===


Running target unix/-fPIC
FAIL: linking simple
FAIL: Array_3 execution - source compiled test
FAIL: Array_3 execution - gij test
FAIL: Array_3 execution - bytecode->native test
FAIL: Array_3 -O3 execution - source compiled test
FAIL: Array_3 execution - gij test
FAIL: Array_3 -O3 execution - bytecode->native test
FAIL: Invoke_1 execution - source compiled test
FAIL: Invoke_1 execution - bytecode->native test
FAIL: Invoke_1 -O3 execution - source compiled test
FAIL: Invoke_1 -O3 execution - bytecode->native test
FAIL: PR218 execution - source compiled test
FAIL: PR218 execution - gij test
FAIL: PR218 execution - bytecode->native test
FAIL: PR218 -O3 execution - source compiled test
FAIL: PR218 execution - gij test
FAIL: PR218 -O3 execution - bytecode->native test
WARNING: program timed out.
FAIL: SyncTest execution - source compiled test
WARNING: program timed out.
FAIL: SyncTest execution - gij test
WARNING: program timed out.
FAIL: SyncTest execution - bytecode->native test
WARNING: program timed out.
FAIL: SyncTest -O3 execution - source compiled test
WARNING: program timed out.
FAIL: SyncTest execution - gij test
WARNING: program timed out.
FAIL: SyncTest -O3 execution - bytecode->native test
FAIL: Throw_2 execution - source compiled test
FAIL: Throw_2 execution - gij test
FAIL: Throw_2 execution - bytecode->native test
FAIL: Throw_2 -O3 execution - source compiled test
FAIL: Throw_2 execution - gij test
FAIL: Throw_2 -O3 execution - bytecode->native test

		=== libjava Summary for unix/-fPIC ===

# of expected passes		3204
# of unexpected failures	29
# of expected failures		11
# of untested testcases		36

Running target unix
FAIL: linking simple
FAIL: Array_3 execution - source compiled test
FAIL: Array_3 execution - gij test
FAIL: Array_3 execution - bytecode->native test
FAIL: Array_3 -O3 execution - source compiled test
FAIL: Array_3 execution - gij test
FAIL: Array_3 -O3 execution - bytecode->native test
FAIL: Invoke_1 execution - source compiled test
FAIL: Invoke_1 execution - bytecode->native test
FAIL: Invoke_1 -O3 execution - source compiled test
FAIL: Invoke_1 -O3 execution - bytecode->native test
FAIL: PR218 execution - source compiled test
FAIL: PR218 execution - gij test
FAIL: PR218 execution - bytecode->native test
FAIL: PR218 -O3 execution - source compiled test
FAIL: PR218 execution - gij test
FAIL: PR218 -O3 execution - bytecode->native test
WARNING: program timed out.
FAIL: SyncTest execution - source compiled test
WARNING: program timed out.
FAIL: SyncTest execution - gij test
WARNING: program timed out.
FAIL: SyncTest execution - bytecode->native test
WARNING: program timed out.
FAIL: SyncTest -O3 execution - source compiled test
WARNING: program timed out.
FAIL: SyncTest execution - gij test
WARNING: program timed out.
FAIL: SyncTest -O3 execution - bytecode->native test
FAIL: Throw_2 execution - source compiled test
FAIL: Throw_2 execution - gij test
FAIL: Throw_2 execution - bytecode->native test
FAIL: Throw_2 -O3 execution - source compiled test
FAIL: Throw_2 execution - gij test
FAIL: Throw_2 -O3 execution - bytecode->native test

		=== libjava Summary for unix ===

# of expected passes		3204
# of unexpected failures	29
# of expected failures		11
# of untested testcases		36

		=== libjava Summary ===

# of expected passes		6408
# of unexpected failures	58
# of expected failures		22
# of untested testcases		72

		=== libstdc++-v3 check-abi Summary ===

# of added symbols:		 249
# of missing symbols:		 381
# of incompatible symbols:	 412
		=== libstdc++ tests ===


Running target unix/-fPIC
FAIL: 22_locale/codecvt/encoding/wchar_t/wrapped_locale.cc execution test
FAIL: 22_locale/codecvt/in/wchar_t/9.cc execution test
FAIL: 22_locale/codecvt/max_length/wchar_t/wrapped_locale.cc execution test
FAIL: 22_locale/ctype/widen/wchar_t/2.cc execution test
FAIL: 27_io/basic_filebuf/imbue/wchar_t/12868.cc execution test
FAIL: 27_io/basic_filebuf/overflow/wchar_t/11305-1.cc execution test
FAIL: 27_io/basic_filebuf/overflow/wchar_t/11305-2.cc execution test
FAIL: 27_io/basic_filebuf/overflow/wchar_t/11305-3.cc execution test
FAIL: 27_io/basic_filebuf/overflow/wchar_t/11305-4.cc execution test
FAIL: 27_io/basic_filebuf/seekoff/wchar_t/1.cc execution test
FAIL: 27_io/basic_filebuf/seekoff/wchar_t/2.cc execution test
FAIL: 27_io/basic_filebuf/seekpos/wchar_t/9874.cc execution test
FAIL: 27_io/basic_filebuf/underflow/wchar_t/1.cc execution test
FAIL: 27_io/basic_filebuf/underflow/wchar_t/2.cc execution test
FAIL: 27_io/basic_filebuf/underflow/wchar_t/3.cc execution test
FAIL: 27_io/basic_filebuf/underflow/wchar_t/9520.cc execution test
FAIL: ext/enc_filebuf/char/13189.cc (test for excess errors)
WARNING: ext/enc_filebuf/char/13189.cc compilation failed to produce executable
FAIL: ext/enc_filebuf/wchar_t/13189.cc (test for excess errors)
WARNING: ext/enc_filebuf/wchar_t/13189.cc compilation failed to produce executable
WARNING: program timed out.
FAIL: thread/pthread1.cc execution test
FAIL: thread/pthread4.cc execution test
WARNING: program timed out.
FAIL: thread/pthread5.cc execution test

		=== libstdc++ Summary for unix/-fPIC ===

# of expected passes		2483
# of unexpected failures	21
# of expected failures		12

Running target unix
FAIL: 22_locale/codecvt/encoding/wchar_t/wrapped_locale.cc execution test
FAIL: 22_locale/codecvt/in/wchar_t/9.cc execution test
FAIL: 22_locale/codecvt/max_length/wchar_t/wrapped_locale.cc execution test
FAIL: 22_locale/ctype/widen/wchar_t/2.cc execution test
XPASS: 26_numerics/c99_classification_macros_c.cc (test for excess errors)
FAIL: 27_io/basic_filebuf/imbue/wchar_t/12868.cc execution test
FAIL: 27_io/basic_filebuf/overflow/wchar_t/11305-1.cc execution test
FAIL: 27_io/basic_filebuf/overflow/wchar_t/11305-2.cc execution test
FAIL: 27_io/basic_filebuf/overflow/wchar_t/11305-3.cc execution test
FAIL: 27_io/basic_filebuf/overflow/wchar_t/11305-4.cc execution test
FAIL: 27_io/basic_filebuf/seekoff/wchar_t/1.cc execution test
FAIL: 27_io/basic_filebuf/seekoff/wchar_t/2.cc execution test
FAIL: 27_io/basic_filebuf/seekpos/wchar_t/9874.cc execution test
FAIL: 27_io/basic_filebuf/underflow/wchar_t/1.cc execution test
FAIL: 27_io/basic_filebuf/underflow/wchar_t/2.cc execution test
FAIL: 27_io/basic_filebuf/underflow/wchar_t/3.cc execution test
FAIL: 27_io/basic_filebuf/underflow/wchar_t/9520.cc execution test
WARNING: program timed out.
FAIL: thread/pthread1.cc execution test
FAIL: thread/pthread4.cc execution test
WARNING: program timed out.
FAIL: thread/pthread5.cc execution test

		=== libstdc++ Summary for unix ===

# of expected passes		2487
# of unexpected failures	19
# of unexpected successes	1
# of expected failures		11

		=== libstdc++ Summary ===

# of expected passes		4970
# of unexpected failures	40
# of unexpected successes	1
# of expected failures		23

Compiler version: 3.5.0 20040117 (experimental) 
Platform: sparc-unknown-linux-gnu
configure flags: sparc-linux --prefix=/usr/local/gcc-binutils --enable-__cxa_atexit --enable-shared --enable-threads=posix --with-system-zlib --enable-clocale=gnu
Counting all warnings,
there are 113 warnings in stage0 of this bootstrap.

Number of warnings per file:
     20	libiberty/regex.c
     16	include/linux/sysctl.h
     10	/usr/local/src/trunk/gcc-binutils/binutils/bucomm.c
     10	libiberty/concat.c
      4	libjava/java/lang/strtod.c
      4	libjava/java/lang/dtoa.c
      4	include/fibheap.h
      4	include/bits/mathinline.h
      3	libjava/java/lang/e_exp.c
      3	libf2c/libI77/rsne.c
      2	libtool
      2	libobjc/linking.m
      2	libjava/java/lang/natClassLoader.cc
      2	libiberty/floatformat.c
      2	libffi/src/sparc/v8.S
      2	include/xregex2.h
      2	<command line>
      1	/usr/local/src/trunk/gcc-binutils/gas/input-file.c
      1	/usr/local/src/trunk/gcc-binutils/boehm-gc/mark_rts.c
      1	libobjc/sendmsg.c
      1	libobjc/Protocol.m
      1	libobjc/Object.m
      1	libobjc/encoding.c
      1	libjava/verify.cc
      1	libjava/prims.cc
      1	libjava/jni.cc
      1	libjava/java/lang/e_rem_pio2.c
      1	libjava/java/lang/e_asin.c
      1	libjava/gnu/gcj/io/shs.cc
      1	libjava/boehm.cc
      1	libf2c/libI77/open.c
      1	libf2c/libI77/inquire.c
      1	lex.yy.c
      1	java/net/natNetworkInterface.cc
      1	include/private/../gc_config_macros.h
      1	include/gc_config_macros.h
      1	gcc/coretypes.h
      1	fastjar/jartool.c

Number of warning types:
     16	signed and unsigned type in conditional expression
     15	comma at end of enumerator list
     10	the use of \`???' is dangerous, better use \`???'
      9	traditional C rejects ISO C style function definitions
      4	traditional C rejects automatic aggregate initialization
      4	this is the location of the previous definition
      4	dereferencing type-punned pointer will break strict-aliasing rules
      4	comparison between signed and unsigned integer expressions
      4	bit-field \`???' type invalid in ISO C
      2	use of C99 hexadecimal floating constant
      2	unused parameter 'preg'
      2	unused parameter \`???'
      2	ISO C90 does not support \`static' or type qualifiers in parameter array declarators
      2	\`GC_LINUX_THREADS' redefined
      1	'z' might be used uninitialized in this function
      1	'x' might be used uninitialized in this function
      1	'x0' might be used uninitialized in this function
      1	'void byteReverse()' declared \`static' but never defined
      1	unused parameter '_p'
      1	unused parameter 'fmt'
      1	unused parameter 'args_size'
      1	traditional C rejects ISO C style function definitionschecking for gethostbyaddr_r... 
      1	to ensure that POSIX-compatible ar will work
      1	't' might be used uninitialized in this function
      1	'target_flags' defined but not used
      1	string length \`???' is greater than the length \`???' ISO C89 compilers are required to support
      1	\`STACKFRAME' redefined
      1	'spec_case' might be used uninitialized in this function
      1	\`rtx' redefined
      1	object name conflicts; overriding AR_FLAGS to 'cq'
      1	'mlo' might be used uninitialized in this function
      1	\`???' might be used uninitialized in this function
      1	'lo' might be used uninitialized in this function
      1	'k' might be used uninitialized in this function
      1	'ilim' might be used uninitialized in this function
      1	'ilim1' might be used uninitialized in this function
      1	'hi' might be used uninitialized in this function
      1	function returns address of local variable
      1	'dn' might be used uninitialized in this function
      1	'dn0' might be used uninitialized in this function
      1	'delta' might be used uninitialized in this function
      1	\`???' defined but not used
      1	comparison between signed and unsigned
      1	comma at end of enumerator listyes
      1	'bs' might be used uninitialized in this function
      1	'bd' might be used uninitialized in this function
      1	'bb' might be used uninitialized in this function
Counting all warnings,
there are 16 warnings in stage3 of this bootstrap.

Number of warnings per file:
      5	/usr/share/bison/bison.simple
      3	gengtype-lex.c
      3	gcc/gcc.c
      2	gcc/objc/lang-specs.h
      2	gcc/f/sta.c
      1	gcc/java/jvspec.c

Number of warning types:
      6	string length \`???' is greater than the length \`???' ISO C89 compilers are required to support
      6	old-style parameter declaration
      2	label \`???' defined but not used
      2	dereferencing type-punned pointer will break strict-aliasing rules



More information about the Gcc-testresults mailing list