Results for 3.5.0 20040120 (experimental) testsuite on hppa1.1-hp-hpux10.20

John David Anglin dave@hiauly1.hia.nrc.ca
Thu Jan 22 16:24:00 GMT 2004


LAST_UPDATED: Tue Jan 20 23:27:11 UTC 2004

Native configuration is hppa1.1-hp-hpux10.20

		=== g++ tests ===


Running target unix
WARNING: program timed out.
FAIL: g++.dg/eh/cleanup1.C (test for excess errors)
FAIL: g++.dg/ext/attrib10.C (test for excess errors)
FAIL: g++.dg/init/init-ref4.C (test for excess errors)
WARNING: g++.dg/init/init-ref4.C compilation failed to produce executable
FAIL: g++.dg/opt/inline4.C scan-assembler-not _Z1g
FAIL: g++.dg/opt/inline6.C scan-assembler-not foo
FAIL: g++.dg/opt/template1.C scan-assembler-not foo1
FAIL: g++.dg/parse/attr-ctor1.C (test for excess errors)
FAIL: g++.dg/parse/constant4.C (test for excess errors)
FAIL: g++.dg/template/non-dependent2.C (test for excess errors)
FAIL: g++.dg/template/non-dependent3.C (test for excess errors)
FAIL: g++.dg/warn/weak1.C (test for excess errors)
FAIL: g++.old-deja/g++.eh/cleanup2.C (test for excess errors)
WARNING: g++.old-deja/g++.eh/cleanup2.C compilation failed to produce executable
FAIL: g++.old-deja/g++.ext/attrib5.C (test for excess errors)
WARNING: g++.old-deja/g++.ext/attrib5.C compilation failed to produce executable
WARNING: g++.old-deja/g++.mike/p10769a.C compilation failed to produce executable
FAIL: g++.old-deja/g++.other/comdat3.C (test for excess errors)
WARNING: g++.old-deja/g++.other/comdat3.C compilation failed to produce executable
WARNING: g++.old-deja/g++.other/enum5.C compilation failed to produce executable
FAIL: g++.old-deja/g++.other/mangle3.C (test for excess errors)
WARNING: g++.old-deja/g++.pt/friend44.C compilation failed to produce executable
FAIL: g++.old-deja/g++.pt/static3.C (test for excess errors)
WARNING: g++.old-deja/g++.pt/static3.C compilation failed to produce executable
FAIL: g++.old-deja/g++.pt/static6.C (test for excess errors)

		=== g++ Summary ===

# of expected passes		9139
# of unexpected failures	17
# of expected failures		62
# of unsupported tests		70
/xxx/gnu/gcc-3.3/objdir/gcc/testsuite/../g++ version 3.5.0 20040120 (experimental)

		=== g77 tests ===


Running target unix

		=== g77 Summary ===

# of expected passes		1788
# of unsupported tests		6
/xxx/gnu/gcc-3.3/objdir/gcc/testsuite/../g77 version 3.5.0 20040120 (experimental)

		=== gcc tests ===


Running target unix
WARNING: program timed out.
FAIL: gcc.c-torture/compile/20001226-1.c (test for excess errors)
FAIL: gcc.dg/20031202-1.c execution test
FAIL: gcc.dg/builtins-18.c (test for excess errors)
FAIL: gcc.dg/builtins-20.c (test for excess errors)
FAIL: gcc.dg/const-elim-1.c scan-assembler-not L\\\$?C[^A-Z]
UNRESOLVED: gcc.dg/visibility-1.c
UNRESOLVED: gcc.dg/visibility-2.c
UNRESOLVED: gcc.dg/visibility-3.c
UNRESOLVED: gcc.dg/visibility-4.c
UNRESOLVED: gcc.dg/visibility-5.c
UNRESOLVED: gcc.dg/visibility-6.c
UNRESOLVED: gcc.dg/visibility-7.c
UNRESOLVED: gcc.dg/special/weak-1.c
UNRESOLVED: gcc.dg/special/weak-2.c
UNRESOLVED: gcc.dg/special/wkali-1.c
UNRESOLVED: gcc.dg/special/wkali-2.c
FAIL: gcc.dg/torture/builtin-noret-1.c (test for excess errors)
FAIL: gcc.dg/torture/builtin-noret-1.c (test for excess errors)
FAIL: gcc.dg/torture/builtin-noret-1.c (test for excess errors)
FAIL: gcc.dg/torture/builtin-noret-1.c (test for excess errors)
FAIL: gcc.dg/torture/builtin-noret-1.c (test for excess errors)
FAIL: gcc.dg/torture/builtin-noret-1.c (test for excess errors)
FAIL: gcc.dg/torture/builtin-noret-2.c (test for excess errors)
FAIL: gcc.dg/torture/builtin-noret-2.c (test for excess errors)
FAIL: gcc.dg/torture/builtin-noret-2.c (test for excess errors)
FAIL: gcc.dg/torture/builtin-noret-2.c (test for excess errors)
FAIL: gcc.dg/torture/builtin-noret-2.c (test for excess errors)
FAIL: gcc.dg/torture/builtin-noret-2.c (test for excess errors)
UNRESOLVED: gcc.dg/weak/typeof-2.c
UNRESOLVED: gcc.dg/weak/weak-1.c
UNRESOLVED: gcc.dg/weak/weak-2.c
UNRESOLVED: gcc.dg/weak/weak-3.c
UNRESOLVED: gcc.dg/weak/weak-4.c
UNRESOLVED: gcc.dg/weak/weak-5.c
UNRESOLVED: gcc.dg/weak/weak-6.c
UNRESOLVED: gcc.dg/weak/weak-7.c
UNRESOLVED: gcc.dg/weak/weak-8.c
UNRESOLVED: gcc.dg/weak/weak-9.c

		=== gcc Summary ===

# of expected passes		24254
# of unexpected failures	17
# of expected failures		73
# of unresolved testcases	21
# of untested testcases		7
# of unsupported tests		326
/xxx/gnu/gcc-3.3/objdir/gcc/xgcc version 3.5.0 20040120 (experimental)

		=== objc tests ===


Running target unix

		=== objc Summary ===

# of expected passes		1341
# of unsupported tests		8
/xxx/gnu/gcc-3.3/objdir/gcc/xgcc version 3.5.0 20040120 (experimental)

		=== libstdc++ tests ===


Running target unix

		=== libstdc++ Summary ===

# of expected passes		1882
# of expected failures		1
# of unsupported tests		7

Compiler version: 3.5.0 20040120 (experimental) 
Platform: hppa1.1-hp-hpux10.20
configure flags: --with-gnu-as --with-as=/usr/local/bin/as --enable-shared --prefix=/opt/gnu/gcc/gcc-3.5 --with-local-prefix=/usr/local --disable-nls --enable-debug=no



More information about the Gcc-testresults mailing list