Results for 3.3.3 20040121 (prerelease) testsuite on sparc64-sun-solaris2.9

Eric Botcazou eric@localhost.localdomain
Thu Jan 22 14:07:00 GMT 2004


LAST_UPDATED: Wed Jan 21 06:47:43 UTC 2004

Native configuration is sparc64-sun-solaris2.9

		=== g++ tests ===


Running target unix
FAIL: g++.dg/parse/stack1.C (test for excess errors)
FAIL: g++.other/decl5.C caused compiler crash

		=== g++ Summary ===

# of expected passes		8120
# of unexpected failures	2
# of expected failures		93
# of untested testcases		23
# of unsupported tests		28
/opt/build/eric/gcc-3_3-branch/gcc/testsuite/../g++ version 3.3.3 20040121 (prerelease)

		=== g77 tests ===


Running target unix

		=== g77 Summary ===

# of expected passes		1720
# of unsupported tests		8
/opt/build/eric/gcc-3_3-branch/gcc/testsuite/../g77 version 3.3.3 20040121 (prerelease)

		=== gcc tests ===


Running target unix
WARNING: gcc.dg/20021014-1.c compilation failed to produce executable
FAIL: gcc.dg/duff-2.c (test for excess errors)

		=== gcc Summary ===

# of expected passes		21038
# of unexpected failures	1
# of expected failures		77
# of unsupported tests		182
/opt/build/eric/gcc-3_3-branch/gcc/xgcc version 3.3.3 20040121 (prerelease)

		=== objc tests ===


Running target unix

		=== objc Summary ===

# of expected passes		1166
/opt/build/eric/gcc-3_3-branch/gcc/xgcc version 3.3.3 20040121 (prerelease)

		=== libstdc++-v3 tests ===


Running target unix

		=== libstdc++-v3 Summary ===

# of expected passes		429
# of expected failures		18

Compiler version: 3.3.3 20040121 (prerelease) 
Platform: sparc64-sun-solaris2.9
configure flags: --host=sparc64-sun-solaris2.9 --prefix=/opt/build/eric/gcc333 --enable-languages=c,c++,objc,f77,java --enable-checking=misc,tree,rtlflag



More information about the Gcc-testresults mailing list