Results for 3.4.0 20040121 (prerelease) testsuite on i686-pc-linux-gnu

christian@j-son.org christian@j-son.org
Wed Jan 21 21:25:00 GMT 2004


Fedora Core 1 (FC1) ia32 pentium II single i686:

binutils-2.14.90.0.6-4
bison-1.875-5
dejagnu-1.4.2-10
expect-5.39.0-93
gcc-3.3.2-1
glibc-2.3.2-101.4
glibc-kernheaders-2.4-8.36
kernel-2.6.1-1.47
tcl-8.3.5-93

LAST_UPDATED: Wed Jan 21 08:04:33 UTC 2004

Native configuration is i686-pc-linux-gnu

		=== g77 tests ===


Running target unix/-fPIC

		=== g77 Summary for unix/-fPIC ===

# of expected passes		1800

Running target unix

		=== g77 Summary for unix ===

# of expected passes		1800

		=== g77 Summary ===

# of expected passes		3600
/usr/local/src/branch/objdir/gcc/testsuite/../g77 version 3.4.0 20040121 (prerelease)

		=== gcc tests ===


Running target unix/-fPIC
FAIL: gcc.c-torture/compile/20000804-1.c (test for excess errors)
FAIL: gcc.c-torture/compile/20000804-1.c (test for excess errors)
FAIL: gcc.c-torture/execute/va-arg-25.c execution,  -Os 
FAIL: gcc.dg/20011119-1.c (test for excess errors)
WARNING: gcc.dg/20011119-1.c compilation failed to produce executable
WARNING: program timed out.
FAIL: gcc.dg/20020616-1.c execution test
FAIL: gcc.dg/20020919-1.c  (test for errors, line 132)
FAIL: gcc.dg/20020919-1.c  (test for errors, line 177)
FAIL: gcc.dg/20020919-1.c  (test for errors, line 231)
FAIL: gcc.dg/20020919-1.c  (test for errors, line 244)
FAIL: gcc.dg/20020919-1.c (test for excess errors)
FAIL: gcc.dg/clobbers.c (test for excess errors)
WARNING: gcc.dg/clobbers.c compilation failed to produce executable
FAIL: gcc.dg/i386-387-3.c scan-assembler fldpi
FAIL: gcc.dg/i386-387-4.c scan-assembler fldpi
FAIL: gcc.dg/i386-cmov1.c scan-assembler sar[^\\n]*magic_namea
FAIL: gcc.dg/i386-cmov1.c scan-assembler sar[^\\n]*magic_nameb
FAIL: gcc.dg/i386-cmov1.c scan-assembler sar[^\\n]*magic_namec
FAIL: gcc.dg/i386-cmov1.c scan-assembler shr[^\\n]*magic_named
FAIL: gcc.dg/i386-cmov1.c scan-assembler shr[^\\n]*magic_namee
FAIL: gcc.dg/i386-cmov1.c scan-assembler shr[^\\n]*magic_namef
FAIL: gcc.dg/i386-local2.c scan-assembler-not sub[^\\n]*sp
FAIL: gcc.dg/i386-mul.c scan-assembler and[^\\n]*magic
FAIL: gcc.dg/i386-ssetype-1.c scan-assembler andpd[^\\n]*magic
FAIL: gcc.dg/i386-ssetype-1.c scan-assembler andnpd[^\\n]*magic
FAIL: gcc.dg/i386-ssetype-1.c scan-assembler xorpd[^\\n]*magic
FAIL: gcc.dg/i386-ssetype-1.c scan-assembler orpd[^\\n]*magic
FAIL: gcc.dg/i386-ssetype-1.c scan-assembler movapd[^\\n]*magic
FAIL: gcc.dg/i386-ssetype-3.c scan-assembler andps[^\\n]*magic
FAIL: gcc.dg/i386-ssetype-3.c scan-assembler andnps[^\\n]*magic
FAIL: gcc.dg/i386-ssetype-3.c scan-assembler xorps[^\\n]*magic
FAIL: gcc.dg/i386-ssetype-3.c scan-assembler orps[^\\n]*magic
FAIL: gcc.dg/i386-ssetype-3.c scan-assembler movaps[^\\n]*magic
FAIL: gcc.dg/i386-ssetype-5.c scan-assembler pand[^\\n]*magic
FAIL: gcc.dg/i386-ssetype-5.c scan-assembler pandn[^\\n]*magic
FAIL: gcc.dg/i386-ssetype-5.c scan-assembler pxor[^\\n]*magic
FAIL: gcc.dg/i386-ssetype-5.c scan-assembler por[^\\n]*magic
FAIL: gcc.dg/sibcall-6.c execution test
FAIL: gcc.dg/pch/common-1.c (test for excess errors)
FAIL: gcc.dg/pch/cpp-1.c (test for excess errors)
FAIL: gcc.dg/pch/cpp-2.c (test for excess errors)
FAIL: gcc.dg/pch/decl-2.c (test for excess errors)
FAIL: gcc.dg/pch/decl-3.c  -O0  assembly comparison
FAIL: gcc.dg/pch/decl-3.c (test for excess errors)
FAIL: gcc.dg/pch/decl-5.c  -O0  assembly comparison
FAIL: gcc.dg/pch/decl-5.c (test for excess errors)
FAIL: gcc.dg/pch/except-1.c (test for excess errors)
FAIL: gcc.dg/pch/global-1.c  -O1  assembly comparison
FAIL: gcc.dg/pch/inline-1.c -O0 -g assembly comparison
FAIL: gcc.dg/pch/inline-1.c  -O1  assembly comparison
FAIL: gcc.dg/pch/inline-1.c (test for excess errors)
FAIL: gcc.dg/pch/inline-2.c (test for excess errors)
FAIL: gcc.dg/pch/inline-3.c (test for excess errors)
FAIL: gcc.dg/pch/inline-3.c (test for excess errors)
FAIL: gcc.dg/pch/macro-1.c (test for excess errors)
FAIL: gcc.dg/pch/macro-1.c  -Os  assembly comparison
FAIL: gcc.dg/pch/macro-3.c (test for excess errors)
FAIL: gcc.dg/pch/static-1.c (test for excess errors)
FAIL: gcc.dg/pch/static-1.c (test for excess errors)
FAIL: gcc.dg/pch/static-1.c  -O3 -g  assembly comparison

		=== gcc Summary for unix/-fPIC ===

# of expected passes		24184
# of unexpected failures	58
# of expected failures		70
# of untested testcases		22
# of unsupported tests		170

Running target unix
FAIL: gcc.c-torture/execute/va-arg-25.c execution,  -Os 
FAIL: gcc.dg/i386-sse-6.c execution test
FAIL: gcc.dg/pch/cpp-2.c (test for excess errors)
FAIL: gcc.dg/pch/decl-1.c (test for excess errors)
FAIL: gcc.dg/pch/decl-1.c (test for excess errors)
FAIL: gcc.dg/pch/decl-4.c (test for excess errors)
FAIL: gcc.dg/pch/decl-5.c (test for excess errors)
FAIL: gcc.dg/pch/empty.c (test for excess errors)
FAIL: gcc.dg/pch/except-1.c (test for excess errors)
FAIL: gcc.dg/pch/global-1.c (test for excess errors)
FAIL: gcc.dg/pch/inline-1.c (test for excess errors)
FAIL: gcc.dg/pch/inline-2.c (test for excess errors)
FAIL: gcc.dg/pch/inline-2.c  -O2  assembly comparison
FAIL: gcc.dg/pch/inline-2.c  -O3 -g  assembly comparison
FAIL: gcc.dg/pch/inline-3.c (test for excess errors)
FAIL: gcc.dg/pch/macro-1.c  -O3 -fomit-frame-pointer  assembly comparison
FAIL: gcc.dg/pch/macro-1.c (test for excess errors)
FAIL: gcc.dg/pch/macro-2.c  -O2  assembly comparison
FAIL: gcc.dg/pch/static-1.c (test for excess errors)
FAIL: gcc.dg/pch/static-2.c (test for excess errors)

		=== gcc Summary for unix ===

# of expected passes		24226
# of unexpected failures	20
# of expected failures		70
# of untested testcases		21
# of unsupported tests		170

		=== gcc Summary ===

# of expected passes		48410
# of unexpected failures	78
# of expected failures		140
# of untested testcases		43
# of unsupported tests		340
/usr/local/src/branch/objdir/gcc/xgcc version 3.4.0 20040121 (prerelease)

		=== g++ tests ===


Running target unix/-fPIC
WARNING: program timed out.
FAIL: g++.dg/parse/stack1.C (test for excess errors)
FAIL: g++.old-deja/g++.eh/cleanup2.C (test for excess errors)
WARNING: g++.old-deja/g++.eh/cleanup2.C compilation failed to produce executable
WARNING: g++.old-deja/g++.mike/p10769a.C compilation failed to produce executable
WARNING: g++.old-deja/g++.other/enum5.C compilation failed to produce executable
XPASS: g++.old-deja/g++.other/init5.C execution test
FAIL: g++.old-deja/g++.pt/asm1.C (test for excess errors)
FAIL: g++.old-deja/g++.pt/asm2.C (test for excess errors)
WARNING: g++.old-deja/g++.pt/friend44.C compilation failed to produce executable

		=== g++ Summary for unix/-fPIC ===

# of expected passes		9401
# of unexpected failures	4
# of unexpected successes	1
# of expected failures		59
# of unsupported tests		30

Running target unix
WARNING: program timed out.
FAIL: g++.dg/parse/stack1.C (test for excess errors)
FAIL: g++.dg/pch/static-1.C (test for excess errors)
FAIL: g++.old-deja/g++.eh/cleanup2.C (test for excess errors)
WARNING: g++.old-deja/g++.eh/cleanup2.C compilation failed to produce executable
WARNING: g++.old-deja/g++.mike/p10769a.C compilation failed to produce executable
WARNING: g++.old-deja/g++.other/enum5.C compilation failed to produce executable
XPASS: g++.old-deja/g++.other/init5.C execution test
WARNING: g++.old-deja/g++.pt/friend44.C compilation failed to produce executable

		=== g++ Summary for unix ===

# of expected passes		9400
# of unexpected failures	3
# of unexpected successes	1
# of expected failures		59
# of untested testcases		1
# of unsupported tests		30

		=== g++ Summary ===

# of expected passes		18801
# of unexpected failures	7
# of unexpected successes	2
# of expected failures		118
# of untested testcases		1
# of unsupported tests		60
/usr/local/src/branch/objdir/gcc/testsuite/../g++ version 3.4.0 20040121 (prerelease)

		=== objc tests ===


Running target unix/-fPIC

		=== objc Summary for unix/-fPIC ===

# of expected passes		1341
# of unsupported tests		8

Running target unix

		=== objc Summary for unix ===

# of expected passes		1341
# of unsupported tests		8

		=== objc Summary ===

# of expected passes		2682
# of unsupported tests		16
/usr/local/src/branch/objdir/gcc/xgcc version 3.4.0 20040121 (prerelease)

		=== libffi tests ===


Running target unix/-fPIC

		=== libffi Summary for unix/-fPIC ===

# of expected passes		212
# of unsupported tests		2

Running target unix

		=== libffi Summary for unix ===

# of expected passes		212
# of unsupported tests		2

		=== libffi Summary ===

# of expected passes		424
# of unsupported tests		4
		=== libjava tests ===


Running target unix/-fPIC
FAIL: linking simple

		=== libjava Summary for unix/-fPIC ===

# of expected passes		3260
# of unexpected failures	1
# of expected failures		11
# of untested testcases		8

Running target unix
FAIL: linking simple

		=== libjava Summary for unix ===

# of expected passes		3260
# of unexpected failures	1
# of expected failures		11
# of untested testcases		8

		=== libjava Summary ===

# of expected passes		6520
# of unexpected failures	2
# of expected failures		22
# of untested testcases		16

		=== libstdc++-v3 check-abi Summary ===

# of added symbols:		 250
# of missing symbols:		 255
# of incompatible symbols:	 286
		=== libstdc++ tests ===


Running target unix/-fPIC

		=== libstdc++ Summary for unix/-fPIC ===

# of expected passes		2510
# of expected failures		12

Running target unix
XPASS: 26_numerics/c99_classification_macros_c.cc (test for excess errors)

		=== libstdc++ Summary for unix ===

# of expected passes		2510
# of unexpected successes	1
# of expected failures		11

		=== libstdc++ Summary ===

# of expected passes		5020
# of unexpected successes	1
# of expected failures		23

Compiler version: 3.4.0 20040121 (prerelease) 
Platform: i686-pc-linux-gnu
configure flags: pentium2-linux --prefix=/usr/local/gcc-binutils --enable-__cxa_atexit --enable-shared --enable-threads=posix --with-system-zlib --enable-clocale=gnu
Counting all warnings,
there are 89 warnings in stage0 of this bootstrap.

Number of warnings per file:
     20	libiberty/regex.c
     10	libiberty/concat.c
      6	fastjar/jartool.c
      5	include/xregex2.h
      4	libjava/java/lang/strtod.c
      4	libjava/java/lang/dtoa.c
      4	include/fibheap.h
      3	libiberty/floatformat.c
      3	libf2c/libI77/rsne.c
      3	include/java-signal.h
      3	<command line>
      2	libtool
      2	libobjc/linking.m
      2	libjava/java/lang/natClassLoader.cc
      2	include/gc_config_macros.h
      1	libobjc/sendmsg.c
      1	libobjc/Protocol.m
      1	libobjc/Object.m
      1	libobjc/encoding.c
      1	libjava/verify.cc
      1	libjava/jni.cc
      1	libjava/java/lang/e_exp.c
      1	libjava/gnu/gcj/io/shs.cc
      1	libjava/boehm.cc
      1	libf2c/libI77/open.c
      1	libf2c/libI77/inquire.c
      1	java/net/natNetworkInterface.cc
      1	include/private/../gc_config_macros.h
      1	gcc/coretypes.h
      1	gcc/boehm-gc/mark_rts.c
      1	checking whether time.h and sys/time.h may both be included... /usr/local/src/branch/gcc/libiberty/floatformat.c

Number of warning types:
     16	signed and unsigned type in conditional expression
     10	traditional C rejects ISO C style function definitions
      5	ISO C90 does not support \`static' or type qualifiers in parameter array declarators
      4	use of C99 hexadecimal floating constant
      4	this is the location of the previous definition
      4	pointer targets in passing arg ??? of \`???' differ in signedness
      4	dereferencing type-punned pointer will break strict-aliasing rules
      4	comparison between signed and unsigned integer expressions
      4	bit-field \`???' type invalid in ISO C
      3	'void restore()' declared \`static' but never defined
      3	\`GC_LINUX_THREADS' redefined
      2	unused parameter 'preg'
      2	unused parameter \`???'
      2	string length \`???' is greater than the length \`???' ISO C89 compilers are required to support
      1	'x' might be used uninitialized in this function
      1	'x0' might be used uninitialized in this function
      1	'void byteReverse()' declared \`static' but never defined
      1	unused parameter 'fmt'
      1	unused parameter 'args_size'
      1	to ensure that POSIX-compatible ar will work
      1	'target_flags' defined but not used
      1	'spec_case' might be used uninitialized in this function
      1	\`rtx' redefined
      1	object name conflicts; overriding AR_FLAGS to 'cq'
      1	'mlo' might be used uninitialized in this function
      1	'k' might be used uninitialized in this function
      1	'ilim' might be used uninitialized in this function
      1	'ilim1' might be used uninitialized in this function
      1	function returns address of local variable
      1	'dn' might be used uninitialized in this function
      1	'dn0' might be used uninitialized in this function
      1	'delta' might be used uninitialized in this function
      1	comparison between signed and unsigned
      1	'bs' might be used uninitialized in this function
      1	'bd' might be used uninitialized in this function
      1	'bb' might be used uninitialized in this function
Counting all warnings,
there are 17 warnings in stage3 of this bootstrap.

Number of warnings per file:
      3	insn-conditions.c
      3	gengtype-lex.c
      3	gcc/gcc.c
      2	gcc/objc/lang-specs.h
      2	gcc/f/sta.c
      1	gcc/java/jvspec.c
      1	gcc/config/i386/i386.md
      1	gcc/ada/tracebak.c
      1	gcc/ada/lang-specs.h

Number of warning types:
     10	string length \`???' is greater than the length \`???' ISO C89 compilers are required to support
      3	old-style parameter declaration
      2	dereferencing type-punned pointer will break strict-aliasing rules
      1	operand 1 missing mode?
      1	comparison of unsigned expression < 0 is always false



More information about the Gcc-testresults mailing list