Results for 3.4.0 20040120 (prerelease) testsuite on powerpc-apple-darwin7.2.0

Bradley Lucier lucier@dhcp10.math.purdue.edu
Wed Jan 21 18:20:00 GMT 2004


LAST_UPDATED: Tue Jan 20 16:20:15 UTC 2004

Native configuration is powerpc-apple-darwin7.2.0

		=== g++ tests ===


Running target unix/-mcpu=G5
FAIL: g++.dg/compat/eh/unexpected1 cp_compat_x_tst.o-cp_compat_y_tst.o execute 
FAIL: g++.dg/eh/simd-1.C (test for excess errors)
WARNING: g++.dg/eh/simd-1.C compilation failed to produce executable
FAIL: g++.dg/eh/unexpected1.C execution test
FAIL: g++.dg/ext/attrib10.C (test for excess errors)
FAIL: g++.dg/init/init-ref4.C (test for excess errors)
WARNING: g++.dg/init/init-ref4.C compilation failed to produce executable
XPASS: g++.dg/other/packed1.C execution test
FAIL: g++.dg/parse/attr-ctor1.C (test for excess errors)
FAIL: g++.dg/parse/constant4.C (test for excess errors)
WARNING: program timed out.
FAIL: g++.dg/parse/stack1.C (test for excess errors)
FAIL: g++.dg/template/non-dependent2.C (test for excess errors)
FAIL: g++.dg/template/non-dependent3.C (test for excess errors)
FAIL: g++.dg/warn/weak1.C (test for excess errors)
FAIL: g++.dg/special/conpr-3.C execution test
FAIL: g++.old-deja/g++.abi/cxa_vec.C execution test
FAIL: g++.old-deja/g++.brendan/new3.C execution test
FAIL: g++.old-deja/g++.eh/cleanup2.C (test for excess errors)
WARNING: g++.old-deja/g++.eh/cleanup2.C compilation failed to produce executable
FAIL: g++.old-deja/g++.eh/spec2.C execution test
FAIL: g++.old-deja/g++.eh/spec3.C execution test
FAIL: g++.old-deja/g++.eh/spec4.C execution test
FAIL: g++.old-deja/g++.ext/attrib5.C (test for excess errors)
WARNING: g++.old-deja/g++.ext/attrib5.C compilation failed to produce executable
FAIL: g++.old-deja/g++.ext/label1.C (test for excess errors)
WARNING: g++.old-deja/g++.ext/label1.C compilation failed to produce executable
FAIL: g++.old-deja/g++.ext/label2.C (test for excess errors)
WARNING: g++.old-deja/g++.ext/label2.C compilation failed to produce executable
FAIL: g++.old-deja/g++.mike/eh33.C execution test
FAIL: g++.old-deja/g++.mike/eh34.C execution test
FAIL: g++.old-deja/g++.mike/eh50.C execution test
FAIL: g++.old-deja/g++.mike/eh51.C execution test
FAIL: g++.old-deja/g++.mike/eh55.C execution test
WARNING: g++.old-deja/g++.mike/p10769a.C compilation failed to produce executable
FAIL: g++.old-deja/g++.mike/p4750.C (test for excess errors)
FAIL: g++.old-deja/g++.other/comdat3.C (test for excess errors)
WARNING: g++.old-deja/g++.other/comdat3.C compilation failed to produce executable
WARNING: g++.old-deja/g++.other/enum5.C compilation failed to produce executable
FAIL: g++.old-deja/g++.other/local-alloc1.C (test for excess errors)
FAIL: g++.old-deja/g++.other/mangle3.C (test for excess errors)
WARNING: g++.old-deja/g++.pt/friend44.C compilation failed to produce executable
FAIL: g++.old-deja/g++.pt/mangle2.C (test for excess errors)
FAIL: g++.old-deja/g++.pt/static3.C (test for excess errors)
WARNING: g++.old-deja/g++.pt/static3.C compilation failed to produce executable
FAIL: g++.old-deja/g++.pt/static6.C (test for excess errors)

		=== g++ Summary for unix/-mcpu=G5 ===

# of expected passes		9121
# of unexpected failures	33
# of unexpected successes	1
# of expected failures		61
# of unsupported tests		69

Running target unix
FAIL: g++.dg/debug/debug3.C (test for excess errors)
FAIL: g++.dg/debug/debug3.C (test for excess errors)
FAIL: g++.dg/debug/debug3.C (test for excess errors)
FAIL: g++.dg/debug/debug3.C (test for excess errors)
FAIL: g++.dg/debug/debug3.C (test for excess errors)
FAIL: g++.dg/debug/debug3.C (test for excess errors)
FAIL: g++.dg/debug/debug3.C (test for excess errors)
FAIL: g++.dg/debug/debug3.C (test for excess errors)
FAIL: g++.dg/debug/debug3.C (test for excess errors)
FAIL: g++.dg/debug/debug3.C (test for excess errors)
FAIL: g++.dg/debug/debug3.C (test for excess errors)
FAIL: g++.dg/debug/debug3.C (test for excess errors)
FAIL: g++.dg/debug/debug3.C (test for excess errors)
FAIL: g++.dg/debug/debug3.C (test for excess errors)
FAIL: g++.dg/debug/debug3.C (test for excess errors)
FAIL: g++.dg/debug/debug3.C (test for excess errors)
FAIL: g++.dg/debug/debug3.C (test for excess errors)
FAIL: g++.dg/debug/debug3.C (test for excess errors)
FAIL: g++.dg/eh/simd-2.C (test for excess errors)
WARNING: g++.dg/eh/simd-2.C compilation failed to produce executable
FAIL: g++.dg/ext/attrib10.C (test for excess errors)
FAIL: g++.dg/init/init-ref4.C (test for excess errors)
WARNING: g++.dg/init/init-ref4.C compilation failed to produce executable
FAIL: g++.dg/opt/vt1.C (test for excess errors)
XPASS: g++.dg/other/packed1.C execution test
FAIL: g++.dg/parse/attr-ctor1.C (test for excess errors)
FAIL: g++.dg/parse/constant4.C (test for excess errors)
FAIL: g++.dg/template/non-dependent2.C (test for excess errors)
FAIL: g++.dg/template/non-dependent3.C (test for excess errors)
FAIL: g++.dg/warn/weak1.C (test for excess errors)
FAIL: g++.dg/special/conpr-3.C execution test
FAIL: g++.old-deja/g++.abi/cxa_vec.C execution test
FAIL: g++.old-deja/g++.brendan/new3.C execution test
FAIL: g++.old-deja/g++.eh/cleanup2.C (test for excess errors)
WARNING: g++.old-deja/g++.eh/cleanup2.C compilation failed to produce executable
FAIL: g++.old-deja/g++.ext/attrib5.C (test for excess errors)
WARNING: g++.old-deja/g++.ext/attrib5.C compilation failed to produce executable
WARNING: g++.old-deja/g++.mike/p10769a.C compilation failed to produce executable
FAIL: g++.old-deja/g++.mike/p4750.C (test for excess errors)
FAIL: g++.old-deja/g++.other/comdat3.C (test for excess errors)
WARNING: g++.old-deja/g++.other/comdat3.C compilation failed to produce executable
WARNING: g++.old-deja/g++.other/enum5.C compilation failed to produce executable
FAIL: g++.old-deja/g++.other/local-alloc1.C (test for excess errors)
FAIL: g++.old-deja/g++.other/mangle3.C (test for excess errors)
WARNING: g++.old-deja/g++.pt/friend44.C compilation failed to produce executable
FAIL: g++.old-deja/g++.pt/static3.C (test for excess errors)
WARNING: g++.old-deja/g++.pt/static3.C compilation failed to produce executable
FAIL: g++.old-deja/g++.pt/static6.C (test for excess errors)

		=== g++ Summary for unix ===

# of expected passes		9118
# of unexpected failures	38
# of unexpected successes	1
# of expected failures		61
# of unsupported tests		69

		=== g++ Summary ===

# of expected passes		18239
# of unexpected failures	71
# of unexpected successes	2
# of expected failures		122
# of unsupported tests		138
/Users/lucier/programs/gcc/3.4/objdir/gcc/testsuite/../g++ version 3.4.0 20040120 (prerelease)

		=== g77 tests ===


Running target unix/-mcpu=G5
FAIL: g77.f-torture/execute/intrinsic77.f compilation,  -O3 -fomit-frame-pointer 
FAIL: g77.f-torture/execute/intrinsic77.f compilation,  -O3 -g 

		=== g77 Summary for unix/-mcpu=G5 ===

# of expected passes		1784
# of unexpected failures	2
# of untested testcases		2
# of unsupported tests		6

Running target unix
FAIL: g77.f-torture/execute/intrinsic77.f compilation,  -O3 -fomit-frame-pointer 
FAIL: g77.f-torture/execute/intrinsic77.f compilation,  -O3 -g 

		=== g77 Summary for unix ===

# of expected passes		1784
# of unexpected failures	2
# of untested testcases		2
# of unsupported tests		6

		=== g77 Summary ===

# of expected passes		3568
# of unexpected failures	4
# of untested testcases		4
# of unsupported tests		12
/Users/lucier/programs/gcc/3.4/objdir/gcc/testsuite/../g77 version 3.4.0 20040120 (prerelease)

		=== gcc tests ===


Running target unix/-mcpu=G5
FAIL: gcc.c-torture/compile/20000326-2.c (test for excess errors)
FAIL: gcc.c-torture/compile/20000326-2.c (test for excess errors)
FAIL: gcc.c-torture/compile/20000326-2.c (test for excess errors)
FAIL: gcc.c-torture/compile/20000326-2.c (test for excess errors)
FAIL: gcc.c-torture/compile/20000326-2.c (test for excess errors)
FAIL: gcc.c-torture/compile/20000326-2.c (test for excess errors)
FAIL: gcc.c-torture/compile/20000518-1.c (test for excess errors)
FAIL: gcc.c-torture/compile/20000518-1.c (test for excess errors)
FAIL: gcc.c-torture/compile/20000518-1.c (test for excess errors)
FAIL: gcc.c-torture/compile/20000518-1.c (test for excess errors)
FAIL: gcc.c-torture/compile/20000518-1.c (test for excess errors)
WARNING: program timed out.
FAIL: gcc.c-torture/compile/20001226-1.c (test for excess errors)
FAIL: gcc.c-torture/compile/20011029-1.c (test for excess errors)
FAIL: gcc.c-torture/compile/20011029-1.c (test for excess errors)
FAIL: gcc.c-torture/compile/20011029-1.c (test for excess errors)
FAIL: gcc.c-torture/compile/20011029-1.c (test for excess errors)
FAIL: gcc.c-torture/compile/20011029-1.c (test for excess errors)
FAIL: gcc.c-torture/compile/20011029-1.c (test for excess errors)
FAIL: gcc.c-torture/compile/920415-1.c (test for excess errors)
FAIL: gcc.c-torture/compile/920415-1.c (test for excess errors)
FAIL: gcc.c-torture/compile/920415-1.c (test for excess errors)
FAIL: gcc.c-torture/compile/920415-1.c (test for excess errors)
FAIL: gcc.c-torture/compile/920415-1.c (test for excess errors)
FAIL: gcc.c-torture/compile/920415-1.c (test for excess errors)
FAIL: gcc.c-torture/compile/930118-1.c (test for excess errors)
FAIL: gcc.c-torture/compile/930118-1.c (test for excess errors)
FAIL: gcc.c-torture/compile/930118-1.c (test for excess errors)
FAIL: gcc.c-torture/compile/930118-1.c (test for excess errors)
FAIL: gcc.c-torture/compile/930118-1.c (test for excess errors)
FAIL: gcc.c-torture/compile/930118-1.c (test for excess errors)
FAIL: gcc.c-torture/compile/930623-1.c (test for excess errors)
FAIL: gcc.c-torture/compile/930623-1.c (test for excess errors)
FAIL: gcc.c-torture/compile/930623-1.c (test for excess errors)
FAIL: gcc.c-torture/compile/930623-1.c (test for excess errors)
FAIL: gcc.c-torture/compile/930623-1.c (test for excess errors)
FAIL: gcc.c-torture/compile/930623-1.c (test for excess errors)
FAIL: gcc.c-torture/compile/981006-1.c (test for excess errors)
FAIL: gcc.c-torture/compile/981006-1.c (test for excess errors)
FAIL: gcc.c-torture/compile/981006-1.c (test for excess errors)
FAIL: gcc.c-torture/compile/981006-1.c (test for excess errors)
FAIL: gcc.c-torture/compile/981006-1.c (test for excess errors)
FAIL: gcc.c-torture/compile/981006-1.c (test for excess errors)
FAIL: gcc.c-torture/compile/zero-strct-1.c (test for excess errors)
FAIL: gcc.c-torture/compile/zero-strct-1.c (test for excess errors)
FAIL: gcc.c-torture/compile/zero-strct-1.c (test for excess errors)
FAIL: gcc.c-torture/compile/zero-strct-1.c (test for excess errors)
FAIL: gcc.c-torture/compile/zero-strct-1.c (test for excess errors)
FAIL: gcc.c-torture/compile/zero-strct-1.c (test for excess errors)
FAIL: gcc.c-torture/execute/20000314-2.c compilation,  -O1 
UNRESOLVED: gcc.c-torture/execute/20000314-2.c execution,  -O1 
FAIL: gcc.c-torture/execute/20000717-2.c compilation,  -O0 
UNRESOLVED: gcc.c-torture/execute/20000717-2.c execution,  -O0 
FAIL: gcc.c-torture/execute/20000717-2.c compilation,  -O1 
UNRESOLVED: gcc.c-torture/execute/20000717-2.c execution,  -O1 
FAIL: gcc.c-torture/execute/20001031-1.c compilation,  -O0 
UNRESOLVED: gcc.c-torture/execute/20001031-1.c execution,  -O0 
FAIL: gcc.c-torture/execute/20001031-1.c compilation,  -O1 
UNRESOLVED: gcc.c-torture/execute/20001031-1.c execution,  -O1 
FAIL: gcc.c-torture/execute/20001031-1.c compilation,  -O2 
UNRESOLVED: gcc.c-torture/execute/20001031-1.c execution,  -O2 
FAIL: gcc.c-torture/execute/20001031-1.c compilation,  -Os 
UNRESOLVED: gcc.c-torture/execute/20001031-1.c execution,  -Os 
FAIL: gcc.c-torture/execute/20001108-1.c execution,  -O0 
FAIL: gcc.c-torture/execute/20001108-1.c execution,  -O1 
FAIL: gcc.c-torture/execute/20001108-1.c execution,  -O2 
FAIL: gcc.c-torture/execute/20001108-1.c execution,  -Os 
FAIL: gcc.c-torture/execute/20020404-1.c compilation,  -O0 
UNRESOLVED: gcc.c-torture/execute/20020404-1.c execution,  -O0 
FAIL: gcc.c-torture/execute/20020404-1.c compilation,  -O1 
UNRESOLVED: gcc.c-torture/execute/20020404-1.c execution,  -O1 
FAIL: gcc.c-torture/execute/20020506-1.c compilation,  -O0 
UNRESOLVED: gcc.c-torture/execute/20020506-1.c execution,  -O0 
FAIL: gcc.c-torture/execute/20020506-1.c compilation,  -O1 
UNRESOLVED: gcc.c-torture/execute/20020506-1.c execution,  -O1 
FAIL: gcc.c-torture/execute/20020506-1.c compilation,  -O2 
UNRESOLVED: gcc.c-torture/execute/20020506-1.c execution,  -O2 
FAIL: gcc.c-torture/execute/20020506-1.c compilation,  -O3 -fomit-frame-pointer 
UNRESOLVED: gcc.c-torture/execute/20020506-1.c execution,  -O3 -fomit-frame-pointer 
FAIL: gcc.c-torture/execute/20020506-1.c compilation,  -O3 -g 
UNRESOLVED: gcc.c-torture/execute/20020506-1.c execution,  -O3 -g 
FAIL: gcc.c-torture/execute/20020506-1.c compilation,  -Os 
UNRESOLVED: gcc.c-torture/execute/20020506-1.c execution,  -Os 
FAIL: gcc.c-torture/execute/20030222-1.c execution,  -O1 
FAIL: gcc.c-torture/execute/20030222-1.c execution,  -O2 
FAIL: gcc.c-torture/execute/20030222-1.c execution,  -Os 
FAIL: gcc.c-torture/execute/20030811-1.c compilation,  -O0 
UNRESOLVED: gcc.c-torture/execute/20030811-1.c execution,  -O0 
FAIL: gcc.c-torture/execute/20030811-1.c compilation,  -O1 
UNRESOLVED: gcc.c-torture/execute/20030811-1.c execution,  -O1 
FAIL: gcc.c-torture/execute/20030811-1.c compilation,  -O2 
UNRESOLVED: gcc.c-torture/execute/20030811-1.c execution,  -O2 
FAIL: gcc.c-torture/execute/20030811-1.c compilation,  -O3 -fomit-frame-pointer 
UNRESOLVED: gcc.c-torture/execute/20030811-1.c execution,  -O3 -fomit-frame-pointer 
FAIL: gcc.c-torture/execute/20030811-1.c compilation,  -O3 -g 
UNRESOLVED: gcc.c-torture/execute/20030811-1.c execution,  -O3 -g 
FAIL: gcc.c-torture/execute/20030811-1.c compilation,  -Os 
UNRESOLVED: gcc.c-torture/execute/20030811-1.c execution,  -Os 
FAIL: gcc.c-torture/execute/920415-1.c compilation,  -O0 
UNRESOLVED: gcc.c-torture/execute/920415-1.c execution,  -O0 
FAIL: gcc.c-torture/execute/920415-1.c compilation,  -O1 
UNRESOLVED: gcc.c-torture/execute/920415-1.c execution,  -O1 
FAIL: gcc.c-torture/execute/920415-1.c compilation,  -O2 
UNRESOLVED: gcc.c-torture/execute/920415-1.c execution,  -O2 
FAIL: gcc.c-torture/execute/920415-1.c compilation,  -O3 -fomit-frame-pointer 
UNRESOLVED: gcc.c-torture/execute/920415-1.c execution,  -O3 -fomit-frame-pointer 
FAIL: gcc.c-torture/execute/920415-1.c compilation,  -O3 -g 
UNRESOLVED: gcc.c-torture/execute/920415-1.c execution,  -O3 -g 
FAIL: gcc.c-torture/execute/920415-1.c compilation,  -Os 
UNRESOLVED: gcc.c-torture/execute/920415-1.c execution,  -Os 
FAIL: gcc.c-torture/execute/920428-2.c compilation,  -O0 
UNRESOLVED: gcc.c-torture/execute/920428-2.c execution,  -O0 
FAIL: gcc.c-torture/execute/920428-2.c compilation,  -O1 
UNRESOLVED: gcc.c-torture/execute/920428-2.c execution,  -O1 
FAIL: gcc.c-torture/execute/920428-2.c compilation,  -O2 
UNRESOLVED: gcc.c-torture/execute/920428-2.c execution,  -O2 
FAIL: gcc.c-torture/execute/920428-2.c compilation,  -O3 -fomit-frame-pointer 
UNRESOLVED: gcc.c-torture/execute/920428-2.c execution,  -O3 -fomit-frame-pointer 
FAIL: gcc.c-torture/execute/920428-2.c compilation,  -O3 -g 
UNRESOLVED: gcc.c-torture/execute/920428-2.c execution,  -O3 -g 
FAIL: gcc.c-torture/execute/920428-2.c compilation,  -Os 
UNRESOLVED: gcc.c-torture/execute/920428-2.c execution,  -Os 
FAIL: gcc.c-torture/execute/920501-7.c compilation,  -O0 
UNRESOLVED: gcc.c-torture/execute/920501-7.c execution,  -O0 
FAIL: gcc.c-torture/execute/920501-7.c compilation,  -O1 
UNRESOLVED: gcc.c-torture/execute/920501-7.c execution,  -O1 
FAIL: gcc.c-torture/execute/920501-7.c compilation,  -O2 
UNRESOLVED: gcc.c-torture/execute/920501-7.c execution,  -O2 
FAIL: gcc.c-torture/execute/920501-7.c compilation,  -O3 -fomit-frame-pointer 
UNRESOLVED: gcc.c-torture/execute/920501-7.c execution,  -O3 -fomit-frame-pointer 
FAIL: gcc.c-torture/execute/920501-7.c compilation,  -O3 -g 
UNRESOLVED: gcc.c-torture/execute/920501-7.c execution,  -O3 -g 
FAIL: gcc.c-torture/execute/920501-7.c compilation,  -Os 
UNRESOLVED: gcc.c-torture/execute/920501-7.c execution,  -Os 
FAIL: gcc.c-torture/execute/920501-9.c compilation,  -O0 
UNRESOLVED: gcc.c-torture/execute/920501-9.c execution,  -O0 
FAIL: gcc.c-torture/execute/920501-9.c compilation,  -O1 
UNRESOLVED: gcc.c-torture/execute/920501-9.c execution,  -O1 
FAIL: gcc.c-torture/execute/920501-9.c compilation,  -O2 
UNRESOLVED: gcc.c-torture/execute/920501-9.c execution,  -O2 
FAIL: gcc.c-torture/execute/920501-9.c compilation,  -O3 -fomit-frame-pointer 
UNRESOLVED: gcc.c-torture/execute/920501-9.c execution,  -O3 -fomit-frame-pointer 
FAIL: gcc.c-torture/execute/920501-9.c compilation,  -O3 -g 
UNRESOLVED: gcc.c-torture/execute/920501-9.c execution,  -O3 -g 
FAIL: gcc.c-torture/execute/920501-9.c compilation,  -Os 
UNRESOLVED: gcc.c-torture/execute/920501-9.c execution,  -Os 
FAIL: gcc.c-torture/execute/920721-4.c compilation,  -O0 
UNRESOLVED: gcc.c-torture/execute/920721-4.c execution,  -O0 
FAIL: gcc.c-torture/execute/920721-4.c compilation,  -O1 
UNRESOLVED: gcc.c-torture/execute/920721-4.c execution,  -O1 
FAIL: gcc.c-torture/execute/920721-4.c compilation,  -O2 
UNRESOLVED: gcc.c-torture/execute/920721-4.c execution,  -O2 
FAIL: gcc.c-torture/execute/920721-4.c compilation,  -O3 -fomit-frame-pointer 
UNRESOLVED: gcc.c-torture/execute/920721-4.c execution,  -O3 -fomit-frame-pointer 
FAIL: gcc.c-torture/execute/920721-4.c compilation,  -O3 -fomit-frame-pointer -funroll-loops 
UNRESOLVED: gcc.c-torture/execute/920721-4.c execution,  -O3 -fomit-frame-pointer -funroll-loops 
FAIL: gcc.c-torture/execute/920721-4.c compilation,  -O3 -fomit-frame-pointer -funroll-all-loops -finline-functions 
UNRESOLVED: gcc.c-torture/execute/920721-4.c execution,  -O3 -fomit-frame-pointer -funroll-all-loops -finline-functions 
FAIL: gcc.c-torture/execute/920721-4.c compilation,  -O3 -g 
UNRESOLVED: gcc.c-torture/execute/920721-4.c execution,  -O3 -g 
FAIL: gcc.c-torture/execute/920721-4.c compilation,  -Os 
UNRESOLVED: gcc.c-torture/execute/920721-4.c execution,  -Os 
FAIL: gcc.c-torture/execute/921202-2.c compilation,  -O0 
UNRESOLVED: gcc.c-torture/execute/921202-2.c execution,  -O0 
FAIL: gcc.c-torture/execute/921202-2.c compilation,  -O1 
UNRESOLVED: gcc.c-torture/execute/921202-2.c execution,  -O1 
FAIL: gcc.c-torture/execute/921202-2.c compilation,  -O2 
UNRESOLVED: gcc.c-torture/execute/921202-2.c execution,  -O2 
FAIL: gcc.c-torture/execute/921202-2.c compilation,  -Os 
UNRESOLVED: gcc.c-torture/execute/921202-2.c execution,  -Os 
FAIL: gcc.c-torture/execute/930406-1.c compilation,  -O0 
UNRESOLVED: gcc.c-torture/execute/930406-1.c execution,  -O0 
FAIL: gcc.c-torture/execute/930406-1.c compilation,  -O1 
UNRESOLVED: gcc.c-torture/execute/930406-1.c execution,  -O1 
FAIL: gcc.c-torture/execute/930406-1.c compilation,  -O2 
UNRESOLVED: gcc.c-torture/execute/930406-1.c execution,  -O2 
FAIL: gcc.c-torture/execute/930406-1.c compilation,  -O3 -fomit-frame-pointer 
UNRESOLVED: gcc.c-torture/execute/930406-1.c execution,  -O3 -fomit-frame-pointer 
FAIL: gcc.c-torture/execute/930406-1.c compilation,  -O3 -g 
UNRESOLVED: gcc.c-torture/execute/930406-1.c execution,  -O3 -g 
FAIL: gcc.c-torture/execute/930406-1.c compilation,  -Os 
UNRESOLVED: gcc.c-torture/execute/930406-1.c execution,  -Os 
FAIL: gcc.c-torture/execute/930622-2.c execution,  -O0 
FAIL: gcc.c-torture/execute/930622-2.c execution,  -O1 
FAIL: gcc.c-torture/execute/930622-2.c execution,  -O2 
FAIL: gcc.c-torture/execute/930622-2.c execution,  -Os 
FAIL: gcc.c-torture/execute/950704-1.c compilation,  -O0 
UNRESOLVED: gcc.c-torture/execute/950704-1.c execution,  -O0 
FAIL: gcc.c-torture/execute/950704-1.c compilation,  -O1 
UNRESOLVED: gcc.c-torture/execute/950704-1.c execution,  -O1 
FAIL: gcc.c-torture/execute/950704-1.c compilation,  -O2 
UNRESOLVED: gcc.c-torture/execute/950704-1.c execution,  -O2 
FAIL: gcc.c-torture/execute/950704-1.c compilation,  -Os 
UNRESOLVED: gcc.c-torture/execute/950704-1.c execution,  -Os 
FAIL: gcc.c-torture/execute/961206-1.c compilation,  -O0 
UNRESOLVED: gcc.c-torture/execute/961206-1.c execution,  -O0 
FAIL: gcc.c-torture/execute/961206-1.c compilation,  -O1 
UNRESOLVED: gcc.c-torture/execute/961206-1.c execution,  -O1 
FAIL: gcc.c-torture/execute/961206-1.c compilation,  -O2 
UNRESOLVED: gcc.c-torture/execute/961206-1.c execution,  -O2 
FAIL: gcc.c-torture/execute/961206-1.c compilation,  -Os 
UNRESOLVED: gcc.c-torture/execute/961206-1.c execution,  -Os 
FAIL: gcc.c-torture/execute/980526-1.c compilation,  -O0 
UNRESOLVED: gcc.c-torture/execute/980526-1.c execution,  -O0 
FAIL: gcc.c-torture/execute/980526-1.c compilation,  -O1 
UNRESOLVED: gcc.c-torture/execute/980526-1.c execution,  -O1 
FAIL: gcc.c-torture/execute/980526-1.c compilation,  -O2 
UNRESOLVED: gcc.c-torture/execute/980526-1.c execution,  -O2 
FAIL: gcc.c-torture/execute/980526-1.c compilation,  -O3 -fomit-frame-pointer 
UNRESOLVED: gcc.c-torture/execute/980526-1.c execution,  -O3 -fomit-frame-pointer 
FAIL: gcc.c-torture/execute/980526-1.c compilation,  -O3 -g 
UNRESOLVED: gcc.c-torture/execute/980526-1.c execution,  -O3 -g 
FAIL: gcc.c-torture/execute/980526-1.c compilation,  -Os 
UNRESOLVED: gcc.c-torture/execute/980526-1.c execution,  -Os 
FAIL: gcc.c-torture/execute/991216-1.c compilation,  -O0 
UNRESOLVED: gcc.c-torture/execute/991216-1.c execution,  -O0 
FAIL: gcc.c-torture/execute/991216-1.c compilation,  -O1 
UNRESOLVED: gcc.c-torture/execute/991216-1.c execution,  -O1 
FAIL: gcc.c-torture/execute/991216-1.c compilation,  -O2 
UNRESOLVED: gcc.c-torture/execute/991216-1.c execution,  -O2 
FAIL: gcc.c-torture/execute/991216-1.c compilation,  -Os 
UNRESOLVED: gcc.c-torture/execute/991216-1.c execution,  -Os 
FAIL: gcc.c-torture/execute/991216-2.c compilation,  -O0 
UNRESOLVED: gcc.c-torture/execute/991216-2.c execution,  -O0 
FAIL: gcc.c-torture/execute/991216-2.c compilation,  -O1 
UNRESOLVED: gcc.c-torture/execute/991216-2.c execution,  -O1 
FAIL: gcc.c-torture/execute/991216-2.c compilation,  -O2 
UNRESOLVED: gcc.c-torture/execute/991216-2.c execution,  -O2 
FAIL: gcc.c-torture/execute/991216-2.c compilation,  -O3 -fomit-frame-pointer 
UNRESOLVED: gcc.c-torture/execute/991216-2.c execution,  -O3 -fomit-frame-pointer 
FAIL: gcc.c-torture/execute/991216-2.c compilation,  -O3 -fomit-frame-pointer -funroll-loops 
UNRESOLVED: gcc.c-torture/execute/991216-2.c execution,  -O3 -fomit-frame-pointer -funroll-loops 
FAIL: gcc.c-torture/execute/991216-2.c compilation,  -O3 -fomit-frame-pointer -funroll-all-loops -finline-functions 
UNRESOLVED: gcc.c-torture/execute/991216-2.c execution,  -O3 -fomit-frame-pointer -funroll-all-loops -finline-functions 
FAIL: gcc.c-torture/execute/991216-2.c compilation,  -O3 -g 
UNRESOLVED: gcc.c-torture/execute/991216-2.c execution,  -O3 -g 
FAIL: gcc.c-torture/execute/991216-2.c compilation,  -Os 
UNRESOLVED: gcc.c-torture/execute/991216-2.c execution,  -Os 
FAIL: gcc.c-torture/execute/991216-3.c compilation,  -O0 
UNRESOLVED: gcc.c-torture/execute/991216-3.c execution,  -O0 
FAIL: gcc.c-torture/execute/991216-3.c compilation,  -O1 
UNRESOLVED: gcc.c-torture/execute/991216-3.c execution,  -O1 
FAIL: gcc.c-torture/execute/991216-3.c compilation,  -O2 
UNRESOLVED: gcc.c-torture/execute/991216-3.c execution,  -O2 
FAIL: gcc.c-torture/execute/991216-3.c compilation,  -O3 -fomit-frame-pointer 
UNRESOLVED: gcc.c-torture/execute/991216-3.c execution,  -O3 -fomit-frame-pointer 
FAIL: gcc.c-torture/execute/991216-3.c compilation,  -O3 -fomit-frame-pointer -funroll-loops 
UNRESOLVED: gcc.c-torture/execute/991216-3.c execution,  -O3 -fomit-frame-pointer -funroll-loops 
FAIL: gcc.c-torture/execute/991216-3.c compilation,  -O3 -fomit-frame-pointer -funroll-all-loops -finline-functions 
UNRESOLVED: gcc.c-torture/execute/991216-3.c execution,  -O3 -fomit-frame-pointer -funroll-all-loops -finline-functions 
FAIL: gcc.c-torture/execute/991216-3.c compilation,  -O3 -g 
UNRESOLVED: gcc.c-torture/execute/991216-3.c execution,  -O3 -g 
FAIL: gcc.c-torture/execute/991216-3.c compilation,  -Os 
UNRESOLVED: gcc.c-torture/execute/991216-3.c execution,  -Os 
FAIL: gcc.c-torture/execute/ashldi-1.c compilation,  -O1 
UNRESOLVED: gcc.c-torture/execute/ashldi-1.c execution,  -O1 
FAIL: gcc.c-torture/execute/ashrdi-1.c compilation,  -O1 
UNRESOLVED: gcc.c-torture/execute/ashrdi-1.c execution,  -O1 
FAIL: gcc.c-torture/execute/ashrdi-1.c compilation,  -O2 
UNRESOLVED: gcc.c-torture/execute/ashrdi-1.c execution,  -O2 
FAIL: gcc.c-torture/execute/ashrdi-1.c compilation,  -O3 -fomit-frame-pointer 
UNRESOLVED: gcc.c-torture/execute/ashrdi-1.c execution,  -O3 -fomit-frame-pointer 
FAIL: gcc.c-torture/execute/ashrdi-1.c compilation,  -O3 -fomit-frame-pointer -funroll-loops 
UNRESOLVED: gcc.c-torture/execute/ashrdi-1.c execution,  -O3 -fomit-frame-pointer -funroll-loops 
FAIL: gcc.c-torture/execute/ashrdi-1.c compilation,  -O3 -fomit-frame-pointer -funroll-all-loops -finline-functions 
UNRESOLVED: gcc.c-torture/execute/ashrdi-1.c execution,  -O3 -fomit-frame-pointer -funroll-all-loops -finline-functions 
FAIL: gcc.c-torture/execute/ashrdi-1.c compilation,  -O3 -g 
UNRESOLVED: gcc.c-torture/execute/ashrdi-1.c execution,  -O3 -g 
FAIL: gcc.c-torture/execute/ashrdi-1.c compilation,  -Os 
UNRESOLVED: gcc.c-torture/execute/ashrdi-1.c execution,  -Os 
FAIL: gcc.c-torture/execute/built-in-setjmp.c compilation,  -O0 
UNRESOLVED: gcc.c-torture/execute/built-in-setjmp.c execution,  -O0 
FAIL: gcc.c-torture/execute/built-in-setjmp.c compilation,  -O1 
UNRESOLVED: gcc.c-torture/execute/built-in-setjmp.c execution,  -O1 
FAIL: gcc.c-torture/execute/built-in-setjmp.c compilation,  -O2 
UNRESOLVED: gcc.c-torture/execute/built-in-setjmp.c execution,  -O2 
FAIL: gcc.c-torture/execute/built-in-setjmp.c compilation,  -O3 -fomit-frame-pointer 
UNRESOLVED: gcc.c-torture/execute/built-in-setjmp.c execution,  -O3 -fomit-frame-pointer 
FAIL: gcc.c-torture/execute/built-in-setjmp.c compilation,  -O3 -fomit-frame-pointer -funroll-loops 
UNRESOLVED: gcc.c-torture/execute/built-in-setjmp.c execution,  -O3 -fomit-frame-pointer -funroll-loops 
FAIL: gcc.c-torture/execute/built-in-setjmp.c compilation,  -O3 -fomit-frame-pointer -funroll-all-loops -finline-functions 
UNRESOLVED: gcc.c-torture/execute/built-in-setjmp.c execution,  -O3 -fomit-frame-pointer -funroll-all-loops -finline-functions 
FAIL: gcc.c-torture/execute/built-in-setjmp.c compilation,  -O3 -g 
UNRESOLVED: gcc.c-torture/execute/built-in-setjmp.c execution,  -O3 -g 
FAIL: gcc.c-torture/execute/built-in-setjmp.c compilation,  -Os 
UNRESOLVED: gcc.c-torture/execute/built-in-setjmp.c execution,  -Os 
FAIL: gcc.c-torture/execute/builtin-bitops-1.c compilation,  -O0 
UNRESOLVED: gcc.c-torture/execute/builtin-bitops-1.c execution,  -O0 
FAIL: gcc.c-torture/execute/builtin-bitops-1.c compilation,  -O1 
UNRESOLVED: gcc.c-torture/execute/builtin-bitops-1.c execution,  -O1 
FAIL: gcc.c-torture/execute/builtin-bitops-1.c compilation,  -O2 
UNRESOLVED: gcc.c-torture/execute/builtin-bitops-1.c execution,  -O2 
FAIL: gcc.c-torture/execute/builtin-bitops-1.c compilation,  -Os 
UNRESOLVED: gcc.c-torture/execute/builtin-bitops-1.c execution,  -Os 
FAIL: gcc.c-torture/execute/comp-goto-2.c compilation,  -O0 
UNRESOLVED: gcc.c-torture/execute/comp-goto-2.c execution,  -O0 
FAIL: gcc.c-torture/execute/comp-goto-2.c compilation,  -O1 
UNRESOLVED: gcc.c-torture/execute/comp-goto-2.c execution,  -O1 
FAIL: gcc.c-torture/execute/comp-goto-2.c compilation,  -O2 
UNRESOLVED: gcc.c-torture/execute/comp-goto-2.c execution,  -O2 
FAIL: gcc.c-torture/execute/comp-goto-2.c compilation,  -O3 -fomit-frame-pointer 
UNRESOLVED: gcc.c-torture/execute/comp-goto-2.c execution,  -O3 -fomit-frame-pointer 
FAIL: gcc.c-torture/execute/comp-goto-2.c compilation,  -O3 -g 
UNRESOLVED: gcc.c-torture/execute/comp-goto-2.c execution,  -O3 -g 
FAIL: gcc.c-torture/execute/comp-goto-2.c compilation,  -Os 
UNRESOLVED: gcc.c-torture/execute/comp-goto-2.c execution,  -Os 
FAIL: gcc.c-torture/execute/conversion.c compilation,  -O0 
UNRESOLVED: gcc.c-torture/execute/conversion.c execution,  -O0 
FAIL: gcc.c-torture/execute/conversion.c compilation,  -O1 
UNRESOLVED: gcc.c-torture/execute/conversion.c execution,  -O1 
FAIL: gcc.c-torture/execute/conversion.c compilation,  -O2 
UNRESOLVED: gcc.c-torture/execute/conversion.c execution,  -O2 
FAIL: gcc.c-torture/execute/conversion.c compilation,  -Os 
UNRESOLVED: gcc.c-torture/execute/conversion.c execution,  -Os 
FAIL: gcc.c-torture/execute/divconst-3.c compilation,  -O0 
UNRESOLVED: gcc.c-torture/execute/divconst-3.c execution,  -O0 
FAIL: gcc.c-torture/execute/divconst-3.c compilation,  -O1 
UNRESOLVED: gcc.c-torture/execute/divconst-3.c execution,  -O1 
FAIL: gcc.c-torture/execute/divconst-3.c compilation,  -O2 
UNRESOLVED: gcc.c-torture/execute/divconst-3.c execution,  -O2 
FAIL: gcc.c-torture/execute/divconst-3.c compilation,  -Os 
UNRESOLVED: gcc.c-torture/execute/divconst-3.c execution,  -Os 
FAIL: gcc.c-torture/execute/lshrdi-1.c compilation,  -O1 
UNRESOLVED: gcc.c-torture/execute/lshrdi-1.c execution,  -O1 
FAIL: gcc.c-torture/execute/nestfunc-5.c compilation,  -O0 
UNRESOLVED: gcc.c-torture/execute/nestfunc-5.c execution,  -O0 
FAIL: gcc.c-torture/execute/nestfunc-5.c compilation,  -O1 
UNRESOLVED: gcc.c-torture/execute/nestfunc-5.c execution,  -O1 
FAIL: gcc.c-torture/execute/nestfunc-5.c compilation,  -O2 
UNRESOLVED: gcc.c-torture/execute/nestfunc-5.c execution,  -O2 
FAIL: gcc.c-torture/execute/nestfunc-5.c compilation,  -O3 -fomit-frame-pointer 
UNRESOLVED: gcc.c-torture/execute/nestfunc-5.c execution,  -O3 -fomit-frame-pointer 
FAIL: gcc.c-torture/execute/nestfunc-5.c compilation,  -O3 -g 
UNRESOLVED: gcc.c-torture/execute/nestfunc-5.c execution,  -O3 -g 
FAIL: gcc.c-torture/execute/nestfunc-5.c compilation,  -Os 
UNRESOLVED: gcc.c-torture/execute/nestfunc-5.c execution,  -Os 
FAIL: gcc.c-torture/execute/nestfunc-6.c compilation,  -O0 
UNRESOLVED: gcc.c-torture/execute/nestfunc-6.c execution,  -O0 
FAIL: gcc.c-torture/execute/nestfunc-6.c compilation,  -O1 
UNRESOLVED: gcc.c-torture/execute/nestfunc-6.c execution,  -O1 
FAIL: gcc.c-torture/execute/nestfunc-6.c compilation,  -O2 
UNRESOLVED: gcc.c-torture/execute/nestfunc-6.c execution,  -O2 
FAIL: gcc.c-torture/execute/nestfunc-6.c compilation,  -O3 -fomit-frame-pointer 
UNRESOLVED: gcc.c-torture/execute/nestfunc-6.c execution,  -O3 -fomit-frame-pointer 
FAIL: gcc.c-torture/execute/nestfunc-6.c compilation,  -O3 -g 
UNRESOLVED: gcc.c-torture/execute/nestfunc-6.c execution,  -O3 -g 
FAIL: gcc.c-torture/execute/nestfunc-6.c compilation,  -Os 
UNRESOLVED: gcc.c-torture/execute/nestfunc-6.c execution,  -Os 
FAIL: gcc.c-torture/execute/pure-1.c compilation,  -O1 
UNRESOLVED: gcc.c-torture/execute/pure-1.c execution,  -O1 
FAIL: gcc.c-torture/execute/pure-1.c compilation,  -O2 
UNRESOLVED: gcc.c-torture/execute/pure-1.c execution,  -O2 
FAIL: gcc.c-torture/execute/pure-1.c compilation,  -Os 
UNRESOLVED: gcc.c-torture/execute/pure-1.c execution,  -Os 
FAIL: gcc.c-torture/execute/shiftdi.c compilation,  -O0 
UNRESOLVED: gcc.c-torture/execute/shiftdi.c execution,  -O0 
FAIL: gcc.c-torture/execute/shiftdi.c compilation,  -O1 
UNRESOLVED: gcc.c-torture/execute/shiftdi.c execution,  -O1 
FAIL: gcc.c-torture/execute/shiftdi.c compilation,  -O2 
UNRESOLVED: gcc.c-torture/execute/shiftdi.c execution,  -O2 
FAIL: gcc.c-torture/execute/shiftdi.c compilation,  -Os 
UNRESOLVED: gcc.c-torture/execute/shiftdi.c execution,  -Os 
FAIL: gcc.c-torture/execute/tstdi-1.c compilation,  -O0 
UNRESOLVED: gcc.c-torture/execute/tstdi-1.c execution,  -O0 
FAIL: gcc.c-torture/execute/tstdi-1.c compilation,  -O1 
UNRESOLVED: gcc.c-torture/execute/tstdi-1.c execution,  -O1 
FAIL: gcc.c-torture/execute/tstdi-1.c compilation,  -O2 
UNRESOLVED: gcc.c-torture/execute/tstdi-1.c execution,  -O2 
FAIL: gcc.c-torture/execute/tstdi-1.c compilation,  -Os 
UNRESOLVED: gcc.c-torture/execute/tstdi-1.c execution,  -Os 
FAIL: gcc.c-torture/execute/va-arg-17.c execution,  -O0 
FAIL: gcc.c-torture/execute/va-arg-17.c execution,  -O1 
FAIL: gcc.c-torture/execute/va-arg-17.c execution,  -O2 
FAIL: gcc.c-torture/execute/va-arg-17.c execution,  -O3 -fomit-frame-pointer 
FAIL: gcc.c-torture/execute/va-arg-17.c execution,  -O3 -g 
FAIL: gcc.c-torture/execute/va-arg-17.c execution,  -Os 
FAIL: gcc.c-torture/execute/va-arg-20.c execution,  -O0 
FAIL: gcc.c-torture/execute/va-arg-20.c execution,  -O1 
FAIL: gcc.c-torture/execute/va-arg-20.c execution,  -O2 
FAIL: gcc.c-torture/execute/va-arg-20.c execution,  -O3 -fomit-frame-pointer 
FAIL: gcc.c-torture/execute/va-arg-20.c execution,  -O3 -g 
FAIL: gcc.c-torture/execute/va-arg-20.c execution,  -Os 
FAIL: gcc.c-torture/execute/va-arg-22.c compilation,  -O0 
UNRESOLVED: gcc.c-torture/execute/va-arg-22.c execution,  -O0 
FAIL: gcc.c-torture/execute/va-arg-22.c compilation,  -O1 
UNRESOLVED: gcc.c-torture/execute/va-arg-22.c execution,  -O1 
FAIL: gcc.c-torture/execute/va-arg-22.c compilation,  -O2 
UNRESOLVED: gcc.c-torture/execute/va-arg-22.c execution,  -O2 
FAIL: gcc.c-torture/execute/va-arg-22.c compilation,  -O3 -fomit-frame-pointer 
UNRESOLVED: gcc.c-torture/execute/va-arg-22.c execution,  -O3 -fomit-frame-pointer 
FAIL: gcc.c-torture/execute/va-arg-22.c compilation,  -O3 -fomit-frame-pointer -funroll-loops 
UNRESOLVED: gcc.c-torture/execute/va-arg-22.c execution,  -O3 -fomit-frame-pointer -funroll-loops 
FAIL: gcc.c-torture/execute/va-arg-22.c compilation,  -O3 -fomit-frame-pointer -funroll-all-loops -finline-functions 
UNRESOLVED: gcc.c-torture/execute/va-arg-22.c execution,  -O3 -fomit-frame-pointer -funroll-all-loops -finline-functions 
FAIL: gcc.c-torture/execute/va-arg-22.c compilation,  -O3 -g 
UNRESOLVED: gcc.c-torture/execute/va-arg-22.c execution,  -O3 -g 
FAIL: gcc.c-torture/execute/va-arg-22.c compilation,  -Os 
UNRESOLVED: gcc.c-torture/execute/va-arg-22.c execution,  -Os 
FAIL: gcc.c-torture/execute/va-arg-25.c execution,  -O0 
FAIL: gcc.c-torture/execute/va-arg-25.c execution,  -O1 
FAIL: gcc.c-torture/execute/va-arg-25.c execution,  -O2 
FAIL: gcc.c-torture/execute/va-arg-25.c execution,  -O3 -fomit-frame-pointer 
FAIL: gcc.c-torture/execute/va-arg-25.c execution,  -O3 -g 
FAIL: gcc.c-torture/execute/va-arg-25.c execution,  -Os 
FAIL: gcc.c-torture/execute/va-arg-5.c execution,  -O0 
FAIL: gcc.c-torture/execute/va-arg-5.c execution,  -O1 
FAIL: gcc.c-torture/execute/va-arg-5.c execution,  -O2 
FAIL: gcc.c-torture/execute/va-arg-5.c execution,  -O3 -fomit-frame-pointer 
FAIL: gcc.c-torture/execute/va-arg-5.c execution,  -O3 -g 
FAIL: gcc.c-torture/execute/va-arg-5.c execution,  -Os 
FAIL: gcc.c-torture/execute/va-arg-6.c compilation,  -O0 
UNRESOLVED: gcc.c-torture/execute/va-arg-6.c execution,  -O0 
FAIL: gcc.c-torture/execute/va-arg-6.c compilation,  -O1 
UNRESOLVED: gcc.c-torture/execute/va-arg-6.c execution,  -O1 
FAIL: gcc.c-torture/execute/va-arg-6.c compilation,  -O2 
UNRESOLVED: gcc.c-torture/execute/va-arg-6.c execution,  -O2 
FAIL: gcc.c-torture/execute/va-arg-6.c compilation,  -O3 -fomit-frame-pointer 
UNRESOLVED: gcc.c-torture/execute/va-arg-6.c execution,  -O3 -fomit-frame-pointer 
FAIL: gcc.c-torture/execute/va-arg-6.c compilation,  -O3 -g 
UNRESOLVED: gcc.c-torture/execute/va-arg-6.c execution,  -O3 -g 
FAIL: gcc.c-torture/execute/va-arg-6.c compilation,  -Os 
UNRESOLVED: gcc.c-torture/execute/va-arg-6.c execution,  -Os 
FAIL: gcc.c-torture/execute/ieee/20000320-1.c compilation,  -O0 
UNRESOLVED: gcc.c-torture/execute/ieee/20000320-1.c execution,  -O0 
FAIL: gcc.c-torture/execute/ieee/20000320-1.c compilation,  -O1 
UNRESOLVED: gcc.c-torture/execute/ieee/20000320-1.c execution,  -O1 
FAIL: gcc.c-torture/execute/ieee/20000320-1.c compilation,  -O2 
UNRESOLVED: gcc.c-torture/execute/ieee/20000320-1.c execution,  -O2 
FAIL: gcc.c-torture/execute/ieee/20000320-1.c compilation,  -Os 
UNRESOLVED: gcc.c-torture/execute/ieee/20000320-1.c execution,  -Os 
FAIL: gcc.c-torture/execute/ieee/rbug.c execution,  -O0 
FAIL: gcc.c-torture/execute/ieee/rbug.c execution,  -O1 
FAIL: gcc.c-torture/execute/ieee/rbug.c execution,  -O2 
FAIL: gcc.c-torture/execute/ieee/rbug.c execution,  -Os 
FAIL: gcc.c-torture/execute/ieee/20000320-1.c compilation,  -O0 
UNRESOLVED: gcc.c-torture/execute/ieee/20000320-1.c execution,  -O0 
FAIL: gcc.c-torture/execute/ieee/20000320-1.c compilation,  -O1 
UNRESOLVED: gcc.c-torture/execute/ieee/20000320-1.c execution,  -O1 
FAIL: gcc.c-torture/execute/ieee/20000320-1.c compilation,  -O2 
UNRESOLVED: gcc.c-torture/execute/ieee/20000320-1.c execution,  -O2 
FAIL: gcc.c-torture/execute/ieee/20000320-1.c compilation,  -Os 
UNRESOLVED: gcc.c-torture/execute/ieee/20000320-1.c execution,  -Os 
FAIL: gcc.c-torture/execute/ieee/rbug.c execution,  -O0 
FAIL: gcc.c-torture/execute/ieee/rbug.c execution,  -O1 
FAIL: gcc.c-torture/execute/ieee/rbug.c execution,  -O2 
FAIL: gcc.c-torture/execute/ieee/rbug.c execution,  -Os 
FAIL: gcc.c-torture/unsorted/BUG12.c,  -O0  
FAIL: gcc.c-torture/unsorted/BUG12.c,  -O1  
FAIL: gcc.c-torture/unsorted/BUG12.c,  -O2  
FAIL: gcc.c-torture/unsorted/BUG12.c,  -O3 -fomit-frame-pointer  
FAIL: gcc.c-torture/unsorted/BUG12.c,  -O3 -g  
FAIL: gcc.c-torture/unsorted/BUG12.c,  -Os  
FAIL: gcc.dg/compat/scalar-by-value-1 c_compat_x_tst.o-c_compat_y_tst.o execute 
FAIL: gcc.dg/compat/scalar-by-value-3 c_compat_x_tst.o-c_compat_y_tst.o execute 
FAIL: gcc.dg/compat/scalar-return-1 c_compat_x_tst.o-c_compat_y_tst.o execute 
FAIL: gcc.dg/compat/scalar-return-3 c_compat_x_tst.o-c_compat_y_tst.o execute 
FAIL: gcc.dg/compat/struct-by-value-11 c_compat_x_tst.o-c_compat_y_tst.o execute 
FAIL: gcc.dg/compat/struct-by-value-12 c_compat_x_tst.o-c_compat_y_tst.o execute 
FAIL: gcc.dg/compat/struct-by-value-13 c_compat_x_tst.o-c_compat_y_tst.o execute 
FAIL: gcc.dg/compat/struct-by-value-14 c_compat_x_tst.o-c_compat_y_tst.o execute 
FAIL: gcc.dg/compat/struct-by-value-15 c_compat_x_tst.o-c_compat_y_tst.o execute 
FAIL: gcc.dg/compat/struct-by-value-16 c_compat_x_tst.o-c_compat_y_tst.o execute 
FAIL: gcc.dg/compat/struct-by-value-17 c_compat_x_tst.o-c_compat_y_tst.o execute 
FAIL: gcc.dg/compat/struct-by-value-18 c_compat_x_tst.o-c_compat_y_tst.o execute 
FAIL: gcc.dg/compat/struct-by-value-19 c_compat_x_tst.o-c_compat_y_tst.o execute 
FAIL: gcc.dg/compat/struct-by-value-1 c_compat_x_tst.o compile
FAIL: gcc.dg/compat/struct-by-value-1 c_compat_y_tst.o compile
UNRESOLVED: gcc.dg/compat/struct-by-value-1 c_compat_x_tst.o-c_compat_y_tst.o link 
UNRESOLVED: gcc.dg/compat/struct-by-value-1 c_compat_x_tst.o-c_compat_y_tst.o execute 
FAIL: gcc.dg/compat/struct-by-value-2 c_compat_x_tst.o compile
UNRESOLVED: gcc.dg/compat/struct-by-value-2 c_compat_x_tst.o-c_compat_y_tst.o link 
UNRESOLVED: gcc.dg/compat/struct-by-value-2 c_compat_x_tst.o-c_compat_y_tst.o execute 
FAIL: gcc.dg/compat/struct-by-value-4 c_compat_x_tst.o compile
UNRESOLVED: gcc.dg/compat/struct-by-value-4 c_compat_x_tst.o-c_compat_y_tst.o link 
UNRESOLVED: gcc.dg/compat/struct-by-value-4 c_compat_x_tst.o-c_compat_y_tst.o execute 
FAIL: gcc.dg/compat/struct-by-value-6 c_compat_x_tst.o-c_compat_y_tst.o execute 
FAIL: gcc.dg/compat/struct-by-value-7 c_compat_x_tst.o-c_compat_y_tst.o execute 
FAIL: gcc.dg/compat/struct-by-value-8 c_compat_x_tst.o compile
UNRESOLVED: gcc.dg/compat/struct-by-value-8 c_compat_x_tst.o-c_compat_y_tst.o link 
UNRESOLVED: gcc.dg/compat/struct-by-value-8 c_compat_x_tst.o-c_compat_y_tst.o execute 
FAIL: gcc.dg/compat/struct-by-value-9 c_compat_x_tst.o compile
UNRESOLVED: gcc.dg/compat/struct-by-value-9 c_compat_x_tst.o-c_compat_y_tst.o link 
UNRESOLVED: gcc.dg/compat/struct-by-value-9 c_compat_x_tst.o-c_compat_y_tst.o execute 
FAIL: gcc.dg/compat/struct-return-2 c_compat_x_tst.o compile
UNRESOLVED: gcc.dg/compat/struct-return-2 c_compat_x_tst.o-c_compat_y_tst.o link 
UNRESOLVED: gcc.dg/compat/struct-return-2 c_compat_x_tst.o-c_compat_y_tst.o execute 
FAIL: gcc.dg/compat/vector-1 c_compat_x_tst.o compile
FAIL: gcc.dg/compat/vector-1 c_compat_y_tst.o compile
UNRESOLVED: gcc.dg/compat/vector-1 c_compat_x_tst.o-c_compat_y_tst.o link 
UNRESOLVED: gcc.dg/compat/vector-1 c_compat_x_tst.o-c_compat_y_tst.o execute 
FAIL: gcc.dg/compat/vector-2 c_compat_x_tst.o compile
FAIL: gcc.dg/compat/vector-2 c_compat_y_tst.o compile
UNRESOLVED: gcc.dg/compat/vector-2 c_compat_x_tst.o-c_compat_y_tst.o link 
UNRESOLVED: gcc.dg/compat/vector-2 c_compat_x_tst.o-c_compat_y_tst.o execute 
FAIL: gcc.dg/20000707-1.c (test for excess errors)
FAIL: gcc.dg/20020919-1.c  (test for errors, line 105)
FAIL: gcc.dg/20020919-1.c  (test for errors, line 123)
FAIL: gcc.dg/20020919-1.c  (test for errors, line 132)
FAIL: gcc.dg/20020919-1.c  (test for errors, line 159)
FAIL: gcc.dg/20020919-1.c  (test for errors, line 177)
FAIL: gcc.dg/20020919-1.c  (test for errors, line 231)
FAIL: gcc.dg/20031202-1.c execution test
FAIL: gcc.dg/altivec-varargs-1.c execution test
FAIL: gcc.dg/array-quals-1.c scan-assembler-not \\.data(?!\\.rel\\.ro)
FAIL: gcc.dg/builtin-apply1.c (test for excess errors)
FAIL: gcc.dg/builtin-apply2.c (test for excess errors)
WARNING: gcc.dg/builtin-apply2.c compilation failed to produce executable
FAIL: gcc.dg/builtin-apply3.c (test for excess errors)
WARNING: gcc.dg/builtin-apply3.c compilation failed to produce executable
FAIL: gcc.dg/builtin-return-1.c (test for excess errors)
WARNING: gcc.dg/builtin-return-1.c compilation failed to produce executable
FAIL: gcc.dg/builtins-20.c (test for excess errors)
FAIL: gcc.dg/complex-1.c execution test
FAIL: gcc.dg/const-elim-1.c scan-assembler-not L\\\$?C[^A-Z]
FAIL: gcc.dg/darwin-abi-1.c (test for excess errors)
ERROR: gcc.dg/darwin-abi-1.c: error executing dg-final: couldn't open "darwin-abi-1.s": no such file or directory
UNRESOLVED: gcc.dg/darwin-abi-1.c: error executing dg-final: couldn't open "darwin-abi-1.s": no such file or directory
FAIL: gcc.dg/darwin-abi-2.c execution test
FAIL: gcc.dg/struct-by-value-1.c (test for excess errors)
WARNING: gcc.dg/struct-by-value-1.c compilation failed to produce executable
UNRESOLVED: gcc.dg/visibility-1.c
UNRESOLVED: gcc.dg/visibility-2.c
UNRESOLVED: gcc.dg/visibility-3.c
UNRESOLVED: gcc.dg/visibility-4.c
UNRESOLVED: gcc.dg/visibility-5.c
UNRESOLVED: gcc.dg/visibility-6.c
UNRESOLVED: gcc.dg/visibility-7.c
XPASS: gcc.dg/wchar_t-1.c (test for excess errors)
XPASS: gcc.dg/wint_t-1.c (test for excess errors)
FAIL: gcc.dg/noncompile/label-1.c only __label__ (test for warnings, line 24)
FAIL: gcc.dg/noncompile/label-1.c prev def same scope (test for errors, line 31)
FAIL: gcc.dg/noncompile/label-1.c dup label same scope (test for errors, line 32)
FAIL: gcc.dg/noncompile/label-1.c prev def diff scope (test for errors, line 39)
FAIL: gcc.dg/noncompile/label-1.c dup label diff scope (test for errors, line 41)
FAIL: gcc.dg/noncompile/label-1.c unused shadow 1 (test for warnings, line 52)
FAIL: gcc.dg/noncompile/label-1.c label ref out of scope (test for errors, line 66)
FAIL: gcc.dg/noncompile/label-1.c used, only __label__ (test for errors, line 76)
FAIL: gcc.dg/noncompile/label-1.c nest use outer label (test for errors, line 88)
FAIL: gcc.dg/noncompile/label-1.c nest label same name (test for warnings, line 104)
FAIL: gcc.dg/noncompile/label-1.c outer use nest label (test for warnings, line 116)
FAIL: gcc.dg/noncompile/label-1.c outer use nest label (test for errors, line 119)
FAIL: gcc.dg/noncompile/label-1.c outer use nest __label__ (test for warnings, line 129)
FAIL: gcc.dg/noncompile/label-1.c outer use nest __label__ (test for errors, line 132)
FAIL: gcc.dg/noncompile/label-1.c outer label decl (test for errors, line 153)
FAIL: gcc.dg/noncompile/label-1.c inner label defn (test for errors, line 156)
FAIL: gcc.dg/noncompile/label-1.c (test for excess errors)
FAIL: gcc.dg/noncompile/label-1.c only __label__ (test for warnings, line 24)
FAIL: gcc.dg/noncompile/label-1.c prev def same scope (test for errors, line 31)
FAIL: gcc.dg/noncompile/label-1.c dup label same scope (test for errors, line 32)
FAIL: gcc.dg/noncompile/label-1.c prev def diff scope (test for errors, line 39)
FAIL: gcc.dg/noncompile/label-1.c dup label diff scope (test for errors, line 41)
FAIL: gcc.dg/noncompile/label-1.c unused shadow 1 (test for warnings, line 52)
FAIL: gcc.dg/noncompile/label-1.c label ref out of scope (test for errors, line 66)
FAIL: gcc.dg/noncompile/label-1.c used, only __label__ (test for errors, line 76)
FAIL: gcc.dg/noncompile/label-1.c nest use outer label (test for errors, line 88)
FAIL: gcc.dg/noncompile/label-1.c nest label same name (test for warnings, line 104)
FAIL: gcc.dg/noncompile/label-1.c outer use nest label (test for warnings, line 116)
FAIL: gcc.dg/noncompile/label-1.c outer use nest label (test for errors, line 119)
FAIL: gcc.dg/noncompile/label-1.c outer use nest __label__ (test for warnings, line 129)
FAIL: gcc.dg/noncompile/label-1.c outer use nest __label__ (test for errors, line 132)
FAIL: gcc.dg/noncompile/label-1.c outer label decl (test for errors, line 153)
FAIL: gcc.dg/noncompile/label-1.c inner label defn (test for errors, line 156)
FAIL: gcc.dg/noncompile/label-1.c (test for excess errors)
FAIL: gcc.dg/noncompile/label-1.c (test for excess errors)
FAIL: gcc.dg/noncompile/label-1.c (test for excess errors)
FAIL: gcc.dg/noncompile/label-1.c (test for excess errors)
FAIL: gcc.dg/noncompile/label-1.c (test for excess errors)
UNRESOLVED: gcc.dg/special/weak-1.c
UNRESOLVED: gcc.dg/special/weak-2.c
UNRESOLVED: gcc.dg/special/wkali-1.c
UNRESOLVED: gcc.dg/special/wkali-2.c
FAIL: gcc.dg/torture/builtin-noret-1.c (test for excess errors)
FAIL: gcc.dg/torture/builtin-noret-1.c (test for excess errors)
FAIL: gcc.dg/torture/builtin-noret-1.c (test for excess errors)
FAIL: gcc.dg/torture/builtin-noret-1.c (test for excess errors)
FAIL: gcc.dg/torture/builtin-noret-1.c (test for excess errors)
FAIL: gcc.dg/torture/builtin-noret-1.c (test for excess errors)
FAIL: gcc.dg/torture/builtin-noret-2.c (test for excess errors)
FAIL: gcc.dg/torture/builtin-noret-2.c (test for excess errors)
FAIL: gcc.dg/torture/builtin-noret-2.c (test for excess errors)
FAIL: gcc.dg/torture/builtin-noret-2.c (test for excess errors)
FAIL: gcc.dg/torture/builtin-noret-2.c (test for excess errors)
FAIL: gcc.dg/torture/builtin-noret-2.c (test for excess errors)
UNRESOLVED: gcc.dg/weak/typeof-2.c
UNRESOLVED: gcc.dg/weak/weak-1.c
UNRESOLVED: gcc.dg/weak/weak-2.c
UNRESOLVED: gcc.dg/weak/weak-3.c
UNRESOLVED: gcc.dg/weak/weak-4.c
UNRESOLVED: gcc.dg/weak/weak-5.c
UNRESOLVED: gcc.dg/weak/weak-6.c
UNRESOLVED: gcc.dg/weak/weak-7.c
UNRESOLVED: gcc.dg/weak/weak-8.c
UNRESOLVED: gcc.dg/weak/weak-9.c
FAIL: gcc.misc-tests/bprob-2.c compilation,  -g  -fprofile-arcs
UNRESOLVED: gcc.misc-tests/bprob-2.c execution,    -g  -fprofile-arcs
UNRESOLVED: gcc.misc-tests/bprob-2.c compilation,  -g  -fbranch-probabilities
UNRESOLVED: gcc.misc-tests/bprob-2.c execution,    -g  -fbranch-probabilities
FAIL: gcc.misc-tests/bprob-2.c compilation,  -O0  -fprofile-arcs
UNRESOLVED: gcc.misc-tests/bprob-2.c execution,    -O0  -fprofile-arcs
UNRESOLVED: gcc.misc-tests/bprob-2.c compilation,  -O0  -fbranch-probabilities
UNRESOLVED: gcc.misc-tests/bprob-2.c execution,    -O0  -fbranch-probabilities
FAIL: gcc.misc-tests/bprob-2.c compilation,  -O1  -fprofile-arcs
UNRESOLVED: gcc.misc-tests/bprob-2.c execution,    -O1  -fprofile-arcs
UNRESOLVED: gcc.misc-tests/bprob-2.c compilation,  -O1  -fbranch-probabilities
UNRESOLVED: gcc.misc-tests/bprob-2.c execution,    -O1  -fbranch-probabilities
FAIL: gcc.misc-tests/bprob-2.c compilation,  -O2 -DPERFTIME  -fprofile-arcs
UNRESOLVED: gcc.misc-tests/bprob-2.c execution,    -O2 -DPERFTIME  -fprofile-arcs
UNRESOLVED: gcc.misc-tests/bprob-2.c compilation,  -O2 -DPERFTIME  -fbranch-probabilities
UNRESOLVED: gcc.misc-tests/bprob-2.c execution,    -O2 -DPERFTIME  -fbranch-probabilities
FAIL: gcc.misc-tests/bprob-2.c compilation,  -O3 -DPERFTIME  -fprofile-arcs
UNRESOLVED: gcc.misc-tests/bprob-2.c execution,    -O3 -DPERFTIME  -fprofile-arcs
UNRESOLVED: gcc.misc-tests/bprob-2.c compilation,  -O3 -DPERFTIME  -fbranch-probabilities
UNRESOLVED: gcc.misc-tests/bprob-2.c execution,    -O3 -DPERFTIME  -fbranch-probabilities
FAIL: gcc.misc-tests/bprob-2.c compilation,  -O3 -g -DPERFTIME  -fprofile-arcs
UNRESOLVED: gcc.misc-tests/bprob-2.c execution,    -O3 -g -DPERFTIME  -fprofile-arcs
UNRESOLVED: gcc.misc-tests/bprob-2.c compilation,  -O3 -g -DPERFTIME  -fbranch-probabilities
UNRESOLVED: gcc.misc-tests/bprob-2.c execution,    -O3 -g -DPERFTIME  -fbranch-probabilities
FAIL: gcc.misc-tests/bprob-2.c compilation,  -Os  -fprofile-arcs
UNRESOLVED: gcc.misc-tests/bprob-2.c execution,    -Os  -fprofile-arcs
UNRESOLVED: gcc.misc-tests/bprob-2.c compilation,  -Os  -fbranch-probabilities
UNRESOLVED: gcc.misc-tests/bprob-2.c execution,    -Os  -fbranch-probabilities
FAIL: gcc.misc-tests/gcov-3.c (test for excess errors)
WARNING: gcc.misc-tests/gcov-3.c compilation failed to produce executable
FAIL: gcc.misc-tests/gcov-3.c gcov failed: gcov-3.c.gcov does not exist

		=== gcc Summary for unix/-mcpu=G5 ===

# of expected passes		23725
# of unexpected failures	379
# of unexpected successes	2
# of expected failures		68
# of unresolved testcases	236
# of untested testcases		7
# of unsupported tests		295

Running target unix
FAIL: gcc.c-torture/execute/20030811-1.c compilation,  -O0 
UNRESOLVED: gcc.c-torture/execute/20030811-1.c execution,  -O0 
FAIL: gcc.c-torture/execute/20030811-1.c compilation,  -O1 
UNRESOLVED: gcc.c-torture/execute/20030811-1.c execution,  -O1 
FAIL: gcc.c-torture/execute/20030811-1.c compilation,  -O2 
UNRESOLVED: gcc.c-torture/execute/20030811-1.c execution,  -O2 
FAIL: gcc.c-torture/execute/20030811-1.c compilation,  -O3 -fomit-frame-pointer 
UNRESOLVED: gcc.c-torture/execute/20030811-1.c execution,  -O3 -fomit-frame-pointer 
FAIL: gcc.c-torture/execute/20030811-1.c compilation,  -O3 -g 
UNRESOLVED: gcc.c-torture/execute/20030811-1.c execution,  -O3 -g 
FAIL: gcc.c-torture/execute/20030811-1.c compilation,  -Os 
UNRESOLVED: gcc.c-torture/execute/20030811-1.c execution,  -Os 
FAIL: gcc.c-torture/execute/pure-1.c compilation,  -O1 
UNRESOLVED: gcc.c-torture/execute/pure-1.c execution,  -O1 
FAIL: gcc.c-torture/execute/pure-1.c compilation,  -O2 
UNRESOLVED: gcc.c-torture/execute/pure-1.c execution,  -O2 
FAIL: gcc.c-torture/execute/pure-1.c compilation,  -Os 
UNRESOLVED: gcc.c-torture/execute/pure-1.c execution,  -Os 
FAIL: gcc.dg/compat/struct-by-value-1 c_compat_x_tst.o-c_compat_y_tst.o link
UNRESOLVED: gcc.dg/compat/struct-by-value-1 c_compat_x_tst.o-c_compat_y_tst.o execute 
FAIL: gcc.dg/compat/struct-by-value-2 c_compat_x_tst.o-c_compat_y_tst.o link
UNRESOLVED: gcc.dg/compat/struct-by-value-2 c_compat_x_tst.o-c_compat_y_tst.o execute 
FAIL: gcc.dg/compat/struct-by-value-4 c_compat_x_tst.o-c_compat_y_tst.o link
UNRESOLVED: gcc.dg/compat/struct-by-value-4 c_compat_x_tst.o-c_compat_y_tst.o execute 
FAIL: gcc.dg/compat/struct-by-value-8 c_compat_x_tst.o-c_compat_y_tst.o link
UNRESOLVED: gcc.dg/compat/struct-by-value-8 c_compat_x_tst.o-c_compat_y_tst.o execute 
FAIL: gcc.dg/compat/struct-by-value-9 c_compat_x_tst.o-c_compat_y_tst.o link
UNRESOLVED: gcc.dg/compat/struct-by-value-9 c_compat_x_tst.o-c_compat_y_tst.o execute 
FAIL: gcc.dg/compat/struct-return-2 c_compat_x_tst.o-c_compat_y_tst.o link
UNRESOLVED: gcc.dg/compat/struct-return-2 c_compat_x_tst.o-c_compat_y_tst.o execute 
FAIL: gcc.dg/compat/vector-1 c_compat_x_tst.o compile
FAIL: gcc.dg/compat/vector-1 c_compat_y_tst.o compile
UNRESOLVED: gcc.dg/compat/vector-1 c_compat_x_tst.o-c_compat_y_tst.o link 
UNRESOLVED: gcc.dg/compat/vector-1 c_compat_x_tst.o-c_compat_y_tst.o execute 
FAIL: gcc.dg/compat/vector-2 c_compat_x_tst.o compile
FAIL: gcc.dg/compat/vector-2 c_compat_y_tst.o compile
UNRESOLVED: gcc.dg/compat/vector-2 c_compat_x_tst.o-c_compat_y_tst.o link 
UNRESOLVED: gcc.dg/compat/vector-2 c_compat_x_tst.o-c_compat_y_tst.o execute 
FAIL: gcc.dg/array-quals-1.c scan-assembler-not \\.data(?!\\.rel\\.ro)
FAIL: gcc.dg/builtins-18.c (test for excess errors)
FAIL: gcc.dg/builtins-20.c (test for excess errors)
FAIL: gcc.dg/const-elim-1.c scan-assembler-not L\\\$?C[^A-Z]
FAIL: gcc.dg/struct-by-value-1.c (test for excess errors)
WARNING: gcc.dg/struct-by-value-1.c compilation failed to produce executable
UNRESOLVED: gcc.dg/visibility-1.c
UNRESOLVED: gcc.dg/visibility-2.c
UNRESOLVED: gcc.dg/visibility-3.c
UNRESOLVED: gcc.dg/visibility-4.c
UNRESOLVED: gcc.dg/visibility-5.c
UNRESOLVED: gcc.dg/visibility-6.c
UNRESOLVED: gcc.dg/visibility-7.c
XPASS: gcc.dg/wchar_t-1.c (test for excess errors)
XPASS: gcc.dg/wint_t-1.c (test for excess errors)
UNRESOLVED: gcc.dg/special/weak-1.c
UNRESOLVED: gcc.dg/special/weak-2.c
UNRESOLVED: gcc.dg/special/wkali-1.c
UNRESOLVED: gcc.dg/special/wkali-2.c
FAIL: gcc.dg/torture/builtin-noret-1.c (test for excess errors)
FAIL: gcc.dg/torture/builtin-noret-1.c (test for excess errors)
FAIL: gcc.dg/torture/builtin-noret-1.c (test for excess errors)
FAIL: gcc.dg/torture/builtin-noret-1.c (test for excess errors)
FAIL: gcc.dg/torture/builtin-noret-1.c (test for excess errors)
FAIL: gcc.dg/torture/builtin-noret-1.c (test for excess errors)
FAIL: gcc.dg/torture/builtin-noret-2.c (test for excess errors)
FAIL: gcc.dg/torture/builtin-noret-2.c (test for excess errors)
FAIL: gcc.dg/torture/builtin-noret-2.c (test for excess errors)
FAIL: gcc.dg/torture/builtin-noret-2.c (test for excess errors)
FAIL: gcc.dg/torture/builtin-noret-2.c (test for excess errors)
FAIL: gcc.dg/torture/builtin-noret-2.c (test for excess errors)
UNRESOLVED: gcc.dg/weak/typeof-2.c
UNRESOLVED: gcc.dg/weak/weak-1.c
UNRESOLVED: gcc.dg/weak/weak-2.c
UNRESOLVED: gcc.dg/weak/weak-3.c
UNRESOLVED: gcc.dg/weak/weak-4.c
UNRESOLVED: gcc.dg/weak/weak-5.c
UNRESOLVED: gcc.dg/weak/weak-6.c
UNRESOLVED: gcc.dg/weak/weak-7.c
UNRESOLVED: gcc.dg/weak/weak-8.c
UNRESOLVED: gcc.dg/weak/weak-9.c

		=== gcc Summary for unix ===

# of expected passes		24268
# of unexpected failures	36
# of unexpected successes	2
# of expected failures		68
# of unresolved testcases	40
# of untested testcases		7
# of unsupported tests		295

		=== gcc Summary ===

# of expected passes		47993
# of unexpected failures	415
# of unexpected successes	4
# of expected failures		136
# of unresolved testcases	276
# of untested testcases		14
# of unsupported tests		590
/Users/lucier/programs/gcc/3.4/objdir/gcc/xgcc version 3.4.0 20040120 (prerelease)

		=== objc tests ===


Running target unix/-mcpu=G5
FAIL: objc/execute/string1.m compilation,  -O0 
UNRESOLVED: objc/execute/string1.m execution,  -O0 
FAIL: objc/execute/string1.m compilation,  -O1 
UNRESOLVED: objc/execute/string1.m execution,  -O1 
FAIL: objc/execute/string1.m compilation,  -O2 
UNRESOLVED: objc/execute/string1.m execution,  -O2 
FAIL: objc/execute/string1.m compilation,  -O3 -fomit-frame-pointer 
UNRESOLVED: objc/execute/string1.m execution,  -O3 -fomit-frame-pointer 
FAIL: objc/execute/string1.m compilation,  -O3 -g 
UNRESOLVED: objc/execute/string1.m execution,  -O3 -g 
FAIL: objc/execute/string1.m compilation,  -Os 
UNRESOLVED: objc/execute/string1.m execution,  -Os 
FAIL: objc/execute/string2.m compilation,  -O0 
UNRESOLVED: objc/execute/string2.m execution,  -O0 
FAIL: objc/execute/string2.m compilation,  -O1 
UNRESOLVED: objc/execute/string2.m execution,  -O1 
FAIL: objc/execute/string2.m compilation,  -O2 
UNRESOLVED: objc/execute/string2.m execution,  -O2 
FAIL: objc/execute/string2.m compilation,  -O3 -fomit-frame-pointer 
UNRESOLVED: objc/execute/string2.m execution,  -O3 -fomit-frame-pointer 
FAIL: objc/execute/string2.m compilation,  -O3 -g 
UNRESOLVED: objc/execute/string2.m execution,  -O3 -g 
FAIL: objc/execute/string2.m compilation,  -Os 
UNRESOLVED: objc/execute/string2.m execution,  -Os 
FAIL: objc/execute/string3.m compilation,  -O0 
UNRESOLVED: objc/execute/string3.m execution,  -O0 
FAIL: objc/execute/string3.m compilation,  -O1 
UNRESOLVED: objc/execute/string3.m execution,  -O1 
FAIL: objc/execute/string3.m compilation,  -O2 
UNRESOLVED: objc/execute/string3.m execution,  -O2 
FAIL: objc/execute/string3.m compilation,  -O3 -fomit-frame-pointer 
UNRESOLVED: objc/execute/string3.m execution,  -O3 -fomit-frame-pointer 
FAIL: objc/execute/string3.m compilation,  -O3 -g 
UNRESOLVED: objc/execute/string3.m execution,  -O3 -g 
FAIL: objc/execute/string3.m compilation,  -Os 
UNRESOLVED: objc/execute/string3.m execution,  -Os 
FAIL: objc/execute/string4.m compilation,  -O0 
UNRESOLVED: objc/execute/string4.m execution,  -O0 
FAIL: objc/execute/string4.m compilation,  -O1 
UNRESOLVED: objc/execute/string4.m execution,  -O1 
FAIL: objc/execute/string4.m compilation,  -O2 
UNRESOLVED: objc/execute/string4.m execution,  -O2 
FAIL: objc/execute/string4.m compilation,  -O3 -fomit-frame-pointer 
UNRESOLVED: objc/execute/string4.m execution,  -O3 -fomit-frame-pointer 
FAIL: objc/execute/string4.m compilation,  -O3 -g 
UNRESOLVED: objc/execute/string4.m execution,  -O3 -g 
FAIL: objc/execute/string4.m compilation,  -Os 
UNRESOLVED: objc/execute/string4.m execution,  -Os 
FAIL: objc.dg/headers.m (test for excess errors)

		=== objc Summary for unix/-mcpu=G5 ===

# of expected passes		1312
# of unexpected failures	25
# of unresolved testcases	24

Running target unix
FAIL: objc/execute/string1.m compilation,  -O0 
UNRESOLVED: objc/execute/string1.m execution,  -O0 
FAIL: objc/execute/string1.m compilation,  -O1 
UNRESOLVED: objc/execute/string1.m execution,  -O1 
FAIL: objc/execute/string1.m compilation,  -O2 
UNRESOLVED: objc/execute/string1.m execution,  -O2 
FAIL: objc/execute/string1.m compilation,  -O3 -fomit-frame-pointer 
UNRESOLVED: objc/execute/string1.m execution,  -O3 -fomit-frame-pointer 
FAIL: objc/execute/string1.m compilation,  -O3 -g 
UNRESOLVED: objc/execute/string1.m execution,  -O3 -g 
FAIL: objc/execute/string1.m compilation,  -Os 
UNRESOLVED: objc/execute/string1.m execution,  -Os 
FAIL: objc/execute/string2.m compilation,  -O0 
UNRESOLVED: objc/execute/string2.m execution,  -O0 
FAIL: objc/execute/string2.m compilation,  -O1 
UNRESOLVED: objc/execute/string2.m execution,  -O1 
FAIL: objc/execute/string2.m compilation,  -O2 
UNRESOLVED: objc/execute/string2.m execution,  -O2 
FAIL: objc/execute/string2.m compilation,  -O3 -fomit-frame-pointer 
UNRESOLVED: objc/execute/string2.m execution,  -O3 -fomit-frame-pointer 
FAIL: objc/execute/string2.m compilation,  -O3 -g 
UNRESOLVED: objc/execute/string2.m execution,  -O3 -g 
FAIL: objc/execute/string2.m compilation,  -Os 
UNRESOLVED: objc/execute/string2.m execution,  -Os 
FAIL: objc/execute/string3.m compilation,  -O0 
UNRESOLVED: objc/execute/string3.m execution,  -O0 
FAIL: objc/execute/string3.m compilation,  -O1 
UNRESOLVED: objc/execute/string3.m execution,  -O1 
FAIL: objc/execute/string3.m compilation,  -O2 
UNRESOLVED: objc/execute/string3.m execution,  -O2 
FAIL: objc/execute/string3.m compilation,  -O3 -fomit-frame-pointer 
UNRESOLVED: objc/execute/string3.m execution,  -O3 -fomit-frame-pointer 
FAIL: objc/execute/string3.m compilation,  -O3 -g 
UNRESOLVED: objc/execute/string3.m execution,  -O3 -g 
FAIL: objc/execute/string3.m compilation,  -Os 
UNRESOLVED: objc/execute/string3.m execution,  -Os 
FAIL: objc/execute/string4.m compilation,  -O0 
UNRESOLVED: objc/execute/string4.m execution,  -O0 
FAIL: objc/execute/string4.m compilation,  -O1 
UNRESOLVED: objc/execute/string4.m execution,  -O1 
FAIL: objc/execute/string4.m compilation,  -O2 
UNRESOLVED: objc/execute/string4.m execution,  -O2 
FAIL: objc/execute/string4.m compilation,  -O3 -fomit-frame-pointer 
UNRESOLVED: objc/execute/string4.m execution,  -O3 -fomit-frame-pointer 
FAIL: objc/execute/string4.m compilation,  -O3 -g 
UNRESOLVED: objc/execute/string4.m execution,  -O3 -g 
FAIL: objc/execute/string4.m compilation,  -Os 
UNRESOLVED: objc/execute/string4.m execution,  -Os 
FAIL: objc.dg/headers.m (test for excess errors)

		=== objc Summary for unix ===

# of expected passes		1312
# of unexpected failures	25
# of unresolved testcases	24

		=== objc Summary ===

# of expected passes		2624
# of unexpected failures	50
# of unresolved testcases	48
/Users/lucier/programs/gcc/3.4/objdir/gcc/xgcc version 3.4.0 20040120 (prerelease)

		=== libffi tests ===


Running target unix/-mcpu=G5
FAIL: libffi.call/cls_9byte2.c output pattern test, is 7 8 1 9: 8.00001 17
FAIL: libffi.call/cls_ulonglong.c (test for excess errors)
WARNING: libffi.call/cls_ulonglong.c compilation failed to produce executable

		=== libffi Summary for unix/-mcpu=G5 ===

# of expected passes		208
# of unexpected failures	2
# of unsupported tests		2

Running target unix

		=== libffi Summary for unix ===

# of expected passes		212
# of unsupported tests		2

		=== libffi Summary ===

# of expected passes		420
# of unexpected failures	2
# of unsupported tests		4
		=== libjava tests ===


Running target unix/-mcpu=G5
FAIL: OperatorBenchmark compilation from source
FAIL: OperatorBenchmark compilation from bytecode
FAIL: OperatorBenchmark -O3 compilation from source
FAIL: OperatorBenchmark -O3 compilation from bytecode
FAIL: PR208 compilation from source
FAIL: PR208 compilation from bytecode
FAIL: PR208 -O3 compilation from source
FAIL: PR208 -O3 compilation from bytecode
FAIL: calls.c compilation
FAIL: cxxtest.c compilation
FAIL: InvokeReturn output - source compiled test
FAIL: InvokeReturn output - bytecode->native test
FAIL: InvokeReturn -O3 output - source compiled test
FAIL: InvokeReturn -O3 output - bytecode->native test
WARNING: program timed out.
FAIL: Thread_Alive execution - source compiled test
WARNING: program timed out.
FAIL: Thread_Alive execution - bytecode->native test
WARNING: program timed out.
FAIL: Thread_Alive -O3 execution - source compiled test
WARNING: program timed out.
FAIL: Thread_Alive -O3 execution - bytecode->native test
WARNING: program timed out.
FAIL: Thread_Interrupt execution - source compiled test
WARNING: program timed out.
FAIL: Thread_Interrupt execution - bytecode->native test
WARNING: program timed out.
FAIL: Thread_Interrupt -O3 execution - source compiled test
WARNING: program timed out.
FAIL: Thread_Interrupt -O3 execution - bytecode->native test
WARNING: program timed out.
FAIL: Thread_Wait execution - source compiled test
WARNING: program timed out.
FAIL: Thread_Wait execution - bytecode->native test
WARNING: program timed out.
FAIL: Thread_Wait -O3 execution - source compiled test
WARNING: program timed out.
FAIL: Thread_Wait -O3 execution - bytecode->native test
WARNING: program timed out.
FAIL: Thread_Wait_2 execution - source compiled test
WARNING: program timed out.
FAIL: Thread_Wait_2 execution - bytecode->native test
WARNING: program timed out.
FAIL: Thread_Wait_2 -O3 execution - source compiled test
WARNING: program timed out.
FAIL: Thread_Wait_2 -O3 execution - bytecode->native test
WARNING: program timed out.
FAIL: Thread_Wait_Interrupt execution - source compiled test
WARNING: program timed out.
FAIL: Thread_Wait_Interrupt execution - bytecode->native test
WARNING: program timed out.
FAIL: Thread_Wait_Interrupt -O3 execution - source compiled test
WARNING: program timed out.
FAIL: Thread_Wait_Interrupt -O3 execution - bytecode->native test
FAIL: Throw_2 execution - source compiled test
FAIL: Throw_2 execution - gij test
FAIL: Throw_2 execution - bytecode->native test
FAIL: Throw_2 -O3 execution - source compiled test
FAIL: Throw_2 execution - gij test
FAIL: Throw_2 -O3 execution - bytecode->native test
FAIL: anon3 execution - gij test
FAIL: anon_ctor_itf_arg execution - gij test
FAIL: final_int execution - gij test
FAIL: inner1 execution - gij test
FAIL: inner3 execution - gij test
FAIL: inner3 execution - gij test
FAIL: inner4 execution - gij test
FAIL: invoke_from_inner execution - gij test
FAIL: search_outer execution - gij test
FAIL: update_outer execution - gij test

		=== libjava Summary for unix/-mcpu=G5 ===

# of expected passes		3172
# of unexpected failures	50
# of expected failures		10
# of untested testcases		44

Running target unix
FAIL: cxxtest.c compilation
FAIL: Throw_2 execution - source compiled test
FAIL: Throw_2 execution - gij test
FAIL: Throw_2 execution - bytecode->native test
FAIL: Throw_2 -O3 execution - source compiled test
FAIL: Throw_2 execution - gij test
FAIL: Throw_2 -O3 execution - bytecode->native test
FAIL: anon2 execution - gij test
FAIL: anon3 execution - gij test
FAIL: anon3 execution - gij test
FAIL: anon_ctor_itf_arg execution - gij test
FAIL: anon_ctor_itf_arg execution - gij test
FAIL: indirect execution - gij test
FAIL: inner3 execution - gij test
FAIL: inner4 execution - gij test
FAIL: invoke_from_inner execution - gij test
FAIL: search_outer execution - gij test
FAIL: update_outer execution - gij test

		=== libjava Summary for unix ===

# of expected passes		3225
# of unexpected failures	18
# of expected failures		10
# of untested testcases		25

		=== libjava Summary ===

# of expected passes		6397
# of unexpected failures	68
# of expected failures		20
# of untested testcases		69
		=== libstdc++ tests ===


Running target unix/-mcpu=G5
FAIL: 17_intro/headers_c++.cc (test for excess errors)
WARNING: 17_intro/headers_c++.cc compilation failed to produce executable
FAIL: 20_util/allocator/1.cc execution test
FAIL: 22_locale/codecvt/length/wchar_t/3.cc (test for excess errors)
WARNING: 22_locale/codecvt/length/wchar_t/3.cc compilation failed to produce executable
FAIL: 26_numerics/c99_classification_macros_c.cc (test for excess errors)
FAIL: 27_io/basic_filebuf/open/char/9507.cc execution test
FAIL: ext/stdio_filebuf/char/10063-2.cc execution test

		=== libstdc++ Summary for unix/-mcpu=G5 ===

# of expected passes		2503
# of unexpected failures	6
# of expected failures		11

Running target unix
FAIL: 20_util/allocator/1.cc execution test
FAIL: 27_io/basic_filebuf/open/char/9507.cc execution test
FAIL: ext/stdio_filebuf/char/10063-2.cc execution test

		=== libstdc++ Summary for unix ===

# of expected passes		2508
# of unexpected failures	3
# of expected failures		11

		=== libstdc++ Summary ===

# of expected passes		5011
# of unexpected failures	9
# of expected failures		22

Compiler version: 3.4.0 20040120 (prerelease) 
Platform: powerpc-apple-darwin7.2.0
configure flags: --prefix=/pkgs/gcc-3.4
Counting all warnings,
there are 24 warnings in stage3 of this bootstrap.

Number of warnings per file:
   6 gcc/config/rs6000/altivec.md
   5 gcc/gcc.c
   5 /usr/share/bison.simple
   3 gengtype-lex.c
   2 gcc/objc/lang-specs.h
   2 gcc/f/sta.c
   1 gcc/java/jvspec.c

Number of warning types:
   8 string length \`???' is greater than the length \`???' ISO C89 compilers are required to support
   6 old-style parameter declaration
   4 operand 3 missing mode?
   2 operand 1 missing mode?
   2 dereferencing type-punned pointer will break strict-aliasing rules
   2 comparison between signed and unsigned



More information about the Gcc-testresults mailing list