Results for 3.5.0 20040120 (experimental) testsuite on powerpc-ibm-aix5.1.0.0
David Edelsohn
dje@watson.ibm.com
Tue Jan 20 16:34:00 GMT 2004
LAST_UPDATED: Tue Jan 20 04:07:00 UTC 2004
Native configuration is powerpc-ibm-aix5.1.0.0
=== g++ tests ===
Running target unix
FAIL: g++.dg/ext/altivec-1.C (test for excess errors)
XPASS: g++.dg/other/packed1.C execution test
FAIL: g++.dg/pch/system-1.C -g assembly comparison
FAIL: g++.dg/pch/system-2.C -g assembly comparison
FAIL: g++.dg/pch/uninst.C -g assembly comparison
FAIL: g++.old-deja/g++.abi/cxa_vec.C execution test
FAIL: g++.old-deja/g++.abi/ptrflags.C (test for excess errors)
WARNING: g++.old-deja/g++.abi/ptrflags.C compilation failed to produce executable
FAIL: g++.old-deja/g++.brendan/new3.C execution test
FAIL: g++.old-deja/g++.eh/catchptr1.C (test for excess errors)
WARNING: g++.old-deja/g++.eh/catchptr1.C compilation failed to produce executable
FAIL: g++.old-deja/g++.eh/cleanup2.C (test for excess errors)
WARNING: g++.old-deja/g++.eh/cleanup2.C compilation failed to produce executable
WARNING: program timed out.
FAIL: g++.old-deja/g++.ext/attrib5.C (test for excess errors)
WARNING: g++.old-deja/g++.ext/attrib5.C compilation failed to produce executable
WARNING: g++.old-deja/g++.mike/p10769a.C compilation failed to produce executable
WARNING: g++.old-deja/g++.other/enum5.C compilation failed to produce executable
FAIL: g++.old-deja/g++.pt/const2.C (test for errors, line )
WARNING: g++.old-deja/g++.pt/friend44.C compilation failed to produce executable
=== g++ Summary ===
# of expected passes 9148
# of unexpected failures 11
# of unexpected successes 1
# of expected failures 60
# of unsupported tests 69
/gcc/dje/build/powerpc-ibm-aix5.1.0.0-20040119/gcc/testsuite/../g++ version 3.5.0 20040120 (experimental)
=== g77 tests ===
Running target unix
FAIL: g77.f-torture/execute/intrinsic77.f execution, -O0
FAIL: g77.f-torture/execute/intrinsic77.f execution, -O1
FAIL: g77.f-torture/execute/intrinsic77.f execution, -O2
FAIL: g77.f-torture/execute/intrinsic77.f execution, -O3 -fomit-frame-pointer
FAIL: g77.f-torture/execute/intrinsic77.f execution, -O3 -g
FAIL: g77.f-torture/execute/intrinsic77.f execution, -Os
=== g77 Summary ===
# of expected passes 1782
# of unexpected failures 6
# of unsupported tests 6
/gcc/dje/build/powerpc-ibm-aix5.1.0.0-20040119/gcc/testsuite/../g77 version 3.5.0 20040120 (experimental)
=== gcc tests ===
Running target unix
WARNING: program timed out.
FAIL: gcc.c-torture/compile/20011119-1.c (test for excess errors)
WARNING: program timed out.
FAIL: gcc.c-torture/compile/20011119-1.c (test for excess errors)
WARNING: program timed out.
FAIL: gcc.c-torture/compile/20011119-1.c (test for excess errors)
WARNING: program timed out.
FAIL: gcc.c-torture/compile/20011119-1.c (test for excess errors)
WARNING: program timed out.
FAIL: gcc.c-torture/compile/20011119-2.c (test for excess errors)
WARNING: program timed out.
FAIL: gcc.c-torture/compile/20011119-2.c (test for excess errors)
WARNING: program timed out.
FAIL: gcc.c-torture/compile/20011119-2.c (test for excess errors)
WARNING: program timed out.
FAIL: gcc.c-torture/compile/20011119-2.c (test for excess errors)
WARNING: program timed out.
FAIL: gcc.c-torture/compile/20011119-2.c (test for excess errors)
WARNING: program timed out.
FAIL: gcc.c-torture/compile/20011119-2.c (test for excess errors)
WARNING: program timed out.
FAIL: gcc.c-torture/compile/981001-2.c (test for excess errors)
WARNING: program timed out.
FAIL: gcc.c-torture/compile/981001-2.c (test for excess errors)
WARNING: program timed out.
FAIL: gcc.c-torture/compile/981001-2.c (test for excess errors)
WARNING: program timed out.
FAIL: gcc.c-torture/compile/981001-2.c (test for excess errors)
FAIL: gcc.c-torture/execute/eeprof-1.c execution, -O0
FAIL: gcc.c-torture/execute/eeprof-1.c execution, -O1
FAIL: gcc.c-torture/execute/eeprof-1.c execution, -O2
FAIL: gcc.c-torture/execute/eeprof-1.c execution, -O3 -fomit-frame-pointer
FAIL: gcc.c-torture/execute/eeprof-1.c execution, -O3 -g
FAIL: gcc.c-torture/execute/eeprof-1.c execution, -Os
FAIL: gcc.dg/cpp/assert4.c (test for excess errors)
XPASS: gcc.dg/cpp/cmdlne-dI-M.c scan-file (^|\\n)cmdlne-dI-M.*:[^\\n]*cmdlne-dI-M.c
XPASS: gcc.dg/cpp/cmdlne-dM-M.c scan-file (^|\\n)cmdlne-dM-M[^\\n]*:[^\\n]*cmdlne-dM-M.c
FAIL: gcc.dg/20020103-1.c scan-assembler-not LC
FAIL: gcc.dg/20020118-1.c execution test
FAIL: gcc.dg/altivec-10.c (test for excess errors)
FAIL: gcc.dg/altivec-11.c (test for excess errors)
ERROR: gcc.dg/altivec-11.c: error executing dg-final: couldn't open "altivec-11.s": no such file or directory
UNRESOLVED: gcc.dg/altivec-11.c: error executing dg-final: couldn't open "altivec-11.s": no such file or directory
FAIL: gcc.dg/altivec-4.c (test for excess errors)
FAIL: gcc.dg/altivec-7.c (test for excess errors)
FAIL: gcc.dg/altivec-8.c (test for excess errors)
FAIL: gcc.dg/asm-names.c scan-assembler-not ____frob14
FAIL: gcc.dg/pch/static-1.c -O0 -g assembly comparison
FAIL: gcc.dg/pch/static-2.c -O0 -g assembly comparison
FAIL: gcc.dg/pch/static-3.c -O0 -g assembly comparison
FAIL: gcc.dg/pch/warn-1.c (test for excess errors)
FAIL: gcc.dg/pch/warn-1.c (test for excess errors)
FAIL: gcc.dg/pch/warn-1.c (test for excess errors)
FAIL: gcc.dg/pch/warn-1.c (test for excess errors)
FAIL: gcc.dg/pch/warn-1.c (test for excess errors)
FAIL: gcc.dg/pch/warn-1.c (test for excess errors)
FAIL: gcc.dg/pch/warn-1.c (test for excess errors)
=== gcc Summary ===
# of expected passes 22917
# of unexpected failures 39
# of unexpected successes 2
# of expected failures 61
# of unresolved testcases 1
# of untested testcases 7
# of unsupported tests 302
/gcc/dje/build/powerpc-ibm-aix5.1.0.0-20040119/gcc/xgcc version 3.5.0 20040120 (experimental)
=== objc tests ===
Running target unix
FAIL: objc.dg/encode-2.m execution test
FAIL: objc.dg/encode-3.m execution test
FAIL: objc.dg/encode-4.m execution test
=== objc Summary ===
# of expected passes 1338
# of unexpected failures 3
# of unsupported tests 8
/gcc/dje/build/powerpc-ibm-aix5.1.0.0-20040119/gcc/xgcc version 3.5.0 20040120 (experimental)
=== libstdc++ tests ===
Running target unix
FAIL: 20_util/allocator/1.cc execution test
FAIL: 22_locale/ctype/is/char/3.cc execution test
FAIL: 22_locale/num_get/get/char/10.cc execution test
FAIL: 22_locale/num_get/get/wchar_t/10.cc execution test
FAIL: 27_io/basic_istream/extractors_arithmetic/char/12.cc execution test
FAIL: 27_io/objects/char/6.cc execution test
FAIL: 27_io/objects/wchar_t/6.cc execution test
=== libstdc++ Summary ===
# of expected passes 2492
# of unexpected failures 7
# of expected failures 11
# of unsupported tests 7
Compiler version: 3.5.0 20040120 (experimental)
Platform: powerpc-ibm-aix5.1.0.0
configure flags: --prefix=/gcc/dje/install/powerpc-ibm-aix5.1.0.0-20040119 --disable-werror --disable-win32-registry
More information about the Gcc-testresults
mailing list