Results for 3.5.0 20040119 (experimental) testsuite on sh-unknown-elf

Joern Rennecke joern.rennecke@superh.com
Tue Jan 20 02:50:00 GMT 2004


LAST_UPDATED: 
Target is sh-unknown-elf
Host   is i686-pc-linux-gnu

		=== g++ tests ===


Running target sh-hms-sim
FAIL: g++.dg/ext/stmtexpr1.C (test for excess errors)
WARNING: g++.dg/ext/stmtexpr1.C compilation failed to produce executable
FAIL: g++.old-deja/g++.eh/cleanup2.C (test for excess errors)
WARNING: g++.old-deja/g++.eh/cleanup2.C compilation failed to produce executable
XPASS: g++.old-deja/g++.jason/thunk3.C execution test
WARNING: g++.old-deja/g++.mike/p10769a.C compilation failed to produce executable
WARNING: g++.old-deja/g++.other/enum5.C compilation failed to produce executable
WARNING: g++.old-deja/g++.pt/friend44.C compilation failed to produce executable

		=== g++ Summary for sh-hms-sim ===

# of expected passes		9309
# of unexpected failures	2
# of unexpected successes	1
# of expected failures		61
# of unsupported tests		77

Running target sh-hms-sim/-m4/-ml
FAIL: g++.dg/ext/stmtexpr1.C (test for excess errors)
WARNING: g++.dg/ext/stmtexpr1.C compilation failed to produce executable
FAIL: g++.dg/opt/cfg3.C (test for excess errors)
FAIL: g++.old-deja/g++.eh/cleanup2.C (test for excess errors)
WARNING: g++.old-deja/g++.eh/cleanup2.C compilation failed to produce executable
XPASS: g++.old-deja/g++.jason/thunk3.C execution test
WARNING: g++.old-deja/g++.mike/p10769a.C compilation failed to produce executable
WARNING: g++.old-deja/g++.other/enum5.C compilation failed to produce executable
WARNING: g++.old-deja/g++.pt/friend44.C compilation failed to produce executable

		=== g++ Summary for sh-hms-sim/-m4/-ml ===

# of expected passes		9308
# of unexpected failures	3
# of unexpected successes	1
# of expected failures		61
# of unsupported tests		77

		=== g++ Summary ===

# of expected passes		18617
# of unexpected failures	5
# of unexpected successes	2
# of expected failures		122
# of unsupported tests		154
/swbuild/nightly/2004-01-19/sh-elf/gcc/testsuite/../g++ version 3.5.0 20040119 (experimental)

Host   is i686-pc-linux-gnu

		=== gcc tests ===


Running target sh-hms-sim
UNRESOLVED: gcc.c-torture/execute/20020720-1.c execution,  -O1 
UNRESOLVED: gcc.c-torture/execute/20020720-1.c execution,  -O2 
UNRESOLVED: gcc.c-torture/execute/20020720-1.c execution,  -O3 -fomit-frame-pointer 
UNRESOLVED: gcc.c-torture/execute/20020720-1.c execution,  -O3 -g 
UNRESOLVED: gcc.c-torture/execute/20020720-1.c execution,  -Os 
FAIL: gcc.dg/builtin-apply2.c execution test
FAIL: gcc.dg/builtins-18.c (test for excess errors)
FAIL: gcc.dg/builtins-20.c (test for excess errors)
XPASS: gcc.dg/uninit-4.c uninitialized variable warning (test for bogus messages, line 26)

		=== gcc Summary for sh-hms-sim ===

# of expected passes		24597
# of unexpected failures	3
# of unexpected successes	1
# of expected failures		73
# of unresolved testcases	5
# of untested testcases		7
# of unsupported tests		316

Running target sh-hms-sim/-m4/-ml
UNRESOLVED: gcc.c-torture/execute/20020720-1.c execution,  -O1 
UNRESOLVED: gcc.c-torture/execute/20020720-1.c execution,  -O2 
UNRESOLVED: gcc.c-torture/execute/20020720-1.c execution,  -O3 -fomit-frame-pointer 
UNRESOLVED: gcc.c-torture/execute/20020720-1.c execution,  -O3 -g 
UNRESOLVED: gcc.c-torture/execute/20020720-1.c execution,  -Os 
FAIL: gcc.c-torture/execute/921029-1.c execution,  -O3 -fomit-frame-pointer 
FAIL: gcc.c-torture/execute/921029-1.c execution,  -O3 -g 
FAIL: gcc.dg/compat/struct-by-value-19 c_compat_x_tst.o-c_compat_y_tst.o execute 
FAIL: gcc.dg/compat/struct-return-19 c_compat_x_tst.o-c_compat_y_tst.o execute 
FAIL: gcc.dg/builtins-20.c (test for excess errors)
XPASS: gcc.dg/uninit-4.c uninitialized variable warning (test for bogus messages, line 26)

		=== gcc Summary for sh-hms-sim/-m4/-ml ===

# of expected passes		24595
# of unexpected failures	5
# of unexpected successes	1
# of expected failures		73
# of unresolved testcases	5
# of untested testcases		7
# of unsupported tests		316

		=== gcc Summary ===

# of expected passes		49192
# of unexpected failures	8
# of unexpected successes	2
# of expected failures		146
# of unresolved testcases	10
# of untested testcases		14
# of unsupported tests		632
/swbuild/nightly/2004-01-19/sh-elf/gcc/xgcc version 3.5.0 20040119 (experimental)

Host   is i686-pc-linux-gnu

		=== objc tests ===


Running target sh-hms-sim

		=== objc Summary for sh-hms-sim ===

# of expected passes		1341
# of unsupported tests		8

Running target sh-hms-sim/-m4/-ml

		=== objc Summary for sh-hms-sim/-m4/-ml ===

# of expected passes		1341
# of unsupported tests		8

		=== objc Summary ===

# of expected passes		2682
# of unsupported tests		16
/swbuild/nightly/2004-01-19/sh-elf/gcc/xgcc version 3.5.0 20040119 (experimental)


Compiler version: 3.5.0 20040119 (experimental) 
Platform: sh-unknown-elf
configure flags: --target=sh-elf --with-headers --with-newlib,;t t



More information about the Gcc-testresults mailing list