Results for 3.3.3 20040119 (prerelease) testsuite on i686-pc-cygwin
Timothy C Prince
tprince@myrealbox.com
Tue Jan 20 00:55:00 GMT 2004
LAST_UPDATED: Obtained from CVS: -rgcc-ss-3_3-20040119
Native configuration is i686-pc-cygwin
=== g++ tests ===
Running target unix
FAIL: g++.dg/abi/bitfield3.C execution test
ERROR: g++.dg/abi/rtti1.C: error executing dg-final: couldn't execute "c++filt": no such file or directory
UNRESOLVED: g++.dg/abi/rtti1.C: error executing dg-final: couldn't execute "c++filt": no such file or directory
FAIL: g++.dg/ext/instantiate3.C scan-assembler-not
FAIL: g++.dg/opt/vt1.C scan-assembler-not section[^
FAIL: g++.dg/special/initp1.C execution test
FAIL: g++.eh/badalloc1.C Execution test
XPASS: g++.ext/attrib5.C Execution test
XPASS: g++.jason/template18.C Execution test
FAIL: g++.pt/instantiate6.C (test for excess errors)
FAIL: g++.pt/repo2.C (test for excess errors)
=== g++ Summary ===
# of expected passes 8202
# of unexpected failures 7
# of unexpected successes 2
# of expected failures 95
# of unresolved testcases 1
# of untested testcases 15
# of unsupported tests 4
/cygdrive/c/gnu/gcc-3.3-20031027/xp/gcc/testsuite/../g++ version 3.3.3 20040119 (prerelease)
=== g77 tests ===
Running target unix
=== g77 Summary ===
# of expected passes 1736
/cygdrive/c/gnu/gcc-3.3-20031027/xp/gcc/testsuite/../g77 version 3.3.3 20040119 (prerelease)
=== gcc tests ===
Running target unix
FAIL: gcc.c-torture/execute/20010904-1.c execution, -O0
FAIL: gcc.c-torture/execute/20010904-1.c execution, -O1
FAIL: gcc.c-torture/execute/20010904-1.c execution, -O2
FAIL: gcc.c-torture/execute/20010904-1.c execution, -O3 -fomit-frame-pointer
FAIL: gcc.c-torture/execute/20010904-1.c execution, -O3 -g
FAIL: gcc.c-torture/execute/20010904-1.c execution, -Os
FAIL: gcc.c-torture/execute/20010904-2.c execution, -O0
FAIL: gcc.c-torture/execute/20010904-2.c execution, -O1
FAIL: gcc.c-torture/execute/20010904-2.c execution, -O2
FAIL: gcc.c-torture/execute/20010904-2.c execution, -O3 -fomit-frame-pointer
FAIL: gcc.c-torture/execute/20010904-2.c execution, -O3 -g
FAIL: gcc.c-torture/execute/20010904-2.c execution, -Os
FAIL: gcc.dg/duff-2.c (test for excess errors)
FAIL: gcc.dg/i386-bitfield1.c execution test
=== gcc Summary ===
# of expected passes 21611
# of unexpected failures 14
# of expected failures 68
# of unsupported tests 106
/cygdrive/c/gnu/gcc-3.3-20031027/xp/gcc/xgcc version 3.3.3 20040119 (prerelease)
=== objc tests ===
Running target unix
=== objc Summary ===
# of expected passes 1166
/cygdrive/c/gnu/gcc-3.3-20031027/xp/gcc/xgcc version 3.3.3 20040119 (prerelease)
=== libjava tests ===
Running target unix
FAIL: linking calls
FAIL: linking cxxtest
FAIL: linking field
FAIL: linking final_method
FAIL: linking findclass
FAIL: linking invoke
FAIL: linking martin
FAIL: linking noclass
FAIL: linking overload
FAIL: linking register
FAIL: linking simple_int
FAIL: linking throwit
FAIL: linking virtual
FAIL: Divide_1 output - source compiled test
FAIL: Divide_1 output - bytecode->native test
FAIL: Divide_1 -O output - source compiled test
FAIL: Divide_1 -O output - bytecode->native test
FAIL: SyncTest execution - bytecode->native test
FAIL: SyncTest -O execution - bytecode->native test
FAIL: TLtest execution - source compiled test
FAIL: TLtest execution - bytecode->native test
FAIL: TLtest -O execution - source compiled test
=== libjava Summary ===
# of expected passes 2411
# of unexpected failures 22
# of expected failures 29
# of untested testcases 17
=== libstdc++-v3 tests ===
Running target unix
FAIL: 26_numerics/c99_classification_macros_c.cc (test for excess errors)
FAIL: 27_io/filebuf_members.cc execution test
FAIL: 27_io/filebuf_virtuals.cc execution test
FAIL: 27_io/istream_extractor_arith/12.cc execution test
=== libstdc++-v3 Summary ===
# of expected passes 426
# of unexpected failures 4
# of expected failures 17
Compiler version: 3.3.3 20040119 (prerelease)
Platform: i686-pc-cygwin
configure flags: --host=i686-pc-cygwin --enable-threads=posix --enable-sjlj-exceptions --enable-libgcj
Tim Prince
More information about the Gcc-testresults
mailing list