Results for 3.4.0 20040119 (prerelease) testsuite on i686-pc-linux-gnu

Andris Pavenis pavenis@latnet.lv
Mon Jan 19 22:54:00 GMT 2004


Last updated from CVS:  2004 Jan 19  20:00  +0200 

System:   Linux kernel 2.6.0
          glibc-2.3.2
          binutils-2.14.90.0.7 20031029

LAST_UPDATED: 
		=== acats tests ===
FAIL:	c34005a
FAIL:	c34005d
FAIL:	c34005g
FAIL:	c34005j
FAIL:	c940007
FAIL:	c954025
FAIL:	c99004a
FAIL:	cc3601a
FAIL:	cxb3010
FAIL:	cxb3014
FAIL:	cxb3015

		=== acats Summary ===
# of expected passes		2311
# of unexpected failures	11
Native configuration is i686-pc-linux-gnu

		=== g++ tests ===


Running target unix
FAIL: g++.old-deja/g++.eh/cleanup2.C (test for excess errors)
WARNING: g++.old-deja/g++.eh/cleanup2.C compilation failed to produce executable
WARNING: g++.old-deja/g++.mike/p10769a.C compilation failed to produce executable
WARNING: g++.old-deja/g++.other/enum5.C compilation failed to produce executable
WARNING: g++.old-deja/g++.pt/friend44.C compilation failed to produce executable

		=== g++ Summary ===

# of expected passes		9403
# of unexpected failures	1
# of expected failures		60
# of unsupported tests		30
/disk2/cvs/gcc/3.4/build/build.lnx/gcc/testsuite/../g++ version 3.4.0 20040119 (prerelease)

		=== g77 tests ===


Running target unix

		=== g77 Summary ===

# of expected passes		1800
/disk2/cvs/gcc/3.4/build/build.lnx/gcc/testsuite/../g77 version 3.4.0 20040119 (prerelease)

		=== gcc tests ===


Running target unix
FAIL: gcc.c-torture/execute/va-arg-25.c execution,  -Os 
FAIL: gcc.dg/i386-sse-6.c execution test

		=== gcc Summary ===

# of expected passes		24272
# of unexpected failures	2
# of expected failures		70
# of untested testcases		7
# of unsupported tests		170
/disk2/cvs/gcc/3.4/build/build.lnx/gcc/xgcc version 3.4.0 20040119 (prerelease)

		=== objc tests ===


Running target unix

		=== objc Summary ===

# of expected passes		1341
# of unsupported tests		8
/disk2/cvs/gcc/3.4/build/build.lnx/gcc/xgcc version 3.4.0 20040119 (prerelease)


		=== libstdc++-v3 check-abi Summary ===

# of added symbols:		 250
# of missing symbols:		 255
# of incompatible symbols:	 286
		=== libstdc++ tests ===


Running target unix
XPASS: 26_numerics/c99_classification_macros_c.cc (test for excess errors)

		=== libstdc++ Summary ===

# of expected passes		2510
# of unexpected successes	1
# of expected failures		11

Compiler version: 3.4.0 20040119 (prerelease) 
Platform: i686-pc-linux-gnu
configure flags: --prefix=/disk2/gcc34 --enable-shared --verbose --enable-languages=c,c++,f77,objc,ada --enable-threads=posix

Counting all warnings,
there are 21 warnings in stage3 of this bootstrap.

Number of warnings per file:
      5	/usr/share/bison/bison.simple
      3	insn-conditions.c
      3	gengtype-lex.c
      3	gcc/gcc.c
      2	gcc/objc/lang-specs.h
      2	gcc/f/sta.c
      1	gcc/config/i386/i386.md
      1	gcc/ada/tracebak.c
      1	gcc/ada/lang-specs.h

Number of warning types:
      9	string length `???' is greater than the length `???' ISO C89 compilers are required to support
      6	old-style parameter declaration
      2	label `???' defined but not used
      2	dereferencing type-punned pointer will break strict-aliasing rules
      1	operand 1 missing mode?
      1	comparison of unsigned expression < 0 is always false



More information about the Gcc-testresults mailing list