Results for 3.4.0 20040118 (prerelease) testsuite on i486-pc-linux-gnu

Matthias Klose doko@gluck.debian.org
Mon Jan 19 22:50:00 GMT 2004


LAST_UPDATED: Sun Jan 18 22:44:29 UTC 2004

		=== acats tests ===
FAIL:	c34005a
FAIL:	c34005d
FAIL:	c34005g
FAIL:	c34005j
FAIL:	cc3601a
FAIL:	cxb3010
FAIL:	cxb3014
FAIL:	cxb3015

		=== acats Summary ===
# of expected passes		2314
# of unexpected failures	8
Native configuration is i486-pc-linux-gnu

		=== g++ tests ===


Running target unix
FAIL: g++.old-deja/g++.eh/cleanup2.C (test for excess errors)
WARNING: g++.old-deja/g++.eh/cleanup2.C compilation failed to produce executable
WARNING: g++.old-deja/g++.mike/p10769a.C compilation failed to produce executable
WARNING: g++.old-deja/g++.other/enum5.C compilation failed to produce executable
XPASS: g++.old-deja/g++.other/init5.C execution test
WARNING: g++.old-deja/g++.pt/friend44.C compilation failed to produce executable

		=== g++ Summary ===

# of expected passes		9402
# of unexpected failures	1
# of unexpected successes	1
# of expected failures		59
# of unsupported tests		30
/home/packages/gcc/snap/gcc-snapshot-20040118/build/gcc/testsuite/../g++ version 3.4.0 20040118 (prerelease)

		=== g77 tests ===


Running target unix

		=== g77 Summary ===

# of expected passes		1788
# of unsupported tests		6
/home/packages/gcc/snap/gcc-snapshot-20040118/build/gcc/testsuite/../g77 version 3.4.0 20040118 (prerelease)

		=== gcc tests ===


Running target unix
FAIL: gcc.c-torture/compile/930621-1.c (test for excess errors)
FAIL: gcc.c-torture/compile/930621-1.c (test for excess errors)
FAIL: gcc.c-torture/compile/930621-1.c (test for excess errors)
FAIL: gcc.c-torture/compile/930621-1.c (test for excess errors)
FAIL: gcc.c-torture/execute/va-arg-25.c execution,  -Os 
FAIL: gcc.dg/const-elim-1.c scan-assembler-not L\\\$?C[^A-Z]

		=== gcc Summary ===

# of expected passes		24970
# of unexpected failures	6
# of expected failures		70
# of untested testcases		7
# of unsupported tests		170
/home/packages/gcc/snap/gcc-snapshot-20040118/build/gcc/xgcc version 3.4.0 20040118 (prerelease)

		=== objc tests ===


Running target unix

		=== objc Summary ===

# of expected passes		1341
# of unsupported tests		8
/home/packages/gcc/snap/gcc-snapshot-20040118/build/gcc/xgcc version 3.4.0 20040118 (prerelease)

		=== treelang tests ===


Running target unix
WARNING: /home/packages/gcc/snap/gcc-snapshot-20040118/src/gcc/testsuite/treelang/a01gcc.out01 doesn't exist
WARNING: /home/packages/gcc/snap/gcc-snapshot-20040118/src/gcc/testsuite/treelang/a01gcc.out01err doesn't exist
WARNING: /home/packages/gcc/snap/gcc-snapshot-20040118/src/gcc/testsuite/treelang/a01gcco01runpgmerr doesn't exist
UNRESOLVED: gcc 01 01 fail code=11. gcc 01 01 diff stdout failed rc=0

		=== treelang Summary ===

# of unresolved testcases	1
		=== libffi tests ===


Running target unix

		=== libffi Summary ===

# of expected passes		212
# of unsupported tests		2
		=== libjava tests ===


Running target unix
FAIL: linking simple
FAIL: SyncGlobal -O3 execution - bytecode->native test

		=== libjava Summary ===

# of expected passes		3258
# of unexpected failures	2
# of expected failures		11
# of untested testcases		9

		=== libstdc++-v3 check-abi Summary ===

# of added symbols:		 250
# of missing symbols:		 255
# of incompatible symbols:	 286

using: /home/packages/gcc/snap/gcc-snapshot-20040118/src/libstdc++-v3/config/abi/i486-linux-gnu/baseline_symbols.txt

		=== libstdc++ tests ===


Running target unix
WARNING: program timed out.
FAIL: 22_locale/ctype/is/char/2.cc (test for excess errors)
WARNING: 22_locale/ctype/is/char/2.cc compilation failed to produce executable
WARNING: program timed out.
FAIL: 22_locale/ctype/is/char/wrapped_env.cc (test for excess errors)
WARNING: 22_locale/ctype/is/char/wrapped_env.cc compilation failed to produce executable
WARNING: program timed out.
FAIL: 22_locale/ctype/is/char/wrapped_locale.cc (test for excess errors)
WARNING: 22_locale/ctype/is/char/wrapped_locale.cc compilation failed to produce executable
WARNING: program timed out.
FAIL: 22_locale/ctype/is/wchar_t/2.cc (test for excess errors)
WARNING: 22_locale/ctype/is/wchar_t/2.cc compilation failed to produce executable
WARNING: program timed out.
FAIL: 22_locale/ctype/is/wchar_t/wrapped_env.cc (test for excess errors)
WARNING: 22_locale/ctype/is/wchar_t/wrapped_env.cc compilation failed to produce executable
WARNING: program timed out.
FAIL: 22_locale/ctype/is/wchar_t/wrapped_locale.cc (test for excess errors)
WARNING: 22_locale/ctype/is/wchar_t/wrapped_locale.cc compilation failed to produce executable
WARNING: program timed out.
FAIL: 22_locale/ctype/scan/char/1.cc (test for excess errors)
WARNING: 22_locale/ctype/scan/char/1.cc compilation failed to produce executable
WARNING: program timed out.
FAIL: 22_locale/ctype/scan/char/wrapped_env.cc (test for excess errors)
WARNING: 22_locale/ctype/scan/char/wrapped_env.cc compilation failed to produce executable
WARNING: program timed out.
FAIL: 22_locale/ctype/scan/char/wrapped_locale.cc (test for excess errors)
WARNING: 22_locale/ctype/scan/char/wrapped_locale.cc compilation failed to produce executable
WARNING: program timed out.
FAIL: 22_locale/numpunct/members/pod/1.cc (test for excess errors)
WARNING: 22_locale/numpunct/members/pod/1.cc compilation failed to produce executable
WARNING: program timed out.
FAIL: 23_containers/bitset/invalidation/1.cc (test for excess errors)
WARNING: 23_containers/bitset/invalidation/1.cc compilation failed to produce executable
WARNING: program timed out.
FAIL: 23_containers/bitset/operations/1.cc (test for excess errors)
WARNING: 23_containers/bitset/operations/1.cc compilation failed to produce executable
WARNING: program timed out.
FAIL: 23_containers/bitset/operations/2.cc (test for excess errors)
WARNING: 23_containers/bitset/operations/2.cc compilation failed to produce executable
WARNING: program timed out.
FAIL: 23_containers/deque/cons/2.cc (test for excess errors)
WARNING: 23_containers/deque/cons/2.cc compilation failed to produce executable
WARNING: program timed out.
FAIL: 23_containers/deque/invalidation/1.cc (test for excess errors)
WARNING: 23_containers/deque/invalidation/1.cc compilation failed to produce executable
WARNING: program timed out.
FAIL: 23_containers/deque/invalidation/2.cc (test for excess errors)
WARNING: 23_containers/deque/invalidation/2.cc compilation failed to produce executable
WARNING: program timed out.
FAIL: 23_containers/deque/invalidation/3.cc (test for excess errors)
WARNING: 23_containers/deque/invalidation/3.cc compilation failed to produce executable
WARNING: program timed out.
FAIL: 23_containers/list/capacity/1.cc (test for excess errors)
WARNING: 23_containers/list/capacity/1.cc compilation failed to produce executable
WARNING: program timed out.
FAIL: 23_containers/list/cons/1.cc (test for excess errors)
WARNING: 23_containers/list/cons/1.cc compilation failed to produce executable
WARNING: program timed out.
FAIL: 23_containers/list/cons/2.cc (test for excess errors)
WARNING: 23_containers/list/cons/2.cc compilation failed to produce executable
WARNING: program timed out.
FAIL: 23_containers/list/cons/3.cc (test for excess errors)
WARNING: 23_containers/list/cons/3.cc compilation failed to produce executable
WARNING: program timed out.
FAIL: 23_containers/list/cons/4.cc (test for excess errors)
WARNING: 23_containers/list/cons/4.cc compilation failed to produce executable
WARNING: program timed out.
FAIL: 23_containers/list/cons/5.cc (test for excess errors)
WARNING: 23_containers/list/cons/5.cc compilation failed to produce executable
WARNING: program timed out.
FAIL: 23_containers/list/cons/6.cc (test for excess errors)
WARNING: 23_containers/list/cons/6.cc compilation failed to produce executable
WARNING: program timed out.
FAIL: 23_containers/list/cons/7.cc (test for excess errors)
WARNING: 23_containers/list/cons/7.cc compilation failed to produce executable
WARNING: program timed out.
FAIL: 23_containers/list/cons/8.cc (test for excess errors)
WARNING: 23_containers/list/cons/8.cc compilation failed to produce executable
WARNING: program timed out.
FAIL: 23_containers/list/cons/9.cc (test for excess errors)
WARNING: 23_containers/list/cons/9.cc compilation failed to produce executable
WARNING: program timed out.
FAIL: 23_containers/list/invalidation/4.cc (test for excess errors)
WARNING: 23_containers/list/invalidation/4.cc compilation failed to produce executable
WARNING: program timed out.
FAIL: 23_containers/list/modifiers/1.cc (test for excess errors)
WARNING: 23_containers/list/modifiers/1.cc compilation failed to produce executable
WARNING: program timed out.
FAIL: 23_containers/list/modifiers/2.cc (test for excess errors)
WARNING: 23_containers/list/modifiers/2.cc compilation failed to produce executable
WARNING: program timed out.
FAIL: 23_containers/list/modifiers/3.cc (test for excess errors)
WARNING: 23_containers/list/modifiers/3.cc compilation failed to produce executable
WARNING: program timed out.
FAIL: 23_containers/list/operators/1.cc (test for excess errors)
WARNING: 23_containers/list/operators/1.cc compilation failed to produce executable
WARNING: program timed out.
FAIL: 23_containers/list/operators/2.cc (test for excess errors)
WARNING: 23_containers/list/operators/2.cc compilation failed to produce executable
WARNING: program timed out.
FAIL: 23_containers/list/operators/3.cc (test for excess errors)
WARNING: 23_containers/list/operators/3.cc compilation failed to produce executable
WARNING: program timed out.
FAIL: 23_containers/list/operators/4.cc (test for excess errors)
WARNING: 23_containers/list/operators/4.cc compilation failed to produce executable
WARNING: program timed out.
FAIL: 23_containers/map/invalidation/1.cc (test for excess errors)
WARNING: 23_containers/map/invalidation/1.cc compilation failed to produce executable
WARNING: program timed out.
FAIL: 23_containers/vector/cons/3.cc (test for excess errors)
WARNING: 23_containers/vector/cons/3.cc compilation failed to produce executable
WARNING: program timed out.
FAIL: 23_containers/vector/cons/4.cc (test for excess errors)
WARNING: 23_containers/vector/cons/4.cc compilation failed to produce executable
WARNING: program timed out.
FAIL: 23_containers/vector/invalidation/1.cc (test for excess errors)
WARNING: 23_containers/vector/invalidation/1.cc compilation failed to produce executable
WARNING: program timed out.
FAIL: 23_containers/vector/invalidation/2.cc (test for excess errors)
WARNING: 23_containers/vector/invalidation/2.cc compilation failed to produce executable
WARNING: program timed out.
FAIL: 23_containers/vector/modifiers/2.cc (test for excess errors)
WARNING: 23_containers/vector/modifiers/2.cc compilation failed to produce executable
WARNING: program timed out.
FAIL: 25_algorithms/copy.cc (test for excess errors)
WARNING: 25_algorithms/copy.cc compilation failed to produce executable
WARNING: program timed out.
FAIL: 25_algorithms/heap.cc (test for excess errors)
WARNING: 25_algorithms/heap.cc compilation failed to produce executable
WARNING: program timed out.
FAIL: 25_algorithms/partition.cc (test for excess errors)
WARNING: 25_algorithms/partition.cc compilation failed to produce executable
WARNING: program timed out.
FAIL: 25_algorithms/rotate.cc (test for excess errors)
WARNING: 25_algorithms/rotate.cc compilation failed to produce executable
WARNING: program timed out.
FAIL: 25_algorithms/sort.cc (test for excess errors)
WARNING: 25_algorithms/sort.cc compilation failed to produce executable
WARNING: program timed out.
FAIL: 25_algorithms/unique/2.cc (test for excess errors)
WARNING: 25_algorithms/unique/2.cc compilation failed to produce executable
XPASS: 26_numerics/c99_classification_macros_c.cc (test for excess errors)
WARNING: program timed out.
FAIL: 26_numerics/sum_diff.cc (test for excess errors)
WARNING: 26_numerics/sum_diff.cc compilation failed to produce executable

		=== libstdc++ Summary ===

# of expected passes		2414
# of unexpected failures	48
# of unexpected successes	1
# of expected failures		11

Compiler version: 3.4.0 20040118 (prerelease) 
Platform: i486-pc-linux-gnu
configure flags: -v --enable-languages=c,c++,java,f77,objc,ada,treelang --prefix=/usr/lib/gcc-snapshot --enable-shared --with-system-zlib --enable-nls --without-included-gettext --enable-__cxa_atexit --enable-clocale=gnu --enable-libstdcxx-debug --enable-java-gc=boehm --enable-java-awt=xlib,gtk --with-cpp-install-dir=bin --disable-werror i486-linux
BOOT_CFLAGS=-O2 


Build Dependencies:
Desired=Unknown/Install/Remove/Purge/Hold
| Status=Not/Installed/Config-files/Unpacked/Failed-config/Half-installed
|/ Err?=(none)/Hold/Reinst-required/X=both-problems (Status,Err: uppercase=bad)
||/ Name           Version        Description
+++-==============-==============-============================================
ii  binutils       2.14.90.0.7-3  The GNU assembler, linker and binary utiliti
ii  libc6-dev      2.3.2.ds1-10   GNU C Library: Development Libraries and Hea


Patches that Debian applied in this version:

test-summary:
  add libstdc++-v3's abi baseline to the test summary

amd64-specs:
  Use 64bits mode assembly except with -m32

libjava-soversion:
  Bump libgcj soversion number to 5.



More information about the Gcc-testresults mailing list