Results for 3.4.0 20040118 (prerelease) testsuite on alpha-unknown-linux-gnu
Richard Henderson
rth@dorothy.sfbay.redhat.com
Mon Jan 19 19:34:00 GMT 2004
LAST_UPDATED: Sun Jan 18 22:13:35 UTC 2004
Native configuration is alpha-unknown-linux-gnu
=== libffi tests ===
Running target unix
=== libffi Summary ===
# of expected passes 212
# of unsupported tests 2
=== libjava tests ===
Running target unix
FAIL: linking simple
WARNING: program timed out.
FAIL: cxxtest run
FAIL: initexc execution - gij test
FAIL: initexc execution - gij test
=== libjava Summary ===
# of expected passes 3255
# of unexpected failures 4
# of expected failures 11
# of untested testcases 11
=== libstdc++ tests ===
Running target unix
FAIL: 22_locale/codecvt/encoding/wchar_t/wrapped_locale.cc execution test
FAIL: 22_locale/codecvt/in/wchar_t/9.cc execution test
FAIL: 22_locale/codecvt/max_length/wchar_t/wrapped_locale.cc execution test
FAIL: 22_locale/collate/transform/char/2.cc execution test
FAIL: 22_locale/collate/transform/char/3.cc execution test
FAIL: 22_locale/collate/transform/char/wrapped_env.cc execution test
FAIL: 22_locale/collate/transform/char/wrapped_locale.cc execution test
FAIL: 22_locale/collate/transform/wchar_t/3.cc execution test
FAIL: 22_locale/collate_byname/named_equivalence.cc execution test
FAIL: 22_locale/ctype/widen/wchar_t/2.cc execution test
FAIL: 22_locale/locale/cons/12438.cc execution test
FAIL: 22_locale/time_get/get_year/wchar_t/3.cc execution test
FAIL: 22_locale/time_get/get_year/wchar_t/wrapped_env.cc execution test
FAIL: 22_locale/time_get/get_year/wchar_t/wrapped_locale.cc execution test
FAIL: 26_numerics/fabs_inline.cc (test for excess errors)
WARNING: 26_numerics/fabs_inline.cc compilation failed to produce executable
FAIL: 27_io/basic_filebuf/imbue/wchar_t/12868.cc execution test
FAIL: 27_io/basic_filebuf/overflow/wchar_t/11305-1.cc execution test
FAIL: 27_io/basic_filebuf/overflow/wchar_t/11305-2.cc execution test
FAIL: 27_io/basic_filebuf/overflow/wchar_t/11305-3.cc execution test
FAIL: 27_io/basic_filebuf/overflow/wchar_t/11305-4.cc execution test
FAIL: 27_io/basic_filebuf/underflow/wchar_t/9520.cc execution test
=== libstdc++ Summary ===
# of expected passes 2488
# of unexpected failures 21
# of expected failures 12
=== g++ tests ===
Running target unix
FAIL: g++.old-deja/g++.eh/cleanup2.C (test for excess errors)
WARNING: g++.old-deja/g++.eh/cleanup2.C compilation failed to produce executable
WARNING: g++.old-deja/g++.mike/p10769a.C compilation failed to produce executable
WARNING: g++.old-deja/g++.other/enum5.C compilation failed to produce executable
WARNING: g++.old-deja/g++.pt/friend44.C compilation failed to produce executable
=== g++ Summary ===
# of expected passes 9329
# of unexpected failures 1
# of expected failures 60
# of unsupported tests 68
/dorothy/rth/gcc/build/axp-ev4/gcc/testsuite/../g++ version 3.4.0 20040118 (prerelease)
=== g77 tests ===
Running target unix
=== g77 Summary ===
# of expected passes 1788
# of unsupported tests 6
/dorothy/rth/gcc/build/axp-ev4/gcc/testsuite/../g77 version 3.4.0 20040118 (prerelease)
=== gcc tests ===
Running target unix
=== gcc Summary ===
# of expected passes 24676
# of expected failures 79
# of untested testcases 7
# of unsupported tests 283
/dorothy/rth/gcc/build/axp-ev4/gcc/xgcc version 3.4.0 20040118 (prerelease)
=== objc tests ===
Running target unix
FAIL: objc.dg/call-super-2.m (test for excess errors)
FAIL: objc.dg/desig-init-1.m (test for excess errors)
FAIL: objc.dg/encode-2.m execution test
FAIL: objc.dg/encode-3.m execution test
FAIL: objc.dg/proto-qual-1.m execution test
=== objc Summary ===
# of expected passes 1336
# of unexpected failures 5
# of unsupported tests 8
/dorothy/rth/gcc/build/axp-ev4/gcc/xgcc version 3.4.0 20040118 (prerelease)
Compiler version: 3.4.0 20040118 (prerelease)
Platform: alpha-unknown-linux-gnu
configure flags: --prefix=/dorothy/H-alpha-linux-gnu --enable-threads alpha-unknown-linux-gnu
More information about the Gcc-testresults
mailing list