Results for 3.5.0 20040118 (experimental) testsuite on i686-pc-linux-gnu
Andrew Pinski
pinskia@physics.uc.edu
Sun Jan 18 15:03:00 GMT 2004
LAST_UPDATED: Sun Jan 18 05:02:36 UTC 2004
Native configuration is i686-pc-linux-gnu
=== g++ tests ===
Running target unix
FAIL: g++.old-deja/g++.eh/cleanup2.C (test for excess errors)
WARNING: g++.old-deja/g++.eh/cleanup2.C compilation failed to produce executable
WARNING: g++.old-deja/g++.mike/p10769a.C compilation failed to produce executable
WARNING: g++.old-deja/g++.other/enum5.C compilation failed to produce executable
XPASS: g++.old-deja/g++.other/init5.C execution test
WARNING: g++.old-deja/g++.pt/friend44.C compilation failed to produce executable
=== g++ Summary ===
# of expected passes 9402
# of unexpected failures 1
# of unexpected successes 1
# of expected failures 59
# of unsupported tests 30
/home/gates/pinskia/src/gnu/gcc/src/objdir.linux/gcc/testsuite/../g++ version 3.5.0 20040118 (experimental)
=== g77 tests ===
Running target unix
=== g77 Summary ===
# of expected passes 1800
/home/gates/pinskia/src/gnu/gcc/src/objdir.linux/gcc/testsuite/../g77 version 3.5.0 20040118 (experimental)
=== gcc tests ===
Running target unix
FAIL: gcc.c-torture/compile/20031031-1.c (test for excess errors)
FAIL: gcc.c-torture/compile/20031031-1.c (test for excess errors)
FAIL: gcc.c-torture/compile/20031031-1.c (test for excess errors)
FAIL: gcc.c-torture/execute/20011219-1.c compilation, -O2
UNRESOLVED: gcc.c-torture/execute/20011219-1.c execution, -O2
FAIL: gcc.c-torture/execute/20011219-1.c compilation, -O3 -g
UNRESOLVED: gcc.c-torture/execute/20011219-1.c execution, -O3 -g
FAIL: gcc.c-torture/execute/va-arg-25.c execution, -Os
FAIL: gcc.dg/20030309-1.c (test for excess errors)
=== gcc Summary ===
# of expected passes 24995
# of unexpected failures 7
# of expected failures 70
# of unresolved testcases 2
# of untested testcases 7
# of unsupported tests 170
/home/gates/pinskia/src/gnu/gcc/src/objdir.linux/gcc/xgcc version 3.5.0 20040118 (experimental)
=== objc tests ===
Running target unix
=== objc Summary ===
# of expected passes 1341
# of unsupported tests 8
/home/gates/pinskia/src/gnu/gcc/src/objdir.linux/gcc/xgcc version 3.5.0 20040118 (experimental)
=== libffi tests ===
Running target unix
=== libffi Summary ===
# of expected passes 212
# of unsupported tests 2
=== libjava tests ===
Running target unix
FAIL: linking simple
=== libjava Summary ===
# of expected passes 3260
# of unexpected failures 1
# of expected failures 11
# of untested testcases 8
=== libstdc++-v3 check-abi Summary ===
# of added symbols: 291
# of missing symbols: 289
# of incompatible symbols: 320
=== libstdc++ tests ===
Running target unix
FAIL: 22_locale/time_put/put/char/wrapped_locale.cc execution test
XPASS: 26_numerics/c99_classification_macros_c.cc (test for excess errors)
=== libstdc++ Summary ===
# of expected passes 2505
# of unexpected failures 1
# of unexpected successes 1
# of expected failures 11
Compiler version: 3.5.0 20040118 (experimental)
Platform: i686-pc-linux-gnu
configure flags: --target=i686-pc-linux-gnu --host=i686-pc-linux-gnu --enable-__cxa_atexit --enable-languages=java,objc,f77 --prefix=/home/gates/pinskia/linux --enable-threads=posix --enable-shared
More information about the Gcc-testresults
mailing list