Results for 3.4.0 20040116 (experimental) testsuite on i686-pc-linux-gnu

Diego Novillo dnovillo@toribio.toronto.redhat.com
Sat Jan 17 04:49:00 GMT 2004


LAST_UPDATED: 
Native configuration is i686-pc-linux-gnu

		=== g++ tests ===


Running target unix
FAIL: g++.old-deja/g++.eh/cleanup2.C (test for excess errors)
WARNING: g++.old-deja/g++.eh/cleanup2.C compilation failed to produce executable
WARNING: g++.old-deja/g++.mike/p10769a.C compilation failed to produce executable
WARNING: g++.old-deja/g++.other/enum5.C compilation failed to produce executable
WARNING: g++.old-deja/g++.pt/friend44.C compilation failed to produce executable

		=== g++ Summary ===

# of expected passes		9400
# of unexpected failures	1
# of expected failures		60
# of unsupported tests		30
/notnfs/dnovillo/sbox/gcc/bld.toribio/gcc/testsuite/../g++ version 3.4.0 20040116 (experimental)

		=== g77 tests ===


Running target unix

		=== g77 Summary ===

# of expected passes		1800
/notnfs/dnovillo/sbox/gcc/bld.toribio/gcc/testsuite/../g77 version 3.4.0 20040116 (experimental)

		=== gcc tests ===


Running target unix
FAIL: gcc.c-torture/execute/va-arg-25.c execution,  -Os 
WARNING: program timed out.
FAIL: gcc.dg/20021116-1.c (test for excess errors)
FAIL: gcc.dg/i386-sse-6.c execution test

		=== gcc Summary ===

# of expected passes		24271
# of unexpected failures	3
# of expected failures		70
# of untested testcases		7
# of unsupported tests		170
/notnfs/dnovillo/sbox/gcc/bld.toribio/gcc/xgcc version 3.4.0 20040116 (experimental)

		=== objc tests ===


Running target unix

		=== objc Summary ===

# of expected passes		1339
# of unsupported tests		7
/notnfs/dnovillo/sbox/gcc/bld.toribio/gcc/xgcc version 3.4.0 20040116 (experimental)

		=== libffi tests ===


Running target unix

		=== libffi Summary ===

# of expected passes		212
# of unsupported tests		2
		=== libjava tests ===


Running target unix
FAIL: linking simple

		=== libjava Summary ===

# of expected passes		3260
# of unexpected failures	1
# of expected failures		11
# of untested testcases		8

		=== libstdc++-v3 check-abi Summary ===

# of added symbols:		 248
# of missing symbols:		 255
# of incompatible symbols:	 286
		=== libstdc++ tests ===


Running target unix
XPASS: 26_numerics/c99_classification_macros_c.cc (test for excess errors)

		=== libstdc++ Summary ===

# of expected passes		2506
# of unexpected successes	1
# of expected failures		11

Compiler version: 3.4.0 20040116 (experimental) 
Platform: i686-pc-linux-gnu
configure flags: --prefix=/home/cygnus/dnovillo/perf/sbox/gcc/local.i686/inst.toribio --srcdir=/home/cygnus/dnovillo/perf/sbox/gcc/local.i686/src --disable-multilib --disable-checking



More information about the Gcc-testresults mailing list