Results for 3.5.0 20040113 (integration) testsuite on sh-unknown-elf

Joern Rennecke joern.rennecke@superh.com
Wed Jan 14 20:52:00 GMT 2004


LAST_UPDATED: 
Target is sh-unknown-elf
Host   is i686-pc-linux-gnu

		=== gcc tests ===


Running target sh-hms-sim
UNRESOLVED: gcc.c-torture/execute/20020720-1.c execution,  -O1 
UNRESOLVED: gcc.c-torture/execute/20020720-1.c execution,  -O2 
UNRESOLVED: gcc.c-torture/execute/20020720-1.c execution,  -O3 -fomit-frame-pointer 
UNRESOLVED: gcc.c-torture/execute/20020720-1.c execution,  -O3 -g 
UNRESOLVED: gcc.c-torture/execute/20020720-1.c execution,  -Os 
FAIL: gcc.dg/builtin-apply2.c execution test
FAIL: gcc.dg/c90-intconst-1.c (test for excess errors)
FAIL: gcc.dg/c99-intconst-1.c (test for excess errors)
XPASS: gcc.dg/uninit-4.c uninitialized variable warning (test for bogus messages, line 26)

		=== gcc Summary for sh-hms-sim ===

# of expected passes		23862
# of unexpected failures	3
# of unexpected successes	1
# of expected failures		73
# of unresolved testcases	5
# of untested testcases		7
# of unsupported tests		314

Running target sh-hms-sim/-m4/-ml
UNRESOLVED: gcc.c-torture/execute/20020720-1.c execution,  -O1 
UNRESOLVED: gcc.c-torture/execute/20020720-1.c execution,  -O2 
UNRESOLVED: gcc.c-torture/execute/20020720-1.c execution,  -O3 -fomit-frame-pointer 
UNRESOLVED: gcc.c-torture/execute/20020720-1.c execution,  -O3 -g 
UNRESOLVED: gcc.c-torture/execute/20020720-1.c execution,  -Os 
FAIL: gcc.c-torture/execute/921029-1.c execution,  -O3 -fomit-frame-pointer 
FAIL: gcc.c-torture/execute/921029-1.c execution,  -O3 -g 
FAIL: gcc.dg/compat/struct-by-value-19 c_compat_x_tst.o-c_compat_y_tst.o execute 
FAIL: gcc.dg/compat/struct-return-19 c_compat_x_tst.o-c_compat_y_tst.o execute 
FAIL: gcc.dg/c90-intconst-1.c (test for excess errors)
FAIL: gcc.dg/c99-intconst-1.c (test for excess errors)
XPASS: gcc.dg/uninit-4.c uninitialized variable warning (test for bogus messages, line 26)

		=== gcc Summary for sh-hms-sim/-m4/-ml ===

# of expected passes		23859
# of unexpected failures	6
# of unexpected successes	1
# of expected failures		73
# of unresolved testcases	5
# of untested testcases		7
# of unsupported tests		314

		=== gcc Summary ===

# of expected passes		47721
# of unexpected failures	9
# of unexpected successes	2
# of expected failures		146
# of unresolved testcases	10
# of untested testcases		14
# of unsupported tests		628
/swbuild/3.5-int/sh-elf/gcc/xgcc version 3.5.0 20040113 (integration)

Host   is i686-pc-linux-gnu

		=== g++ tests ===


Running target sh-hms-sim
FAIL: g++.dg/abi/bitfield4.C (test for excess errors)
WARNING: g++.dg/abi/bitfield4.C compilation failed to produce executable
FAIL: g++.dg/ext/stmtexpr1.C (test for excess errors)
WARNING: g++.dg/ext/stmtexpr1.C compilation failed to produce executable
FAIL: g++.dg/init/enum2.C (test for excess errors)
FAIL: g++.old-deja/g++.benjamin/bool01.C (test for excess errors)
WARNING: g++.old-deja/g++.benjamin/bool01.C compilation failed to produce executable
FAIL: g++.old-deja/g++.benjamin/p12475.C (test for excess errors)
FAIL: g++.old-deja/g++.eh/cleanup2.C (test for excess errors)
WARNING: g++.old-deja/g++.eh/cleanup2.C compilation failed to produce executable
FAIL: g++.old-deja/g++.jason/rfg10.C (test for excess errors)
XPASS: g++.old-deja/g++.jason/thunk3.C execution test
WARNING: g++.old-deja/g++.mike/p10769a.C compilation failed to produce executable
WARNING: g++.old-deja/g++.other/enum5.C compilation failed to produce executable
WARNING: g++.old-deja/g++.pt/friend44.C compilation failed to produce executable

		=== g++ Summary for sh-hms-sim ===

# of expected passes		9263
# of unexpected failures	7
# of unexpected successes	1
# of expected failures		57
# of unsupported tests		77

Running target sh-hms-sim/-m4/-ml
FAIL: g++.dg/abi/bitfield4.C (test for excess errors)
WARNING: g++.dg/abi/bitfield4.C compilation failed to produce executable
FAIL: g++.dg/ext/stmtexpr1.C (test for excess errors)
WARNING: g++.dg/ext/stmtexpr1.C compilation failed to produce executable
FAIL: g++.dg/init/enum2.C (test for excess errors)
FAIL: g++.dg/opt/cfg3.C (test for excess errors)
FAIL: g++.old-deja/g++.benjamin/bool01.C (test for excess errors)
WARNING: g++.old-deja/g++.benjamin/bool01.C compilation failed to produce executable
FAIL: g++.old-deja/g++.benjamin/p12475.C (test for excess errors)
FAIL: g++.old-deja/g++.eh/cleanup2.C (test for excess errors)
WARNING: g++.old-deja/g++.eh/cleanup2.C compilation failed to produce executable
FAIL: g++.old-deja/g++.jason/rfg10.C (test for excess errors)
XPASS: g++.old-deja/g++.jason/thunk3.C execution test
WARNING: g++.old-deja/g++.mike/p10769a.C compilation failed to produce executable
WARNING: g++.old-deja/g++.other/enum5.C compilation failed to produce executable
WARNING: g++.old-deja/g++.pt/friend44.C compilation failed to produce executable

		=== g++ Summary for sh-hms-sim/-m4/-ml ===

# of expected passes		9262
# of unexpected failures	8
# of unexpected successes	1
# of expected failures		57
# of unsupported tests		77

		=== g++ Summary ===

# of expected passes		18525
# of unexpected failures	15
# of unexpected successes	2
# of expected failures		114
# of unsupported tests		154
/swbuild/3.5-int/sh-elf/gcc/testsuite/../g++ version 3.5.0 20040113 (integration)

Host   is i686-pc-linux-gnu

		=== objc tests ===


Running target sh-hms-sim
FAIL: objc.dg/bitfield-3.m (test for excess errors)

		=== objc Summary for sh-hms-sim ===

# of expected passes		1338
# of unexpected failures	1
# of unsupported tests		7

Running target sh-hms-sim/-m4/-ml
FAIL: objc.dg/bitfield-3.m (test for excess errors)

		=== objc Summary for sh-hms-sim/-m4/-ml ===

# of expected passes		1338
# of unexpected failures	1
# of unsupported tests		7

		=== objc Summary ===

# of expected passes		2676
# of unexpected failures	2
# of unsupported tests		14
/swbuild/3.5-int/sh-elf/gcc/xgcc version 3.5.0 20040113 (integration)


Compiler version: 3.5.0 20040113 (integration) 
Platform: sh-unknown-elf
configure flags: --target=sh-elf --with-headers --with-newlib,;t t



More information about the Gcc-testresults mailing list