Results for 3.4.0 20040113 (experimental) testsuite on ia64-suse-linux-gnu

Andreas Schwab schwab@suse.de
Tue Jan 13 15:33:00 GMT 2004


LAST_UPDATED: Tue Jan 13 09:14:30 UTC 2004

		=== acats tests ===
FAIL:	ad8011a
FAIL:	c380004
FAIL:	c64108a
FAIL:	c91004b
FAIL:	c940010
FAIL:	c95022b
FAIL:	c95072a
FAIL:	c95072b
FAIL:	c954017
FAIL:	c960001
FAIL:	c974004
FAIL:	c974009
FAIL:	c9a009a
FAIL:	c9a009c
FAIL:	c9a009h
FAIL:	c9a010a
FAIL:	c9a011a
FAIL:	cb1010a
FAIL:	cb20001
FAIL:	cb20004
FAIL:	cb41002
FAIL:	cb5001a
FAIL:	cb5001b
FAIL:	cb5002a
FAIL:	cd2a83c
FAIL:	cd2a91c
FAIL:	cxg2002
FAIL:	cxg2003
FAIL:	cxg2004
FAIL:	cxg2006
FAIL:	cxg2007
FAIL:	cxg2010
FAIL:	cxg2011
FAIL:	cxg2012
FAIL:	cxg2013
FAIL:	cxg2014
FAIL:	cxg2015
FAIL:	cxg2016
FAIL:	cxg2017
FAIL:	cxg2018
FAIL:	cxg2019
FAIL:	cxg2020
FAIL:	cxg2021

		=== acats Summary ===
# of expected passes		2279
# of unexpected failures	43
Native configuration is ia64-suse-linux-gnu

		=== g++ tests ===


Running target unix
FAIL: g++.dg/ext/stmtexpr1.C (test for excess errors)
WARNING: g++.dg/ext/stmtexpr1.C compilation failed to produce executable
WARNING: g++.old-deja/g++.mike/p10769a.C compilation failed to produce executable
WARNING: g++.old-deja/g++.other/enum5.C compilation failed to produce executable
WARNING: g++.old-deja/g++.pt/friend44.C compilation failed to produce executable

		=== g++ Summary ===

# of expected passes		9003
# of unexpected failures	1
# of expected failures		56
# of unsupported tests		68
/tmp/cvs/gcc-20040113/Build/gcc/testsuite/../g++ version 3.4.0 20040113 (experimental)

		=== g77 tests ===


Running target unix

		=== g77 Summary ===

# of expected passes		1788
# of unsupported tests		6
/tmp/cvs/gcc-20040113/Build/gcc/testsuite/../g77 version 3.4.0 20040113 (experimental)

		=== gcc tests ===


Running target unix
FAIL: gcc.c-torture/execute/20030928-1.c compilation,  -O1 
UNRESOLVED: gcc.c-torture/execute/20030928-1.c execution,  -O1 
FAIL: gcc.c-torture/execute/20030928-1.c compilation,  -O2 
UNRESOLVED: gcc.c-torture/execute/20030928-1.c execution,  -O2 
FAIL: gcc.c-torture/execute/20030928-1.c compilation,  -O3 -fomit-frame-pointer 
UNRESOLVED: gcc.c-torture/execute/20030928-1.c execution,  -O3 -fomit-frame-pointer 
FAIL: gcc.c-torture/execute/20030928-1.c compilation,  -O3 -fomit-frame-pointer -funroll-loops 
UNRESOLVED: gcc.c-torture/execute/20030928-1.c execution,  -O3 -fomit-frame-pointer -funroll-loops 
FAIL: gcc.c-torture/execute/20030928-1.c compilation,  -O3 -fomit-frame-pointer -funroll-all-loops -finline-functions 
UNRESOLVED: gcc.c-torture/execute/20030928-1.c execution,  -O3 -fomit-frame-pointer -funroll-all-loops -finline-functions 
FAIL: gcc.c-torture/execute/20030928-1.c compilation,  -O3 -g 
UNRESOLVED: gcc.c-torture/execute/20030928-1.c execution,  -O3 -g 
FAIL: gcc.c-torture/execute/20030928-1.c compilation,  -Os 
UNRESOLVED: gcc.c-torture/execute/20030928-1.c execution,  -Os 
XPASS: gcc.c-torture/execute/990208-1.c execution,  -O3 -fomit-frame-pointer 
XPASS: gcc.c-torture/execute/990208-1.c execution,  -O3 -g 
FAIL: gcc.dg/compat/scalar-by-value-3 c_compat_x_tst.o compile
UNRESOLVED: gcc.dg/compat/scalar-by-value-3 c_compat_x_tst.o-c_compat_y_tst.o link 
UNRESOLVED: gcc.dg/compat/scalar-by-value-3 c_compat_x_tst.o-c_compat_y_tst.o execute 
FAIL: gcc.dg/compat/scalar-by-value-4 c_compat_x_tst.o-c_compat_y_tst.o execute 
FAIL: gcc.dg/compat/scalar-return-3 c_compat_x_tst.o compile
UNRESOLVED: gcc.dg/compat/scalar-return-3 c_compat_x_tst.o-c_compat_y_tst.o link 
UNRESOLVED: gcc.dg/compat/scalar-return-3 c_compat_x_tst.o-c_compat_y_tst.o execute 
FAIL: gcc.dg/compat/struct-by-value-16 c_compat_x_tst.o-c_compat_y_tst.o execute 
FAIL: gcc.dg/compat/struct-by-value-18 c_compat_x_tst.o compile
UNRESOLVED: gcc.dg/compat/struct-by-value-18 c_compat_x_tst.o-c_compat_y_tst.o link 
UNRESOLVED: gcc.dg/compat/struct-by-value-18 c_compat_x_tst.o-c_compat_y_tst.o execute 
FAIL: gcc.dg/compat/struct-by-value-7 c_compat_x_tst.o-c_compat_y_tst.o execute 
FAIL: gcc.dg/20031202-1.c execution test

		=== gcc Summary ===

# of expected passes		23579
# of unexpected failures	14
# of unexpected successes	2
# of expected failures		75
# of unresolved testcases	13
# of untested testcases		7
# of unsupported tests		279
/tmp/cvs/gcc-20040113/Build/gcc/xgcc version 3.4.0 20040113 (experimental)

		=== objc tests ===


Running target unix
FAIL: objc.dg/call-super-2.m (test for excess errors)
FAIL: objc.dg/desig-init-1.m (test for excess errors)
FAIL: objc.dg/encode-2.m execution test
FAIL: objc.dg/encode-3.m execution test
FAIL: objc.dg/proto-qual-1.m execution test

		=== objc Summary ===

# of expected passes		1334
# of unexpected failures	5
# of unsupported tests		7
/tmp/cvs/gcc-20040113/Build/gcc/xgcc version 3.4.0 20040113 (experimental)

		=== libffi tests ===


Running target unix
FAIL: libffi.call/closure_fn0.c output pattern test, is 1 2 3 4 127 429 7 8 448693 10 11 0 13 19 21 1 3: 449352
FAIL: libffi.call/closure_fn1.c output pattern test, is 1 2 3 4 127 5 6 8 0 10 11 0 13 19 21 1 3: 234
FAIL: libffi.call/closure_fn2.c output pattern test, is 1 2 3 4 127 5 6 8 0 10 11 0 13 0 21 1 3: 215
FAIL: libffi.call/closure_fn3.c output pattern test, is 1 2 3 4 5 6 7 8 9 10 0 0 13 0 0 1 3: 72
FAIL: libffi.call/cls_12byte.c execution test
FAIL: libffi.call/cls_16byte.c execution test
FAIL: libffi.call/cls_18byte.c execution test
FAIL: libffi.call/cls_19byte.c execution test
FAIL: libffi.call/cls_1_1byte.c execution test
FAIL: libffi.call/cls_20byte.c execution test
FAIL: libffi.call/cls_20byte1.c execution test
FAIL: libffi.call/cls_24byte.c execution test
FAIL: libffi.call/cls_2byte.c execution test
FAIL: libffi.call/cls_3_1byte.c execution test
FAIL: libffi.call/cls_3byte1.c execution test
FAIL: libffi.call/cls_3byte2.c execution test
FAIL: libffi.call/cls_4_1byte.c execution test
FAIL: libffi.call/cls_4byte.c execution test
FAIL: libffi.call/cls_5byte.c execution test
FAIL: libffi.call/cls_64byte.c execution test
FAIL: libffi.call/cls_6byte.c execution test
FAIL: libffi.call/cls_7byte.c execution test
FAIL: libffi.call/cls_8byte.c execution test
FAIL: libffi.call/cls_9byte1.c execution test
FAIL: libffi.call/cls_9byte2.c execution test
FAIL: libffi.call/cls_align_double.c execution test
FAIL: libffi.call/cls_align_float.c execution test
FAIL: libffi.call/cls_align_longdouble.c execution test
FAIL: libffi.call/cls_align_pointer.c execution test
FAIL: libffi.call/cls_align_sint16.c execution test
FAIL: libffi.call/cls_align_sint32.c execution test
FAIL: libffi.call/cls_align_sint64.c execution test
FAIL: libffi.call/cls_align_uint16.c execution test
FAIL: libffi.call/cls_align_uint32.c execution test
FAIL: libffi.call/cls_align_uint64.c execution test
FAIL: libffi.call/float.c execution test
FAIL: libffi.call/float2.c execution test
FAIL: libffi.call/nested_struct.c execution test
FAIL: libffi.call/nested_struct1.c execution test
FAIL: libffi.call/nested_struct2.c execution test
FAIL: libffi.call/nested_struct3.c execution test
FAIL: libffi.call/problem1.c execution test
FAIL: libffi.call/pyobjc-tc.c execution test
FAIL: libffi.call/struct8.c execution test
FAIL: libffi.special/unwindtest.cc execution test

		=== libffi Summary ===

# of expected passes		130
# of unexpected failures	45
# of unsupported tests		2
		=== libjava tests ===


Running target unix
FAIL: StringBuffer_overflow -O3 execution - bytecode->native test

		=== libjava Summary ===

# of expected passes		3260
# of unexpected failures	1
# of expected failures		10
# of untested testcases		9

		=== libstdc++-v3 check-abi Summary ===

# of added symbols:		 257
# of missing symbols:		 237
# of incompatible symbols:	 268
		=== libstdc++ tests ===


Running target unix
FAIL: 17_intro/header_csetjmp.cc (test for excess errors)
WARNING: 17_intro/header_csetjmp.cc compilation failed to produce executable
FAIL: 17_intro/header_cstdlib.cc (test for excess errors)
WARNING: 17_intro/header_cstdlib.cc compilation failed to produce executable
FAIL: 17_intro/header_cwchar.cc (test for excess errors)
WARNING: 17_intro/header_cwchar.cc compilation failed to produce executable
FAIL: 17_intro/header_fstream.cc (test for excess errors)
WARNING: 17_intro/header_fstream.cc compilation failed to produce executable
FAIL: 17_intro/header_iomanip.cc (test for excess errors)
WARNING: 17_intro/header_iomanip.cc compilation failed to produce executable
FAIL: 17_intro/header_ios.cc (test for excess errors)
WARNING: 17_intro/header_ios.cc compilation failed to produce executable
FAIL: 17_intro/header_iosfwd.cc (test for excess errors)
WARNING: 17_intro/header_iosfwd.cc compilation failed to produce executable
FAIL: 17_intro/header_iostream.cc (test for excess errors)
WARNING: 17_intro/header_iostream.cc compilation failed to produce executable
FAIL: 17_intro/header_istream.cc (test for excess errors)
WARNING: 17_intro/header_istream.cc compilation failed to produce executable
FAIL: 17_intro/header_ostream.cc (test for excess errors)
WARNING: 17_intro/header_ostream.cc compilation failed to produce executable
FAIL: 17_intro/header_sstream.cc (test for excess errors)
WARNING: 17_intro/header_sstream.cc compilation failed to produce executable
FAIL: 17_intro/header_streambuf.cc (test for excess errors)
WARNING: 17_intro/header_streambuf.cc compilation failed to produce executable
FAIL: 18_support/new_delete_placement.cc (test for excess errors)
WARNING: 18_support/new_delete_placement.cc compilation failed to produce executable
FAIL: 18_support/numeric_limits.cc (test for excess errors)
WARNING: 18_support/numeric_limits.cc compilation failed to produce executable
FAIL: 19_diagnostics/stdexceptions.cc (test for excess errors)
WARNING: 19_diagnostics/stdexceptions.cc compilation failed to produce executable
FAIL: 20_util/allocator/1.cc (test for excess errors)
WARNING: 20_util/allocator/1.cc compilation failed to produce executable
FAIL: 20_util/allocator/10378.cc (test for excess errors)
WARNING: 20_util/allocator/10378.cc compilation failed to produce executable
FAIL: 20_util/auto_ptr.cc (test for excess errors)
WARNING: 20_util/auto_ptr.cc compilation failed to produce executable
FAIL: 20_util/auto_ptr_neg.cc  (test for errors, line 39)
FAIL: 20_util/auto_ptr_neg.cc  (test for errors, line 217)
FAIL: 20_util/auto_ptr_neg.cc  (test for errors, line 347)
FAIL: 20_util/auto_ptr_neg.cc (test for excess errors)
FAIL: 20_util/pairs.cc (test for excess errors)
WARNING: 20_util/pairs.cc compilation failed to produce executable
FAIL: 20_util/temporary_buffer.cc (test for excess errors)
WARNING: 20_util/temporary_buffer.cc compilation failed to produce executable
FAIL: 21_strings/basic_string/append/char/1.cc (test for excess errors)
WARNING: 21_strings/basic_string/append/char/1.cc compilation failed to produce executable
FAIL: 21_strings/basic_string/append/wchar_t/1.cc (test for excess errors)
WARNING: 21_strings/basic_string/append/wchar_t/1.cc compilation failed to produce executable
FAIL: 21_strings/basic_string/assign/char/1.cc (test for excess errors)
WARNING: 21_strings/basic_string/assign/char/1.cc compilation failed to produce executable
FAIL: 21_strings/basic_string/assign/char/2.cc (test for excess errors)
WARNING: 21_strings/basic_string/assign/char/2.cc compilation failed to produce executable
FAIL: 21_strings/basic_string/assign/char/3.cc (test for excess errors)
WARNING: 21_strings/basic_string/assign/char/3.cc compilation failed to produce executable
FAIL: 21_strings/basic_string/assign/wchar_t/1.cc (test for excess errors)
WARNING: 21_strings/basic_string/assign/wchar_t/1.cc compilation failed to produce executable
FAIL: 21_strings/basic_string/assign/wchar_t/2.cc (test for excess errors)
WARNING: 21_strings/basic_string/assign/wchar_t/2.cc compilation failed to produce executable
FAIL: 21_strings/basic_string/assign/wchar_t/3.cc (test for excess errors)
WARNING: 21_strings/basic_string/assign/wchar_t/3.cc compilation failed to produce executable
FAIL: 21_strings/basic_string/capacity/1.cc (test for excess errors)
WARNING: 21_strings/basic_string/capacity/1.cc compilation failed to produce executable
FAIL: 21_strings/basic_string/capacity/char/1.cc (test for excess errors)
WARNING: 21_strings/basic_string/capacity/char/1.cc compilation failed to produce executable
FAIL: 21_strings/basic_string/capacity/char/2.cc (test for excess errors)
WARNING: 21_strings/basic_string/capacity/char/2.cc compilation failed to produce executable
FAIL: 21_strings/basic_string/capacity/wchar_t/1.cc (test for excess errors)
WARNING: 21_strings/basic_string/capacity/wchar_t/1.cc compilation failed to produce executable
FAIL: 21_strings/basic_string/capacity/wchar_t/2.cc (test for excess errors)
WARNING: 21_strings/basic_string/capacity/wchar_t/2.cc compilation failed to produce executable
FAIL: 21_strings/basic_string/compare/char/1.cc (test for excess errors)
WARNING: 21_strings/basic_string/compare/char/1.cc compilation failed to produce executable
FAIL: 21_strings/basic_string/compare/wchar_t/1.cc (test for excess errors)
WARNING: 21_strings/basic_string/compare/wchar_t/1.cc compilation failed to produce executable
FAIL: 21_strings/basic_string/cons/char/1.cc (test for excess errors)
WARNING: 21_strings/basic_string/cons/char/1.cc compilation failed to produce executable
FAIL: 21_strings/basic_string/cons/char/2.cc (test for excess errors)
WARNING: 21_strings/basic_string/cons/char/2.cc compilation failed to produce executable
FAIL: 21_strings/basic_string/cons/char/3.cc (test for excess errors)
WARNING: 21_strings/basic_string/cons/char/3.cc compilation failed to produce executable
FAIL: 21_strings/basic_string/cons/char/4.cc (test for excess errors)
WARNING: 21_strings/basic_string/cons/char/4.cc compilation failed to produce executable
FAIL: 21_strings/basic_string/cons/char/5.cc (test for excess errors)
WARNING: 21_strings/basic_string/cons/char/5.cc compilation failed to produce executable
FAIL: 21_strings/basic_string/cons/wchar_t/1.cc (test for excess errors)
WARNING: 21_strings/basic_string/cons/wchar_t/1.cc compilation failed to produce executable
FAIL: 21_strings/basic_string/cons/wchar_t/2.cc (test for excess errors)
WARNING: 21_strings/basic_string/cons/wchar_t/2.cc compilation failed to produce executable
FAIL: 21_strings/basic_string/cons/wchar_t/3.cc (test for excess errors)
WARNING: 21_strings/basic_string/cons/wchar_t/3.cc compilation failed to produce executable
FAIL: 21_strings/basic_string/cons/wchar_t/4.cc (test for excess errors)
WARNING: 21_strings/basic_string/cons/wchar_t/4.cc compilation failed to produce executable
FAIL: 21_strings/basic_string/cons/wchar_t/5.cc (test for excess errors)
WARNING: 21_strings/basic_string/cons/wchar_t/5.cc compilation failed to produce executable
FAIL: 21_strings/basic_string/element_access/char/1.cc (test for excess errors)
WARNING: 21_strings/basic_string/element_access/char/1.cc compilation failed to produce executable
FAIL: 21_strings/basic_string/element_access/char/2.cc (test for excess errors)
WARNING: 21_strings/basic_string/element_access/char/2.cc compilation failed to produce executable
FAIL: 21_strings/basic_string/element_access/char/3.cc (test for excess errors)
WARNING: 21_strings/basic_string/element_access/char/3.cc compilation failed to produce executable
FAIL: 21_strings/basic_string/element_access/wchar_t/1.cc (test for excess errors)
WARNING: 21_strings/basic_string/element_access/wchar_t/1.cc compilation failed to produce executable
FAIL: 21_strings/basic_string/element_access/wchar_t/2.cc (test for excess errors)
WARNING: 21_strings/basic_string/element_access/wchar_t/2.cc compilation failed to produce executable
FAIL: 21_strings/basic_string/element_access/wchar_t/3.cc (test for excess errors)
WARNING: 21_strings/basic_string/element_access/wchar_t/3.cc compilation failed to produce executable
FAIL: 21_strings/basic_string/find/char/1.cc (test for excess errors)
WARNING: 21_strings/basic_string/find/char/1.cc compilation failed to produce executable
FAIL: 21_strings/basic_string/find/char/2.cc (test for excess errors)
WARNING: 21_strings/basic_string/find/char/2.cc compilation failed to produce executable
FAIL: 21_strings/basic_string/find/char/3.cc (test for excess errors)
WARNING: 21_strings/basic_string/find/char/3.cc compilation failed to produce executable
FAIL: 21_strings/basic_string/find/wchar_t/1.cc (test for excess errors)
WARNING: 21_strings/basic_string/find/wchar_t/1.cc compilation failed to produce executable
FAIL: 21_strings/basic_string/find/wchar_t/2.cc (test for excess errors)
WARNING: 21_strings/basic_string/find/wchar_t/2.cc compilation failed to produce executable
FAIL: 21_strings/basic_string/find/wchar_t/3.cc (test for excess errors)
WARNING: 21_strings/basic_string/find/wchar_t/3.cc compilation failed to produce executable
FAIL: 21_strings/basic_string/insert/char/1.cc (test for excess errors)
WARNING: 21_strings/basic_string/insert/char/1.cc compilation failed to produce executable
FAIL: 21_strings/basic_string/insert/char/2.cc (test for excess errors)
WARNING: 21_strings/basic_string/insert/char/2.cc compilation failed to produce executable
FAIL: 21_strings/basic_string/insert/wchar_t/1.cc (test for excess errors)
WARNING: 21_strings/basic_string/insert/wchar_t/1.cc compilation failed to produce executable
FAIL: 21_strings/basic_string/insert/wchar_t/2.cc (test for excess errors)
WARNING: 21_strings/basic_string/insert/wchar_t/2.cc compilation failed to produce executable
FAIL: 21_strings/basic_string/inserters_extractors/char/1.cc (test for excess errors)
WARNING: 21_strings/basic_string/inserters_extractors/char/1.cc compilation failed to produce executable
FAIL: 21_strings/basic_string/inserters_extractors/char/4.cc (test for excess errors)
WARNING: 21_strings/basic_string/inserters_extractors/char/4.cc compilation failed to produce executable
FAIL: 21_strings/basic_string/inserters_extractors/char/5.cc (test for excess errors)
WARNING: 21_strings/basic_string/inserters_extractors/char/5.cc compilation failed to produce executable
FAIL: 21_strings/basic_string/inserters_extractors/char/6.cc (test for excess errors)
WARNING: 21_strings/basic_string/inserters_extractors/char/6.cc compilation failed to produce executable
FAIL: 21_strings/basic_string/inserters_extractors/char/7.cc (test for excess errors)
WARNING: 21_strings/basic_string/inserters_extractors/char/7.cc compilation failed to produce executable
FAIL: 21_strings/basic_string/inserters_extractors/char/8.cc (test for excess errors)
WARNING: 21_strings/basic_string/inserters_extractors/char/8.cc compilation failed to produce executable
FAIL: 21_strings/basic_string/inserters_extractors/char/9.cc (test for excess errors)
WARNING: 21_strings/basic_string/inserters_extractors/char/9.cc compilation failed to produce executable
FAIL: 21_strings/basic_string/inserters_extractors/pod/10081-in.cc (test for excess errors)
WARNING: 21_strings/basic_string/inserters_extractors/pod/10081-in.cc compilation failed to produce executable
FAIL: 21_strings/basic_string/inserters_extractors/pod/10081-out.cc (test for excess errors)
WARNING: 21_strings/basic_string/inserters_extractors/pod/10081-out.cc compilation failed to produce executable
FAIL: 21_strings/basic_string/inserters_extractors/wchar_t/1.cc (test for excess errors)
WARNING: 21_strings/basic_string/inserters_extractors/wchar_t/1.cc compilation failed to produce executable
FAIL: 21_strings/basic_string/inserters_extractors/wchar_t/4.cc (test for excess errors)
WARNING: 21_strings/basic_string/inserters_extractors/wchar_t/4.cc compilation failed to produce executable
FAIL: 21_strings/basic_string/inserters_extractors/wchar_t/5.cc (test for excess errors)
WARNING: 21_strings/basic_string/inserters_extractors/wchar_t/5.cc compilation failed to produce executable
FAIL: 21_strings/basic_string/inserters_extractors/wchar_t/6.cc (test for excess errors)
WARNING: 21_strings/basic_string/inserters_extractors/wchar_t/6.cc compilation failed to produce executable
FAIL: 21_strings/basic_string/inserters_extractors/wchar_t/7.cc (test for excess errors)
WARNING: 21_strings/basic_string/inserters_extractors/wchar_t/7.cc compilation failed to produce executable
FAIL: 21_strings/basic_string/inserters_extractors/wchar_t/8.cc (test for excess errors)
WARNING: 21_strings/basic_string/inserters_extractors/wchar_t/8.cc compilation failed to produce executable
FAIL: 21_strings/basic_string/inserters_extractors/wchar_t/9.cc (test for excess errors)
WARNING: 21_strings/basic_string/inserters_extractors/wchar_t/9.cc compilation failed to produce executable
FAIL: 21_strings/basic_string/operators/char/1.cc (test for excess errors)
WARNING: 21_strings/basic_string/operators/char/1.cc compilation failed to produce executable
FAIL: 21_strings/basic_string/operators/char/2.cc (test for excess errors)
WARNING: 21_strings/basic_string/operators/char/2.cc compilation failed to produce executable
FAIL: 21_strings/basic_string/operators/wchar_t/1.cc (test for excess errors)
WARNING: 21_strings/basic_string/operators/wchar_t/1.cc compilation failed to produce executable
FAIL: 21_strings/basic_string/operators/wchar_t/2.cc (test for excess errors)
WARNING: 21_strings/basic_string/operators/wchar_t/2.cc compilation failed to produce executable
FAIL: 21_strings/basic_string/replace/char/1.cc (test for excess errors)
WARNING: 21_strings/basic_string/replace/char/1.cc compilation failed to produce executable
FAIL: 21_strings/basic_string/replace/char/2.cc (test for excess errors)
WARNING: 21_strings/basic_string/replace/char/2.cc compilation failed to produce executable
FAIL: 21_strings/basic_string/replace/char/3.cc (test for excess errors)
WARNING: 21_strings/basic_string/replace/char/3.cc compilation failed to produce executable
FAIL: 21_strings/basic_string/replace/char/4.cc (test for excess errors)
WARNING: 21_strings/basic_string/replace/char/4.cc compilation failed to produce executable
FAIL: 21_strings/basic_string/replace/char/5.cc (test for excess errors)
WARNING: 21_strings/basic_string/replace/char/5.cc compilation failed to produce executable
FAIL: 21_strings/basic_string/replace/wchar_t/1.cc (test for excess errors)
WARNING: 21_strings/basic_string/replace/wchar_t/1.cc compilation failed to produce executable
FAIL: 21_strings/basic_string/replace/wchar_t/2.cc (test for excess errors)
WARNING: 21_strings/basic_string/replace/wchar_t/2.cc compilation failed to produce executable
FAIL: 21_strings/basic_string/replace/wchar_t/3.cc (test for excess errors)
WARNING: 21_strings/basic_string/replace/wchar_t/3.cc compilation failed to produce executable
FAIL: 21_strings/basic_string/replace/wchar_t/4.cc (test for excess errors)
WARNING: 21_strings/basic_string/replace/wchar_t/4.cc compilation failed to produce executable
FAIL: 21_strings/basic_string/replace/wchar_t/5.cc (test for excess errors)
WARNING: 21_strings/basic_string/replace/wchar_t/5.cc compilation failed to produce executable
FAIL: 21_strings/basic_string/rfind/char/1.cc (test for excess errors)
WARNING: 21_strings/basic_string/rfind/char/1.cc compilation failed to produce executable
FAIL: 21_strings/basic_string/rfind/char/2.cc (test for excess errors)
WARNING: 21_strings/basic_string/rfind/char/2.cc compilation failed to produce executable
FAIL: 21_strings/basic_string/rfind/char/3.cc (test for excess errors)
WARNING: 21_strings/basic_string/rfind/char/3.cc compilation failed to produce executable
FAIL: 21_strings/basic_string/rfind/wchar_t/1.cc (test for excess errors)
WARNING: 21_strings/basic_string/rfind/wchar_t/1.cc compilation failed to produce executable
FAIL: 21_strings/basic_string/rfind/wchar_t/2.cc (test for excess errors)
WARNING: 21_strings/basic_string/rfind/wchar_t/2.cc compilation failed to produce executable
FAIL: 21_strings/basic_string/rfind/wchar_t/3.cc (test for excess errors)
WARNING: 21_strings/basic_string/rfind/wchar_t/3.cc compilation failed to produce executable
FAIL: 21_strings/basic_string/substr/char/1.cc (test for excess errors)
WARNING: 21_strings/basic_string/substr/char/1.cc compilation failed to produce executable
FAIL: 21_strings/basic_string/substr/wchar_t/1.cc (test for excess errors)
WARNING: 21_strings/basic_string/substr/wchar_t/1.cc compilation failed to produce executable
FAIL: 21_strings/char_traits/requirements/char/1.cc (test for excess errors)
WARNING: 21_strings/char_traits/requirements/char/1.cc compilation failed to produce executable
FAIL: 21_strings/char_traits/requirements/short/1.cc (test for excess errors)
WARNING: 21_strings/char_traits/requirements/short/1.cc compilation failed to produce executable
FAIL: 21_strings/char_traits/requirements/wchar_t/1.cc (test for excess errors)
WARNING: 21_strings/char_traits/requirements/wchar_t/1.cc compilation failed to produce executable
FAIL: 22_locale/codecvt/1.cc (test for excess errors)
FAIL: 22_locale/codecvt/2.cc (test for excess errors)
FAIL: 22_locale/codecvt/always_noconv/char/1.cc (test for excess errors)
WARNING: 22_locale/codecvt/always_noconv/char/1.cc compilation failed to produce executable
FAIL: 22_locale/codecvt/always_noconv/char/wrapped_env.cc (test for excess errors)
WARNING: 22_locale/codecvt/always_noconv/char/wrapped_env.cc compilation failed to produce executable
FAIL: 22_locale/codecvt/always_noconv/char/wrapped_locale.cc (test for excess errors)
WARNING: 22_locale/codecvt/always_noconv/char/wrapped_locale.cc compilation failed to produce executable
FAIL: 22_locale/codecvt/always_noconv/wchar_t/1.cc (test for excess errors)
WARNING: 22_locale/codecvt/always_noconv/wchar_t/1.cc compilation failed to produce executable
FAIL: 22_locale/codecvt/always_noconv/wchar_t/2.cc (test for excess errors)
WARNING: 22_locale/codecvt/always_noconv/wchar_t/2.cc compilation failed to produce executable
FAIL: 22_locale/codecvt/always_noconv/wchar_t/3.cc (test for excess errors)
WARNING: 22_locale/codecvt/always_noconv/wchar_t/3.cc compilation failed to produce executable
FAIL: 22_locale/codecvt/always_noconv/wchar_t/4.cc (test for excess errors)
WARNING: 22_locale/codecvt/always_noconv/wchar_t/4.cc compilation failed to produce executable
FAIL: 22_locale/codecvt/always_noconv/wchar_t/wrapped_env.cc (test for excess errors)
WARNING: 22_locale/codecvt/always_noconv/wchar_t/wrapped_env.cc compilation failed to produce executable
FAIL: 22_locale/codecvt/always_noconv/wchar_t/wrapped_locale.cc (test for excess errors)
WARNING: 22_locale/codecvt/always_noconv/wchar_t/wrapped_locale.cc compilation failed to produce executable
FAIL: 22_locale/codecvt/encoding/char/1.cc (test for excess errors)
WARNING: 22_locale/codecvt/encoding/char/1.cc compilation failed to produce executable
FAIL: 22_locale/codecvt/encoding/char/wrapped_env.cc (test for excess errors)
WARNING: 22_locale/codecvt/encoding/char/wrapped_env.cc compilation failed to produce executable
FAIL: 22_locale/codecvt/encoding/char/wrapped_locale.cc (test for excess errors)
WARNING: 22_locale/codecvt/encoding/char/wrapped_locale.cc compilation failed to produce executable
FAIL: 22_locale/codecvt/encoding/wchar_t/1.cc (test for excess errors)
WARNING: 22_locale/codecvt/encoding/wchar_t/1.cc compilation failed to produce executable
FAIL: 22_locale/codecvt/encoding/wchar_t/2.cc (test for excess errors)
WARNING: 22_locale/codecvt/encoding/wchar_t/2.cc compilation failed to produce executable
FAIL: 22_locale/codecvt/encoding/wchar_t/3.cc (test for excess errors)
WARNING: 22_locale/codecvt/encoding/wchar_t/3.cc compilation failed to produce executable
FAIL: 22_locale/codecvt/encoding/wchar_t/4.cc (test for excess errors)
WARNING: 22_locale/codecvt/encoding/wchar_t/4.cc compilation failed to produce executable
FAIL: 22_locale/codecvt/encoding/wchar_t/wrapped_env.cc (test for excess errors)
WARNING: 22_locale/codecvt/encoding/wchar_t/wrapped_env.cc compilation failed to produce executable
FAIL: 22_locale/codecvt/encoding/wchar_t/wrapped_locale.cc (test for excess errors)
WARNING: 22_locale/codecvt/encoding/wchar_t/wrapped_locale.cc compilation failed to produce executable
FAIL: 22_locale/codecvt/in/char/1.cc (test for excess errors)
WARNING: 22_locale/codecvt/in/char/1.cc compilation failed to produce executable
FAIL: 22_locale/codecvt/in/char/wrapped_env.cc (test for excess errors)
WARNING: 22_locale/codecvt/in/char/wrapped_env.cc compilation failed to produce executable
FAIL: 22_locale/codecvt/in/char/wrapped_locale.cc (test for excess errors)
WARNING: 22_locale/codecvt/in/char/wrapped_locale.cc compilation failed to produce executable
FAIL: 22_locale/codecvt/in/wchar_t/1.cc (test for excess errors)
WARNING: 22_locale/codecvt/in/wchar_t/1.cc compilation failed to produce executable
FAIL: 22_locale/codecvt/in/wchar_t/2.cc (test for excess errors)
WARNING: 22_locale/codecvt/in/wchar_t/2.cc compilation failed to produce executable
FAIL: 22_locale/codecvt/in/wchar_t/3.cc (test for excess errors)
WARNING: 22_locale/codecvt/in/wchar_t/3.cc compilation failed to produce executable
FAIL: 22_locale/codecvt/in/wchar_t/4.cc (test for excess errors)
WARNING: 22_locale/codecvt/in/wchar_t/4.cc compilation failed to produce executable
FAIL: 22_locale/codecvt/in/wchar_t/5.cc (test for excess errors)
WARNING: 22_locale/codecvt/in/wchar_t/5.cc compilation failed to produce executable
FAIL: 22_locale/codecvt/in/wchar_t/6.cc (test for excess errors)
WARNING: 22_locale/codecvt/in/wchar_t/6.cc compilation failed to produce executable
FAIL: 22_locale/codecvt/in/wchar_t/7.cc (test for excess errors)
WARNING: 22_locale/codecvt/in/wchar_t/7.cc compilation failed to produce executable
FAIL: 22_locale/codecvt/in/wchar_t/8.cc (test for excess errors)
WARNING: 22_locale/codecvt/in/wchar_t/8.cc compilation failed to produce executable
FAIL: 22_locale/codecvt/in/wchar_t/9.cc (test for excess errors)
WARNING: 22_locale/codecvt/in/wchar_t/9.cc compilation failed to produce executable
FAIL: 22_locale/codecvt/in/wchar_t/wrapped_env.cc (test for excess errors)
WARNING: 22_locale/codecvt/in/wchar_t/wrapped_env.cc compilation failed to produce executable
FAIL: 22_locale/codecvt/in/wchar_t/wrapped_locale.cc (test for excess errors)
WARNING: 22_locale/codecvt/in/wchar_t/wrapped_locale.cc compilation failed to produce executable
FAIL: 22_locale/codecvt/length/char/1.cc (test for excess errors)
WARNING: 22_locale/codecvt/length/char/1.cc compilation failed to produce executable
FAIL: 22_locale/codecvt/length/char/2.cc (test for excess errors)
WARNING: 22_locale/codecvt/length/char/2.cc compilation failed to produce executable
FAIL: 22_locale/codecvt/length/char/wrapped_env.cc (test for excess errors)
WARNING: 22_locale/codecvt/length/char/wrapped_env.cc compilation failed to produce executable
FAIL: 22_locale/codecvt/length/char/wrapped_locale.cc (test for excess errors)
WARNING: 22_locale/codecvt/length/char/wrapped_locale.cc compilation failed to produce executable
FAIL: 22_locale/codecvt/length/wchar_t/1.cc (test for excess errors)
WARNING: 22_locale/codecvt/length/wchar_t/1.cc compilation failed to produce executable
FAIL: 22_locale/codecvt/length/wchar_t/2.cc (test for excess errors)
WARNING: 22_locale/codecvt/length/wchar_t/2.cc compilation failed to produce executable
FAIL: 22_locale/codecvt/length/wchar_t/3.cc (test for excess errors)
WARNING: 22_locale/codecvt/length/wchar_t/3.cc compilation failed to produce executable
FAIL: 22_locale/codecvt/length/wchar_t/4.cc (test for excess errors)
WARNING: 22_locale/codecvt/length/wchar_t/4.cc compilation failed to produce executable
FAIL: 22_locale/codecvt/length/wchar_t/5.cc (test for excess errors)
WARNING: 22_locale/codecvt/length/wchar_t/5.cc compilation failed to produce executable
FAIL: 22_locale/codecvt/length/wchar_t/6.cc (test for excess errors)
WARNING: 22_locale/codecvt/length/wchar_t/6.cc compilation failed to produce executable
FAIL: 22_locale/codecvt/length/wchar_t/7.cc (test for excess errors)
WARNING: 22_locale/codecvt/length/wchar_t/7.cc compilation failed to produce executable
FAIL: 22_locale/codecvt/length/wchar_t/wrapped_env.cc (test for excess errors)
WARNING: 22_locale/codecvt/length/wchar_t/wrapped_env.cc compilation failed to produce executable
FAIL: 22_locale/codecvt/length/wchar_t/wrapped_locale.cc (test for excess errors)
WARNING: 22_locale/codecvt/length/wchar_t/wrapped_locale.cc compilation failed to produce executable
FAIL: 22_locale/codecvt/max_length/char/1.cc (test for excess errors)
WARNING: 22_locale/codecvt/max_length/char/1.cc compilation failed to produce executable
FAIL: 22_locale/codecvt/max_length/char/wrapped_env.cc (test for excess errors)
WARNING: 22_locale/codecvt/max_length/char/wrapped_env.cc compilation failed to produce executable
FAIL: 22_locale/codecvt/max_length/char/wrapped_locale.cc (test for excess errors)
WARNING: 22_locale/codecvt/max_length/char/wrapped_locale.cc compilation failed to produce executable
FAIL: 22_locale/codecvt/max_length/wchar_t/1.cc (test for excess errors)
WARNING: 22_locale/codecvt/max_length/wchar_t/1.cc compilation failed to produce executable
FAIL: 22_locale/codecvt/max_length/wchar_t/2.cc (test for excess errors)
WARNING: 22_locale/codecvt/max_length/wchar_t/2.cc compilation failed to produce executable
FAIL: 22_locale/codecvt/max_length/wchar_t/3.cc (test for excess errors)
WARNING: 22_locale/codecvt/max_length/wchar_t/3.cc compilation failed to produce executable
FAIL: 22_locale/codecvt/max_length/wchar_t/4.cc (test for excess errors)
WARNING: 22_locale/codecvt/max_length/wchar_t/4.cc compilation failed to produce executable
FAIL: 22_locale/codecvt/max_length/wchar_t/wrapped_env.cc (test for excess errors)
WARNING: 22_locale/codecvt/max_length/wchar_t/wrapped_env.cc compilation failed to produce executable
FAIL: 22_locale/codecvt/max_length/wchar_t/wrapped_locale.cc (test for excess errors)
WARNING: 22_locale/codecvt/max_length/wchar_t/wrapped_locale.cc compilation failed to produce executable
FAIL: 22_locale/codecvt/out/char/1.cc (test for excess errors)
WARNING: 22_locale/codecvt/out/char/1.cc compilation failed to produce executable
FAIL: 22_locale/codecvt/out/char/wrapped_env.cc (test for excess errors)
WARNING: 22_locale/codecvt/out/char/wrapped_env.cc compilation failed to produce executable
FAIL: 22_locale/codecvt/out/char/wrapped_locale.cc (test for excess errors)
WARNING: 22_locale/codecvt/out/char/wrapped_locale.cc compilation failed to produce executable
FAIL: 22_locale/codecvt/out/wchar_t/1.cc (test for excess errors)
WARNING: 22_locale/codecvt/out/wchar_t/1.cc compilation failed to produce executable
FAIL: 22_locale/codecvt/out/wchar_t/2.cc (test for excess errors)
WARNING: 22_locale/codecvt/out/wchar_t/2.cc compilation failed to produce executable
FAIL: 22_locale/codecvt/out/wchar_t/3.cc (test for excess errors)
WARNING: 22_locale/codecvt/out/wchar_t/3.cc compilation failed to produce executable
FAIL: 22_locale/codecvt/out/wchar_t/4.cc (test for excess errors)
WARNING: 22_locale/codecvt/out/wchar_t/4.cc compilation failed to produce executable
FAIL: 22_locale/codecvt/out/wchar_t/5.cc (test for excess errors)
WARNING: 22_locale/codecvt/out/wchar_t/5.cc compilation failed to produce executable
FAIL: 22_locale/codecvt/out/wchar_t/6.cc (test for excess errors)
WARNING: 22_locale/codecvt/out/wchar_t/6.cc compilation failed to produce executable
FAIL: 22_locale/codecvt/out/wchar_t/7.cc (test for excess errors)
WARNING: 22_locale/codecvt/out/wchar_t/7.cc compilation failed to produce executable
FAIL: 22_locale/codecvt/out/wchar_t/wrapped_env.cc (test for excess errors)
WARNING: 22_locale/codecvt/out/wchar_t/wrapped_env.cc compilation failed to produce executable
FAIL: 22_locale/codecvt/out/wchar_t/wrapped_locale.cc (test for excess errors)
WARNING: 22_locale/codecvt/out/wchar_t/wrapped_locale.cc compilation failed to produce executable
FAIL: 22_locale/codecvt/unicode/1.cc (test for excess errors)
WARNING: 22_locale/codecvt/unicode/1.cc compilation failed to produce executable
FAIL: 22_locale/codecvt/unicode/char.cc (test for excess errors)
WARNING: 22_locale/codecvt/unicode/char.cc compilation failed to produce executable
FAIL: 22_locale/codecvt/unicode/wchar_t.cc (test for excess errors)
WARNING: 22_locale/codecvt/unicode/wchar_t.cc compilation failed to produce executable
FAIL: 22_locale/codecvt/unshift/char/1.cc (test for excess errors)
WARNING: 22_locale/codecvt/unshift/char/1.cc compilation failed to produce executable
FAIL: 22_locale/codecvt/unshift/char/wrapped_env.cc (test for excess errors)
WARNING: 22_locale/codecvt/unshift/char/wrapped_env.cc compilation failed to produce executable
FAIL: 22_locale/codecvt/unshift/char/wrapped_locale.cc (test for excess errors)
WARNING: 22_locale/codecvt/unshift/char/wrapped_locale.cc compilation failed to produce executable
FAIL: 22_locale/codecvt/unshift/wchar_t/1.cc (test for excess errors)
WARNING: 22_locale/codecvt/unshift/wchar_t/1.cc compilation failed to produce executable
FAIL: 22_locale/codecvt/unshift/wchar_t/2.cc (test for excess errors)
WARNING: 22_locale/codecvt/unshift/wchar_t/2.cc compilation failed to produce executable
FAIL: 22_locale/codecvt/unshift/wchar_t/3.cc (test for excess errors)
WARNING: 22_locale/codecvt/unshift/wchar_t/3.cc compilation failed to produce executable
FAIL: 22_locale/codecvt/unshift/wchar_t/4.cc (test for excess errors)
WARNING: 22_locale/codecvt/unshift/wchar_t/4.cc compilation failed to produce executable
FAIL: 22_locale/codecvt/unshift/wchar_t/wrapped_env.cc (test for excess errors)
WARNING: 22_locale/codecvt/unshift/wchar_t/wrapped_env.cc compilation failed to produce executable
FAIL: 22_locale/codecvt/unshift/wchar_t/wrapped_locale.cc (test for excess errors)
WARNING: 22_locale/codecvt/unshift/wchar_t/wrapped_locale.cc compilation failed to produce executable
FAIL: 22_locale/codecvt_byname/1.cc (test for excess errors)
FAIL: 22_locale/collate/1.cc (test for excess errors)
FAIL: 22_locale/collate/2.cc (test for excess errors)
FAIL: 22_locale/collate/compare/char/1.cc (test for excess errors)
WARNING: 22_locale/collate/compare/char/1.cc compilation failed to produce executable
FAIL: 22_locale/collate/compare/char/2.cc (test for excess errors)
WARNING: 22_locale/collate/compare/char/2.cc compilation failed to produce executable
FAIL: 22_locale/collate/compare/char/3.cc (test for excess errors)
WARNING: 22_locale/collate/compare/char/3.cc compilation failed to produce executable
FAIL: 22_locale/collate/compare/char/wrapped_env.cc (test for excess errors)
WARNING: 22_locale/collate/compare/char/wrapped_env.cc compilation failed to produce executable
FAIL: 22_locale/collate/compare/char/wrapped_locale.cc (test for excess errors)
WARNING: 22_locale/collate/compare/char/wrapped_locale.cc compilation failed to produce executable
FAIL: 22_locale/collate/compare/wchar_t/1.cc (test for excess errors)
WARNING: 22_locale/collate/compare/wchar_t/1.cc compilation failed to produce executable
FAIL: 22_locale/collate/compare/wchar_t/3.cc (test for excess errors)
WARNING: 22_locale/collate/compare/wchar_t/3.cc compilation failed to produce executable
FAIL: 22_locale/collate/hash/char/1.cc (test for excess errors)
WARNING: 22_locale/collate/hash/char/1.cc compilation failed to produce executable
FAIL: 22_locale/collate/hash/char/2.cc (test for excess errors)
WARNING: 22_locale/collate/hash/char/2.cc compilation failed to produce executable
FAIL: 22_locale/collate/hash/char/wrapped_env.cc (test for excess errors)
WARNING: 22_locale/collate/hash/char/wrapped_env.cc compilation failed to produce executable
FAIL: 22_locale/collate/hash/char/wrapped_locale.cc (test for excess errors)
WARNING: 22_locale/collate/hash/char/wrapped_locale.cc compilation failed to produce executable
FAIL: 22_locale/collate/hash/wchar_t/1.cc (test for excess errors)
WARNING: 22_locale/collate/hash/wchar_t/1.cc compilation failed to produce executable
FAIL: 22_locale/collate/transform/char/2.cc (test for excess errors)
WARNING: 22_locale/collate/transform/char/2.cc compilation failed to produce executable
FAIL: 22_locale/collate/transform/char/3.cc (test for excess errors)
WARNING: 22_locale/collate/transform/char/3.cc compilation failed to produce executable
FAIL: 22_locale/collate/transform/char/wrapped_env.cc (test for excess errors)
WARNING: 22_locale/collate/transform/char/wrapped_env.cc compilation failed to produce executable
FAIL: 22_locale/collate/transform/char/wrapped_locale.cc (test for excess errors)
WARNING: 22_locale/collate/transform/char/wrapped_locale.cc compilation failed to produce executable
FAIL: 22_locale/collate/transform/wchar_t/3.cc (test for excess errors)
WARNING: 22_locale/collate/transform/wchar_t/3.cc compilation failed to produce executable
FAIL: 22_locale/collate_byname/1.cc (test for excess errors)
FAIL: 22_locale/collate_byname/named_equivalence.cc (test for excess errors)
WARNING: 22_locale/collate_byname/named_equivalence.cc compilation failed to produce executable
FAIL: 22_locale/ctype/2.cc (test for excess errors)
FAIL: 22_locale/ctype/cons/char/1.cc (test for excess errors)
WARNING: 22_locale/ctype/cons/char/1.cc compilation failed to produce executable
FAIL: 22_locale/ctype/cons/char/wrapped_env.cc (test for excess errors)
WARNING: 22_locale/ctype/cons/char/wrapped_env.cc compilation failed to produce executable
FAIL: 22_locale/ctype/cons/char/wrapped_locale.cc (test for excess errors)
WARNING: 22_locale/ctype/cons/char/wrapped_locale.cc compilation failed to produce executable
FAIL: 22_locale/ctype/is/char/1.cc (test for excess errors)
WARNING: 22_locale/ctype/is/char/1.cc compilation failed to produce executable
FAIL: 22_locale/ctype/is/char/2.cc (test for excess errors)
WARNING: 22_locale/ctype/is/char/2.cc compilation failed to produce executable
FAIL: 22_locale/ctype/is/char/3.cc (test for excess errors)
WARNING: 22_locale/ctype/is/char/3.cc compilation failed to produce executable
FAIL: 22_locale/ctype/is/char/9858.cc (test for excess errors)
WARNING: 22_locale/ctype/is/char/9858.cc compilation failed to produce executable
FAIL: 22_locale/ctype/is/char/wrapped_env.cc (test for excess errors)
WARNING: 22_locale/ctype/is/char/wrapped_env.cc compilation failed to produce executable
FAIL: 22_locale/ctype/is/char/wrapped_locale.cc (test for excess errors)
WARNING: 22_locale/ctype/is/char/wrapped_locale.cc compilation failed to produce executable
FAIL: 22_locale/ctype/is/wchar_t/1.cc (test for excess errors)
WARNING: 22_locale/ctype/is/wchar_t/1.cc compilation failed to produce executable
FAIL: 22_locale/ctype/is/wchar_t/11740.cc (test for excess errors)
WARNING: 22_locale/ctype/is/wchar_t/11740.cc compilation failed to produce executable
FAIL: 22_locale/ctype/is/wchar_t/2.cc (test for excess errors)
WARNING: 22_locale/ctype/is/wchar_t/2.cc compilation failed to produce executable
FAIL: 22_locale/ctype/is/wchar_t/wrapped_env.cc (test for excess errors)
WARNING: 22_locale/ctype/is/wchar_t/wrapped_env.cc compilation failed to produce executable
FAIL: 22_locale/ctype/is/wchar_t/wrapped_locale.cc (test for excess errors)
WARNING: 22_locale/ctype/is/wchar_t/wrapped_locale.cc compilation failed to produce executable
FAIL: 22_locale/ctype/narrow/char/1.cc (test for excess errors)
WARNING: 22_locale/ctype/narrow/char/1.cc compilation failed to produce executable
FAIL: 22_locale/ctype/narrow/char/2.cc (test for excess errors)
WARNING: 22_locale/ctype/narrow/char/2.cc compilation failed to produce executable
FAIL: 22_locale/ctype/narrow/char/wrapped_env.cc (test for excess errors)
WARNING: 22_locale/ctype/narrow/char/wrapped_env.cc compilation failed to produce executable
FAIL: 22_locale/ctype/narrow/char/wrapped_locale.cc (test for excess errors)
WARNING: 22_locale/ctype/narrow/char/wrapped_locale.cc compilation failed to produce executable
FAIL: 22_locale/ctype/narrow/wchar_t/1.cc (test for excess errors)
WARNING: 22_locale/ctype/narrow/wchar_t/1.cc compilation failed to produce executable
FAIL: 22_locale/ctype/narrow/wchar_t/2.cc (test for excess errors)
WARNING: 22_locale/ctype/narrow/wchar_t/2.cc compilation failed to produce executable
FAIL: 22_locale/ctype/narrow/wchar_t/3.cc (test for excess errors)
WARNING: 22_locale/ctype/narrow/wchar_t/3.cc compilation failed to produce executable
FAIL: 22_locale/ctype/narrow/wchar_t/wrapped_env.cc (test for excess errors)
WARNING: 22_locale/ctype/narrow/wchar_t/wrapped_env.cc compilation failed to produce executable
FAIL: 22_locale/ctype/narrow/wchar_t/wrapped_locale.cc (test for excess errors)
WARNING: 22_locale/ctype/narrow/wchar_t/wrapped_locale.cc compilation failed to produce executable
FAIL: 22_locale/ctype/scan/char/1.cc (test for excess errors)
WARNING: 22_locale/ctype/scan/char/1.cc compilation failed to produce executable
FAIL: 22_locale/ctype/scan/char/wrapped_env.cc (test for excess errors)
WARNING: 22_locale/ctype/scan/char/wrapped_env.cc compilation failed to produce executable
FAIL: 22_locale/ctype/scan/char/wrapped_locale.cc (test for excess errors)
WARNING: 22_locale/ctype/scan/char/wrapped_locale.cc compilation failed to produce executable
FAIL: 22_locale/ctype/scan/wchar_t/1.cc (test for excess errors)
WARNING: 22_locale/ctype/scan/wchar_t/1.cc compilation failed to produce executable
FAIL: 22_locale/ctype/scan/wchar_t/wrapped_env.cc (test for excess errors)
WARNING: 22_locale/ctype/scan/wchar_t/wrapped_env.cc compilation failed to produce executable
FAIL: 22_locale/ctype/scan/wchar_t/wrapped_locale.cc (test for excess errors)
WARNING: 22_locale/ctype/scan/wchar_t/wrapped_locale.cc compilation failed to produce executable
FAIL: 22_locale/ctype/to/char/1.cc (test for excess errors)
WARNING: 22_locale/ctype/to/char/1.cc compilation failed to produce executable
FAIL: 22_locale/ctype/to/char/wrapped_env.cc (test for excess errors)
WARNING: 22_locale/ctype/to/char/wrapped_env.cc compilation failed to produce executable
FAIL: 22_locale/ctype/to/char/wrapped_locale.cc (test for excess errors)
WARNING: 22_locale/ctype/to/char/wrapped_locale.cc compilation failed to produce executable
FAIL: 22_locale/ctype/to/wchar_t/1.cc (test for excess errors)
WARNING: 22_locale/ctype/to/wchar_t/1.cc compilation failed to produce executable
FAIL: 22_locale/ctype/to/wchar_t/wrapped_env.cc (test for excess errors)
WARNING: 22_locale/ctype/to/wchar_t/wrapped_env.cc compilation failed to produce executable
FAIL: 22_locale/ctype/to/wchar_t/wrapped_locale.cc (test for excess errors)
WARNING: 22_locale/ctype/to/wchar_t/wrapped_locale.cc compilation failed to produce executable
FAIL: 22_locale/ctype/widen/char/1.cc (test for excess errors)
WARNING: 22_locale/ctype/widen/char/1.cc compilation failed to produce executable
FAIL: 22_locale/ctype/widen/char/wrapped_env.cc (test for excess errors)
WARNING: 22_locale/ctype/widen/char/wrapped_env.cc compilation failed to produce executable
FAIL: 22_locale/ctype/widen/char/wrapped_locale.cc (test for excess errors)
WARNING: 22_locale/ctype/widen/char/wrapped_locale.cc compilation failed to produce executable
FAIL: 22_locale/ctype/widen/wchar_t/1.cc (test for excess errors)
WARNING: 22_locale/ctype/widen/wchar_t/1.cc compilation failed to produce executable
FAIL: 22_locale/ctype/widen/wchar_t/2.cc (test for excess errors)
WARNING: 22_locale/ctype/widen/wchar_t/2.cc compilation failed to produce executable
FAIL: 22_locale/ctype/widen/wchar_t/3.cc (test for excess errors)
WARNING: 22_locale/ctype/widen/wchar_t/3.cc compilation failed to produce executable
FAIL: 22_locale/ctype/widen/wchar_t/wrapped_env.cc (test for excess errors)
WARNING: 22_locale/ctype/widen/wchar_t/wrapped_env.cc compilation failed to produce executable
FAIL: 22_locale/ctype/widen/wchar_t/wrapped_locale.cc (test for excess errors)
WARNING: 22_locale/ctype/widen/wchar_t/wrapped_locale.cc compilation failed to produce executable
FAIL: 22_locale/ctype_base/11844.cc (test for excess errors)
WARNING: 22_locale/ctype_base/11844.cc compilation failed to produce executable
FAIL: 22_locale/ctype_byname/1.cc (test for excess errors)
FAIL: 22_locale/facet/1.cc (test for excess errors)
WARNING: 22_locale/facet/1.cc compilation failed to produce executable
FAIL: 22_locale/facet/2.cc (test for excess errors)
WARNING: 22_locale/facet/2.cc compilation failed to produce executable
FAIL: 22_locale/global_templates/1.cc (test for excess errors)
WARNING: 22_locale/global_templates/1.cc compilation failed to produce executable
FAIL: 22_locale/locale/13630.cc (test for excess errors)
WARNING: 22_locale/locale/13630.cc compilation failed to produce executable
FAIL: 22_locale/locale/cons/1.cc (test for excess errors)
WARNING: 22_locale/locale/cons/1.cc compilation failed to produce executable
FAIL: 22_locale/locale/cons/12352.cc (test for excess errors)
WARNING: 22_locale/locale/cons/12352.cc compilation failed to produce executable
FAIL: 22_locale/locale/cons/12438.cc (test for excess errors)
WARNING: 22_locale/locale/cons/12438.cc compilation failed to produce executable
FAIL: 22_locale/locale/cons/2.cc (test for excess errors)
WARNING: 22_locale/locale/cons/2.cc compilation failed to produce executable
FAIL: 22_locale/locale/cons/4.cc (test for excess errors)
WARNING: 22_locale/locale/cons/4.cc compilation failed to produce executable
FAIL: 22_locale/locale/cons/5.cc (test for excess errors)
WARNING: 22_locale/locale/cons/5.cc compilation failed to produce executable
FAIL: 22_locale/locale/cons/6.cc (test for excess errors)
WARNING: 22_locale/locale/cons/6.cc compilation failed to produce executable
FAIL: 22_locale/locale/cons/7.cc (test for excess errors)
WARNING: 22_locale/locale/cons/7.cc compilation failed to produce executable
FAIL: 22_locale/locale/cons/7222-c.cc (test for excess errors)
WARNING: 22_locale/locale/cons/7222-c.cc compilation failed to produce executable
FAIL: 22_locale/locale/cons/7222-env.cc (test for excess errors)
WARNING: 22_locale/locale/cons/7222-env.cc compilation failed to produce executable
FAIL: 22_locale/locale/cons/8.cc (test for excess errors)
WARNING: 22_locale/locale/cons/8.cc compilation failed to produce executable
FAIL: 22_locale/locale/global_locale_objects/1.cc (test for excess errors)
WARNING: 22_locale/locale/global_locale_objects/1.cc compilation failed to produce executable
FAIL: 22_locale/locale/global_locale_objects/2.cc (test for excess errors)
WARNING: 22_locale/locale/global_locale_objects/2.cc compilation failed to produce executable
FAIL: 22_locale/locale/global_locale_objects/3.cc (test for excess errors)
WARNING: 22_locale/locale/global_locale_objects/3.cc compilation failed to produce executable
FAIL: 22_locale/locale/operations/1.cc (test for excess errors)
WARNING: 22_locale/locale/operations/1.cc compilation failed to produce executable
FAIL: 22_locale/locale/operations/2.cc (test for excess errors)
WARNING: 22_locale/locale/operations/2.cc compilation failed to produce executable
FAIL: 22_locale/messages/1.cc (test for excess errors)
FAIL: 22_locale/messages/2.cc (test for excess errors)
FAIL: 22_locale/messages/members/char/1.cc (test for excess errors)
WARNING: 22_locale/messages/members/char/1.cc compilation failed to produce executable
FAIL: 22_locale/messages/members/char/2.cc (test for excess errors)
WARNING: 22_locale/messages/members/char/2.cc compilation failed to produce executable
FAIL: 22_locale/messages/members/char/3.cc (test for excess errors)
WARNING: 22_locale/messages/members/char/3.cc compilation failed to produce executable
FAIL: 22_locale/messages/members/char/wrapped_env.cc (test for excess errors)
WARNING: 22_locale/messages/members/char/wrapped_env.cc compilation failed to produce executable
FAIL: 22_locale/messages/members/char/wrapped_locale.cc (test for excess errors)
WARNING: 22_locale/messages/members/char/wrapped_locale.cc compilation failed to produce executable
FAIL: 22_locale/messages_byname/1.cc (test for excess errors)
FAIL: 22_locale/messages_byname/named_equivalence.cc (test for excess errors)
WARNING: 22_locale/messages_byname/named_equivalence.cc compilation failed to produce executable
FAIL: 22_locale/money_get/1.cc (test for excess errors)
FAIL: 22_locale/money_get/2.cc (test for excess errors)
FAIL: 22_locale/money_get/get/char/1.cc (test for excess errors)
WARNING: 22_locale/money_get/get/char/1.cc compilation failed to produce executable
FAIL: 22_locale/money_get/get/char/10.cc (test for excess errors)
WARNING: 22_locale/money_get/get/char/10.cc compilation failed to produce executable
FAIL: 22_locale/money_get/get/char/11.cc (test for excess errors)
WARNING: 22_locale/money_get/get/char/11.cc compilation failed to produce executable
FAIL: 22_locale/money_get/get/char/11528.cc (test for excess errors)
WARNING: 22_locale/money_get/get/char/11528.cc compilation failed to produce executable
FAIL: 22_locale/money_get/get/char/2.cc (test for excess errors)
WARNING: 22_locale/money_get/get/char/2.cc compilation failed to produce executable
FAIL: 22_locale/money_get/get/char/3.cc (test for excess errors)
WARNING: 22_locale/money_get/get/char/3.cc compilation failed to produce executable
FAIL: 22_locale/money_get/get/char/4.cc (test for excess errors)
WARNING: 22_locale/money_get/get/char/4.cc compilation failed to produce executable
FAIL: 22_locale/money_get/get/char/5.cc (test for excess errors)
WARNING: 22_locale/money_get/get/char/5.cc compilation failed to produce executable
FAIL: 22_locale/money_get/get/char/6.cc (test for excess errors)
WARNING: 22_locale/money_get/get/char/6.cc compilation failed to produce executable
FAIL: 22_locale/money_get/get/char/7.cc (test for excess errors)
WARNING: 22_locale/money_get/get/char/7.cc compilation failed to produce executable
FAIL: 22_locale/money_get/get/char/8.cc (test for excess errors)
WARNING: 22_locale/money_get/get/char/8.cc compilation failed to produce executable
FAIL: 22_locale/money_get/get/char/9.cc (test for excess errors)
WARNING: 22_locale/money_get/get/char/9.cc compilation failed to produce executable
FAIL: 22_locale/money_get/get/char/wrapped_env.cc (test for excess errors)
WARNING: 22_locale/money_get/get/char/wrapped_env.cc compilation failed to produce executable
FAIL: 22_locale/money_get/get/char/wrapped_locale.cc (test for excess errors)
WARNING: 22_locale/money_get/get/char/wrapped_locale.cc compilation failed to produce executable
FAIL: 22_locale/money_get/get/wchar_t/1.cc (test for excess errors)
WARNING: 22_locale/money_get/get/wchar_t/1.cc compilation failed to produce executable
FAIL: 22_locale/money_get/get/wchar_t/10.cc (test for excess errors)
WARNING: 22_locale/money_get/get/wchar_t/10.cc compilation failed to produce executable
FAIL: 22_locale/money_get/get/wchar_t/11.cc (test for excess errors)
WARNING: 22_locale/money_get/get/wchar_t/11.cc compilation failed to produce executable
FAIL: 22_locale/money_get/get/wchar_t/11528.cc (test for excess errors)
WARNING: 22_locale/money_get/get/wchar_t/11528.cc compilation failed to produce executable
FAIL: 22_locale/money_get/get/wchar_t/2.cc (test for excess errors)
WARNING: 22_locale/money_get/get/wchar_t/2.cc compilation failed to produce executable
FAIL: 22_locale/money_get/get/wchar_t/3.cc (test for excess errors)
WARNING: 22_locale/money_get/get/wchar_t/3.cc compilation failed to produce executable
FAIL: 22_locale/money_get/get/wchar_t/4.cc (test for excess errors)
WARNING: 22_locale/money_get/get/wchar_t/4.cc compilation failed to produce executable
FAIL: 22_locale/money_get/get/wchar_t/5.cc (test for excess errors)
WARNING: 22_locale/money_get/get/wchar_t/5.cc compilation failed to produce executable
FAIL: 22_locale/money_get/get/wchar_t/6.cc (test for excess errors)
WARNING: 22_locale/money_get/get/wchar_t/6.cc compilation failed to produce executable
FAIL: 22_locale/money_get/get/wchar_t/7.cc (test for excess errors)
WARNING: 22_locale/money_get/get/wchar_t/7.cc compilation failed to produce executable
FAIL: 22_locale/money_get/get/wchar_t/8.cc (test for excess errors)
WARNING: 22_locale/money_get/get/wchar_t/8.cc compilation failed to produce executable
FAIL: 22_locale/money_get/get/wchar_t/9.cc (test for excess errors)
WARNING: 22_locale/money_get/get/wchar_t/9.cc compilation failed to produce executable
FAIL: 22_locale/money_get/get/wchar_t/wrapped_env.cc (test for excess errors)
WARNING: 22_locale/money_get/get/wchar_t/wrapped_env.cc compilation failed to produce executable
FAIL: 22_locale/money_get/get/wchar_t/wrapped_locale.cc (test for excess errors)
WARNING: 22_locale/money_get/get/wchar_t/wrapped_locale.cc compilation failed to produce executable
FAIL: 22_locale/money_put/1.cc (test for excess errors)
FAIL: 22_locale/money_put/2.cc (test for excess errors)
FAIL: 22_locale/money_put/put/char/1.cc (test for excess errors)
WARNING: 22_locale/money_put/put/char/1.cc compilation failed to produce executable
FAIL: 22_locale/money_put/put/char/12971.cc (test for excess errors)
WARNING: 22_locale/money_put/put/char/12971.cc compilation failed to produce executable
FAIL: 22_locale/money_put/put/char/2.cc (test for excess errors)
WARNING: 22_locale/money_put/put/char/2.cc compilation failed to produce executable
FAIL: 22_locale/money_put/put/char/3.cc (test for excess errors)
WARNING: 22_locale/money_put/put/char/3.cc compilation failed to produce executable
FAIL: 22_locale/money_put/put/char/4.cc (test for excess errors)
WARNING: 22_locale/money_put/put/char/4.cc compilation failed to produce executable
FAIL: 22_locale/money_put/put/char/5.cc (test for excess errors)
WARNING: 22_locale/money_put/put/char/5.cc compilation failed to produce executable
FAIL: 22_locale/money_put/put/char/6.cc (test for excess errors)
WARNING: 22_locale/money_put/put/char/6.cc compilation failed to produce executable
FAIL: 22_locale/money_put/put/char/wrapped_env.cc (test for excess errors)
WARNING: 22_locale/money_put/put/char/wrapped_env.cc compilation failed to produce executable
FAIL: 22_locale/money_put/put/char/wrapped_locale.cc (test for excess errors)
WARNING: 22_locale/money_put/put/char/wrapped_locale.cc compilation failed to produce executable
FAIL: 22_locale/money_put/put/wchar_t/1.cc (test for excess errors)
WARNING: 22_locale/money_put/put/wchar_t/1.cc compilation failed to produce executable
FAIL: 22_locale/money_put/put/wchar_t/12971.cc (test for excess errors)
WARNING: 22_locale/money_put/put/wchar_t/12971.cc compilation failed to produce executable
FAIL: 22_locale/money_put/put/wchar_t/2.cc (test for excess errors)
WARNING: 22_locale/money_put/put/wchar_t/2.cc compilation failed to produce executable
FAIL: 22_locale/money_put/put/wchar_t/3.cc (test for excess errors)
WARNING: 22_locale/money_put/put/wchar_t/3.cc compilation failed to produce executable
FAIL: 22_locale/money_put/put/wchar_t/4.cc (test for excess errors)
WARNING: 22_locale/money_put/put/wchar_t/4.cc compilation failed to produce executable
FAIL: 22_locale/money_put/put/wchar_t/5.cc (test for excess errors)
WARNING: 22_locale/money_put/put/wchar_t/5.cc compilation failed to produce executable
FAIL: 22_locale/money_put/put/wchar_t/6.cc (test for excess errors)
WARNING: 22_locale/money_put/put/wchar_t/6.cc compilation failed to produce executable
FAIL: 22_locale/money_put/put/wchar_t/wrapped_env.cc (test for excess errors)
WARNING: 22_locale/money_put/put/wchar_t/wrapped_env.cc compilation failed to produce executable
FAIL: 22_locale/money_put/put/wchar_t/wrapped_locale.cc (test for excess errors)
WARNING: 22_locale/money_put/put/wchar_t/wrapped_locale.cc compilation failed to produce executable
FAIL: 22_locale/moneypunct/1.cc (test for excess errors)
FAIL: 22_locale/moneypunct/2.cc (test for excess errors)
FAIL: 22_locale/moneypunct/3.cc (test for excess errors)
FAIL: 22_locale/moneypunct/members/char/1.cc (test for excess errors)
WARNING: 22_locale/moneypunct/members/char/1.cc compilation failed to produce executable
FAIL: 22_locale/moneypunct/members/char/2.cc (test for excess errors)
WARNING: 22_locale/moneypunct/members/char/2.cc compilation failed to produce executable
FAIL: 22_locale/moneypunct/members/char/wrapped_env.cc (test for excess errors)
WARNING: 22_locale/moneypunct/members/char/wrapped_env.cc compilation failed to produce executable
FAIL: 22_locale/moneypunct/members/char/wrapped_locale.cc (test for excess errors)
WARNING: 22_locale/moneypunct/members/char/wrapped_locale.cc compilation failed to produce executable
FAIL: 22_locale/moneypunct/members/wchar_t/1.cc (test for excess errors)
WARNING: 22_locale/moneypunct/members/wchar_t/1.cc compilation failed to produce executable
FAIL: 22_locale/moneypunct/members/wchar_t/2.cc (test for excess errors)
WARNING: 22_locale/moneypunct/members/wchar_t/2.cc compilation failed to produce executable
FAIL: 22_locale/moneypunct/members/wchar_t/wrapped_env.cc (test for excess errors)
WARNING: 22_locale/moneypunct/members/wchar_t/wrapped_env.cc compilation failed to produce executable
FAIL: 22_locale/moneypunct/members/wchar_t/wrapped_locale.cc (test for excess errors)
WARNING: 22_locale/moneypunct/members/wchar_t/wrapped_locale.cc compilation failed to produce executable
FAIL: 22_locale/moneypunct_byname/1.cc (test for excess errors)
FAIL: 22_locale/moneypunct_byname/named_equivalence.cc (test for excess errors)
WARNING: 22_locale/moneypunct_byname/named_equivalence.cc compilation failed to produce executable
FAIL: 22_locale/num_get/1.cc (test for excess errors)
FAIL: 22_locale/num_get/2.cc (test for excess errors)
FAIL: 22_locale/num_get/get/char/1.cc (test for excess errors)
WARNING: 22_locale/num_get/get/char/1.cc compilation failed to produce executable
FAIL: 22_locale/num_get/get/char/10.cc (test for excess errors)
WARNING: 22_locale/num_get/get/char/10.cc compilation failed to produce executable
FAIL: 22_locale/num_get/get/char/11.cc (test for excess errors)
WARNING: 22_locale/num_get/get/char/11.cc compilation failed to produce executable
FAIL: 22_locale/num_get/get/char/12.cc (test for excess errors)
WARNING: 22_locale/num_get/get/char/12.cc compilation failed to produce executable
FAIL: 22_locale/num_get/get/char/13.cc (test for excess errors)
WARNING: 22_locale/num_get/get/char/13.cc compilation failed to produce executable
FAIL: 22_locale/num_get/get/char/2.cc (test for excess errors)
WARNING: 22_locale/num_get/get/char/2.cc compilation failed to produce executable
FAIL: 22_locale/num_get/get/char/3.cc (test for excess errors)
WARNING: 22_locale/num_get/get/char/3.cc compilation failed to produce executable
FAIL: 22_locale/num_get/get/char/4.cc (test for excess errors)
WARNING: 22_locale/num_get/get/char/4.cc compilation failed to produce executable
FAIL: 22_locale/num_get/get/char/5.cc (test for excess errors)
WARNING: 22_locale/num_get/get/char/5.cc compilation failed to produce executable
FAIL: 22_locale/num_get/get/char/6.cc (test for excess errors)
WARNING: 22_locale/num_get/get/char/6.cc compilation failed to produce executable
FAIL: 22_locale/num_get/get/char/7.cc (test for excess errors)
WARNING: 22_locale/num_get/get/char/7.cc compilation failed to produce executable
FAIL: 22_locale/num_get/get/char/8.cc (test for excess errors)
WARNING: 22_locale/num_get/get/char/8.cc compilation failed to produce executable
FAIL: 22_locale/num_get/get/char/9.cc (test for excess errors)
WARNING: 22_locale/num_get/get/char/9.cc compilation failed to produce executable
FAIL: 22_locale/num_get/get/char/wrapped_env.cc (test for excess errors)
WARNING: 22_locale/num_get/get/char/wrapped_env.cc compilation failed to produce executable
FAIL: 22_locale/num_get/get/char/wrapped_locale.cc (test for excess errors)
WARNING: 22_locale/num_get/get/char/wrapped_locale.cc compilation failed to produce executable
FAIL: 22_locale/num_get/get/wchar_t/1.cc (test for excess errors)
WARNING: 22_locale/num_get/get/wchar_t/1.cc compilation failed to produce executable
FAIL: 22_locale/num_get/get/wchar_t/10.cc (test for excess errors)
WARNING: 22_locale/num_get/get/wchar_t/10.cc compilation failed to produce executable
FAIL: 22_locale/num_get/get/wchar_t/11.cc (test for excess errors)
WARNING: 22_locale/num_get/get/wchar_t/11.cc compilation failed to produce executable
FAIL: 22_locale/num_get/get/wchar_t/12.cc (test for excess errors)
WARNING: 22_locale/num_get/get/wchar_t/12.cc compilation failed to produce executable
FAIL: 22_locale/num_get/get/wchar_t/13.cc (test for excess errors)
WARNING: 22_locale/num_get/get/wchar_t/13.cc compilation failed to produce executable
FAIL: 22_locale/num_get/get/wchar_t/2.cc (test for excess errors)
WARNING: 22_locale/num_get/get/wchar_t/2.cc compilation failed to produce executable
FAIL: 22_locale/num_get/get/wchar_t/3.cc (test for excess errors)
WARNING: 22_locale/num_get/get/wchar_t/3.cc compilation failed to produce executable
FAIL: 22_locale/num_get/get/wchar_t/4.cc (test for excess errors)
WARNING: 22_locale/num_get/get/wchar_t/4.cc compilation failed to produce executable
FAIL: 22_locale/num_get/get/wchar_t/5.cc (test for excess errors)
WARNING: 22_locale/num_get/get/wchar_t/5.cc compilation failed to produce executable
FAIL: 22_locale/num_get/get/wchar_t/6.cc (test for excess errors)
WARNING: 22_locale/num_get/get/wchar_t/6.cc compilation failed to produce executable
FAIL: 22_locale/num_get/get/wchar_t/7.cc (test for excess errors)
WARNING: 22_locale/num_get/get/wchar_t/7.cc compilation failed to produce executable
FAIL: 22_locale/num_get/get/wchar_t/8.cc (test for excess errors)
WARNING: 22_locale/num_get/get/wchar_t/8.cc compilation failed to produce executable
FAIL: 22_locale/num_get/get/wchar_t/9.cc (test for excess errors)
WARNING: 22_locale/num_get/get/wchar_t/9.cc compilation failed to produce executable
FAIL: 22_locale/num_get/get/wchar_t/wrapped_env.cc (test for excess errors)
WARNING: 22_locale/num_get/get/wchar_t/wrapped_env.cc compilation failed to produce executable
FAIL: 22_locale/num_get/get/wchar_t/wrapped_locale.cc (test for excess errors)
WARNING: 22_locale/num_get/get/wchar_t/wrapped_locale.cc compilation failed to produce executable
FAIL: 22_locale/num_put/1.cc (test for excess errors)
FAIL: 22_locale/num_put/2.cc (test for excess errors)
FAIL: 22_locale/num_put/put/char/1.cc (test for excess errors)
WARNING: 22_locale/num_put/put/char/1.cc compilation failed to produce executable
FAIL: 22_locale/num_put/put/char/2.cc (test for excess errors)
WARNING: 22_locale/num_put/put/char/2.cc compilation failed to produce executable
FAIL: 22_locale/num_put/put/char/3.cc (test for excess errors)
WARNING: 22_locale/num_put/put/char/3.cc compilation failed to produce executable
FAIL: 22_locale/num_put/put/char/4.cc (test for excess errors)
WARNING: 22_locale/num_put/put/char/4.cc compilation failed to produce executable
FAIL: 22_locale/num_put/put/char/5.cc (test for excess errors)
WARNING: 22_locale/num_put/put/char/5.cc compilation failed to produce executable
FAIL: 22_locale/num_put/put/char/6.cc (test for excess errors)
WARNING: 22_locale/num_put/put/char/6.cc compilation failed to produce executable
FAIL: 22_locale/num_put/put/char/7.cc (test for excess errors)
WARNING: 22_locale/num_put/put/char/7.cc compilation failed to produce executable
FAIL: 22_locale/num_put/put/char/8.cc (test for excess errors)
WARNING: 22_locale/num_put/put/char/8.cc compilation failed to produce executable
FAIL: 22_locale/num_put/put/char/wrapped_env.cc (test for excess errors)
WARNING: 22_locale/num_put/put/char/wrapped_env.cc compilation failed to produce executable
FAIL: 22_locale/num_put/put/char/wrapped_locale.cc (test for excess errors)
WARNING: 22_locale/num_put/put/char/wrapped_locale.cc compilation failed to produce executable
FAIL: 22_locale/num_put/put/wchar_t/1.cc (test for excess errors)
WARNING: 22_locale/num_put/put/wchar_t/1.cc compilation failed to produce executable
FAIL: 22_locale/num_put/put/wchar_t/2.cc (test for excess errors)
WARNING: 22_locale/num_put/put/wchar_t/2.cc compilation failed to produce executable
FAIL: 22_locale/num_put/put/wchar_t/3.cc (test for excess errors)
WARNING: 22_locale/num_put/put/wchar_t/3.cc compilation failed to produce executable
FAIL: 22_locale/num_put/put/wchar_t/4.cc (test for excess errors)
WARNING: 22_locale/num_put/put/wchar_t/4.cc compilation failed to produce executable
FAIL: 22_locale/num_put/put/wchar_t/5.cc (test for excess errors)
WARNING: 22_locale/num_put/put/wchar_t/5.cc compilation failed to produce executable
FAIL: 22_locale/num_put/put/wchar_t/6.cc (test for excess errors)
WARNING: 22_locale/num_put/put/wchar_t/6.cc compilation failed to produce executable
FAIL: 22_locale/num_put/put/wchar_t/7.cc (test for excess errors)
WARNING: 22_locale/num_put/put/wchar_t/7.cc compilation failed to produce executable
FAIL: 22_locale/num_put/put/wchar_t/8.cc (test for excess errors)
WARNING: 22_locale/num_put/put/wchar_t/8.cc compilation failed to produce executable
FAIL: 22_locale/num_put/put/wchar_t/wrapped_env.cc (test for excess errors)
WARNING: 22_locale/num_put/put/wchar_t/wrapped_env.cc compilation failed to produce executable
FAIL: 22_locale/num_put/put/wchar_t/wrapped_locale.cc (test for excess errors)
WARNING: 22_locale/num_put/put/wchar_t/wrapped_locale.cc compilation failed to produce executable
FAIL: 22_locale/numpunct/1.cc (test for excess errors)
FAIL: 22_locale/numpunct/2.cc (test for excess errors)
FAIL: 22_locale/numpunct/members/char/1.cc (test for excess errors)
WARNING: 22_locale/numpunct/members/char/1.cc compilation failed to produce executable
FAIL: 22_locale/numpunct/members/char/2.cc (test for excess errors)
WARNING: 22_locale/numpunct/members/char/2.cc compilation failed to produce executable
FAIL: 22_locale/numpunct/members/char/3.cc (test for excess errors)
WARNING: 22_locale/numpunct/members/char/3.cc compilation failed to produce executable
FAIL: 22_locale/numpunct/members/char/cache_1.cc (test for excess errors)
WARNING: 22_locale/numpunct/members/char/cache_1.cc compilation failed to produce executable
FAIL: 22_locale/numpunct/members/char/cache_2.cc (test for excess errors)
WARNING: 22_locale/numpunct/members/char/cache_2.cc compilation failed to produce executable
FAIL: 22_locale/numpunct/members/char/wrapped_env.cc (test for excess errors)
WARNING: 22_locale/numpunct/members/char/wrapped_env.cc compilation failed to produce executable
FAIL: 22_locale/numpunct/members/char/wrapped_locale.cc (test for excess errors)
WARNING: 22_locale/numpunct/members/char/wrapped_locale.cc compilation failed to produce executable
FAIL: 22_locale/numpunct/members/pod/1.cc (test for excess errors)
WARNING: 22_locale/numpunct/members/pod/1.cc compilation failed to produce executable
FAIL: 22_locale/numpunct/members/pod/2.cc (test for excess errors)
WARNING: 22_locale/numpunct/members/pod/2.cc compilation failed to produce executable
FAIL: 22_locale/numpunct/members/wchar_t/1.cc (test for excess errors)
WARNING: 22_locale/numpunct/members/wchar_t/1.cc compilation failed to produce executable
FAIL: 22_locale/numpunct/members/wchar_t/2.cc (test for excess errors)
WARNING: 22_locale/numpunct/members/wchar_t/2.cc compilation failed to produce executable
FAIL: 22_locale/numpunct/members/wchar_t/cache_1.cc (test for excess errors)
WARNING: 22_locale/numpunct/members/wchar_t/cache_1.cc compilation failed to produce executable
FAIL: 22_locale/numpunct/members/wchar_t/cache_2.cc (test for excess errors)
WARNING: 22_locale/numpunct/members/wchar_t/cache_2.cc compilation failed to produce executable
FAIL: 22_locale/numpunct/members/wchar_t/wrapped_env.cc (test for excess errors)
WARNING: 22_locale/numpunct/members/wchar_t/wrapped_env.cc compilation failed to produce executable
FAIL: 22_locale/numpunct/members/wchar_t/wrapped_locale.cc (test for excess errors)
WARNING: 22_locale/numpunct/members/wchar_t/wrapped_locale.cc compilation failed to produce executable
FAIL: 22_locale/numpunct_byname/1.cc (test for excess errors)
FAIL: 22_locale/numpunct_byname/named_equivalence.cc (test for excess errors)
WARNING: 22_locale/numpunct_byname/named_equivalence.cc compilation failed to produce executable
FAIL: 22_locale/time_get/1.cc (test for excess errors)
FAIL: 22_locale/time_get/2.cc (test for excess errors)
FAIL: 22_locale/time_get/date_order/char/1.cc (test for excess errors)
WARNING: 22_locale/time_get/date_order/char/1.cc compilation failed to produce executable
FAIL: 22_locale/time_get/date_order/char/wrapped_env.cc (test for excess errors)
WARNING: 22_locale/time_get/date_order/char/wrapped_env.cc compilation failed to produce executable
FAIL: 22_locale/time_get/date_order/char/wrapped_locale.cc (test for excess errors)
WARNING: 22_locale/time_get/date_order/char/wrapped_locale.cc compilation failed to produce executable
FAIL: 22_locale/time_get/date_order/wchar_t/1.cc (test for excess errors)
WARNING: 22_locale/time_get/date_order/wchar_t/1.cc compilation failed to produce executable
FAIL: 22_locale/time_get/date_order/wchar_t/wrapped_env.cc (test for excess errors)
WARNING: 22_locale/time_get/date_order/wchar_t/wrapped_env.cc compilation failed to produce executable
FAIL: 22_locale/time_get/date_order/wchar_t/wrapped_locale.cc (test for excess errors)
WARNING: 22_locale/time_get/date_order/wchar_t/wrapped_locale.cc compilation failed to produce executable
FAIL: 22_locale/time_get/get_date/char/1.cc (test for excess errors)
WARNING: 22_locale/time_get/get_date/char/1.cc compilation failed to produce executable
FAIL: 22_locale/time_get/get_date/char/12750.cc (test for excess errors)
WARNING: 22_locale/time_get/get_date/char/12750.cc compilation failed to produce executable
FAIL: 22_locale/time_get/get_date/char/12791.cc (test for excess errors)
WARNING: 22_locale/time_get/get_date/char/12791.cc compilation failed to produce executable
FAIL: 22_locale/time_get/get_date/char/2.cc (test for excess errors)
WARNING: 22_locale/time_get/get_date/char/2.cc compilation failed to produce executable
FAIL: 22_locale/time_get/get_date/char/3.cc (test for excess errors)
WARNING: 22_locale/time_get/get_date/char/3.cc compilation failed to produce executable
FAIL: 22_locale/time_get/get_date/char/wrapped_env.cc (test for excess errors)
WARNING: 22_locale/time_get/get_date/char/wrapped_env.cc compilation failed to produce executable
FAIL: 22_locale/time_get/get_date/char/wrapped_locale.cc (test for excess errors)
WARNING: 22_locale/time_get/get_date/char/wrapped_locale.cc compilation failed to produce executable
FAIL: 22_locale/time_get/get_date/wchar_t/1.cc (test for excess errors)
WARNING: 22_locale/time_get/get_date/wchar_t/1.cc compilation failed to produce executable
FAIL: 22_locale/time_get/get_date/wchar_t/12750.cc (test for excess errors)
WARNING: 22_locale/time_get/get_date/wchar_t/12750.cc compilation failed to produce executable
FAIL: 22_locale/time_get/get_date/wchar_t/12791.cc (test for excess errors)
WARNING: 22_locale/time_get/get_date/wchar_t/12791.cc compilation failed to produce executable
FAIL: 22_locale/time_get/get_date/wchar_t/2.cc (test for excess errors)
WARNING: 22_locale/time_get/get_date/wchar_t/2.cc compilation failed to produce executable
FAIL: 22_locale/time_get/get_date/wchar_t/3.cc (test for excess errors)
WARNING: 22_locale/time_get/get_date/wchar_t/3.cc compilation failed to produce executable
FAIL: 22_locale/time_get/get_date/wchar_t/4.cc (test for excess errors)
WARNING: 22_locale/time_get/get_date/wchar_t/4.cc compilation failed to produce executable
FAIL: 22_locale/time_get/get_date/wchar_t/wrapped_env.cc (test for excess errors)
WARNING: 22_locale/time_get/get_date/wchar_t/wrapped_env.cc compilation failed to produce executable
FAIL: 22_locale/time_get/get_date/wchar_t/wrapped_locale.cc (test for excess errors)
WARNING: 22_locale/time_get/get_date/wchar_t/wrapped_locale.cc compilation failed to produce executable
FAIL: 22_locale/time_get/get_monthname/char/1.cc (test for excess errors)
WARNING: 22_locale/time_get/get_monthname/char/1.cc compilation failed to produce executable
FAIL: 22_locale/time_get/get_monthname/char/2.cc (test for excess errors)
WARNING: 22_locale/time_get/get_monthname/char/2.cc compilation failed to produce executable
FAIL: 22_locale/time_get/get_monthname/char/3.cc (test for excess errors)
WARNING: 22_locale/time_get/get_monthname/char/3.cc compilation failed to produce executable
FAIL: 22_locale/time_get/get_monthname/char/wrapped_env.cc (test for excess errors)
WARNING: 22_locale/time_get/get_monthname/char/wrapped_env.cc compilation failed to produce executable
FAIL: 22_locale/time_get/get_monthname/char/wrapped_locale.cc (test for excess errors)
WARNING: 22_locale/time_get/get_monthname/char/wrapped_locale.cc compilation failed to produce executable
FAIL: 22_locale/time_get/get_monthname/wchar_t/1.cc (test for excess errors)
WARNING: 22_locale/time_get/get_monthname/wchar_t/1.cc compilation failed to produce executable
FAIL: 22_locale/time_get/get_monthname/wchar_t/2.cc (test for excess errors)
WARNING: 22_locale/time_get/get_monthname/wchar_t/2.cc compilation failed to produce executable
FAIL: 22_locale/time_get/get_monthname/wchar_t/3.cc (test for excess errors)
WARNING: 22_locale/time_get/get_monthname/wchar_t/3.cc compilation failed to produce executable
FAIL: 22_locale/time_get/get_monthname/wchar_t/wrapped_env.cc (test for excess errors)
WARNING: 22_locale/time_get/get_monthname/wchar_t/wrapped_env.cc compilation failed to produce executable
FAIL: 22_locale/time_get/get_monthname/wchar_t/wrapped_locale.cc (test for excess errors)
WARNING: 22_locale/time_get/get_monthname/wchar_t/wrapped_locale.cc compilation failed to produce executable
FAIL: 22_locale/time_get/get_time/char/1.cc (test for excess errors)
WARNING: 22_locale/time_get/get_time/char/1.cc compilation failed to produce executable
FAIL: 22_locale/time_get/get_time/char/2.cc (test for excess errors)
WARNING: 22_locale/time_get/get_time/char/2.cc compilation failed to produce executable
FAIL: 22_locale/time_get/get_time/char/3.cc (test for excess errors)
WARNING: 22_locale/time_get/get_time/char/3.cc compilation failed to produce executable
FAIL: 22_locale/time_get/get_time/char/wrapped_env.cc (test for excess errors)
WARNING: 22_locale/time_get/get_time/char/wrapped_env.cc compilation failed to produce executable
FAIL: 22_locale/time_get/get_time/char/wrapped_locale.cc (test for excess errors)
WARNING: 22_locale/time_get/get_time/char/wrapped_locale.cc compilation failed to produce executable
FAIL: 22_locale/time_get/get_time/wchar_t/1.cc (test for excess errors)
WARNING: 22_locale/time_get/get_time/wchar_t/1.cc compilation failed to produce executable
FAIL: 22_locale/time_get/get_time/wchar_t/2.cc (test for excess errors)
WARNING: 22_locale/time_get/get_time/wchar_t/2.cc compilation failed to produce executable
FAIL: 22_locale/time_get/get_time/wchar_t/3.cc (test for excess errors)
WARNING: 22_locale/time_get/get_time/wchar_t/3.cc compilation failed to produce executable
FAIL: 22_locale/time_get/get_time/wchar_t/wrapped_env.cc (test for excess errors)
WARNING: 22_locale/time_get/get_time/wchar_t/wrapped_env.cc compilation failed to produce executable
FAIL: 22_locale/time_get/get_time/wchar_t/wrapped_locale.cc (test for excess errors)
WARNING: 22_locale/time_get/get_time/wchar_t/wrapped_locale.cc compilation failed to produce executable
FAIL: 22_locale/time_get/get_weekday/char/1.cc (test for excess errors)
WARNING: 22_locale/time_get/get_weekday/char/1.cc compilation failed to produce executable
FAIL: 22_locale/time_get/get_weekday/char/2.cc (test for excess errors)
WARNING: 22_locale/time_get/get_weekday/char/2.cc compilation failed to produce executable
FAIL: 22_locale/time_get/get_weekday/char/3.cc (test for excess errors)
WARNING: 22_locale/time_get/get_weekday/char/3.cc compilation failed to produce executable
FAIL: 22_locale/time_get/get_weekday/char/wrapped_env.cc (test for excess errors)
WARNING: 22_locale/time_get/get_weekday/char/wrapped_env.cc compilation failed to produce executable
FAIL: 22_locale/time_get/get_weekday/char/wrapped_locale.cc (test for excess errors)
WARNING: 22_locale/time_get/get_weekday/char/wrapped_locale.cc compilation failed to produce executable
FAIL: 22_locale/time_get/get_weekday/wchar_t/1.cc (test for excess errors)
WARNING: 22_locale/time_get/get_weekday/wchar_t/1.cc compilation failed to produce executable
FAIL: 22_locale/time_get/get_weekday/wchar_t/2.cc (test for excess errors)
WARNING: 22_locale/time_get/get_weekday/wchar_t/2.cc compilation failed to produce executable
FAIL: 22_locale/time_get/get_weekday/wchar_t/3.cc (test for excess errors)
WARNING: 22_locale/time_get/get_weekday/wchar_t/3.cc compilation failed to produce executable
FAIL: 22_locale/time_get/get_weekday/wchar_t/wrapped_env.cc (test for excess errors)
WARNING: 22_locale/time_get/get_weekday/wchar_t/wrapped_env.cc compilation failed to produce executable
FAIL: 22_locale/time_get/get_weekday/wchar_t/wrapped_locale.cc (test for excess errors)
WARNING: 22_locale/time_get/get_weekday/wchar_t/wrapped_locale.cc compilation failed to produce executable
FAIL: 22_locale/time_get/get_year/char/1.cc (test for excess errors)
WARNING: 22_locale/time_get/get_year/char/1.cc compilation failed to produce executable
FAIL: 22_locale/time_get/get_year/char/3.cc (test for excess errors)
WARNING: 22_locale/time_get/get_year/char/3.cc compilation failed to produce executable
FAIL: 22_locale/time_get/get_year/char/wrapped_env.cc (test for excess errors)
WARNING: 22_locale/time_get/get_year/char/wrapped_env.cc compilation failed to produce executable
FAIL: 22_locale/time_get/get_year/char/wrapped_locale.cc (test for excess errors)
WARNING: 22_locale/time_get/get_year/char/wrapped_locale.cc compilation failed to produce executable
FAIL: 22_locale/time_get/get_year/wchar_t/1.cc (test for excess errors)
WARNING: 22_locale/time_get/get_year/wchar_t/1.cc compilation failed to produce executable
FAIL: 22_locale/time_get/get_year/wchar_t/3.cc (test for excess errors)
WARNING: 22_locale/time_get/get_year/wchar_t/3.cc compilation failed to produce executable
FAIL: 22_locale/time_get/get_year/wchar_t/wrapped_env.cc (test for excess errors)
WARNING: 22_locale/time_get/get_year/wchar_t/wrapped_env.cc compilation failed to produce executable
FAIL: 22_locale/time_get/get_year/wchar_t/wrapped_locale.cc (test for excess errors)
WARNING: 22_locale/time_get/get_year/wchar_t/wrapped_locale.cc compilation failed to produce executable
FAIL: 22_locale/time_put/1.cc (test for excess errors)
FAIL: 22_locale/time_put/2.cc (test for excess errors)
FAIL: 22_locale/time_put/put/char/1.cc (test for excess errors)
WARNING: 22_locale/time_put/put/char/1.cc compilation failed to produce executable
FAIL: 22_locale/time_put/put/char/10.cc (test for excess errors)
WARNING: 22_locale/time_put/put/char/10.cc compilation failed to produce executable
FAIL: 22_locale/time_put/put/char/12439_1.cc (test for excess errors)
WARNING: 22_locale/time_put/put/char/12439_1.cc compilation failed to produce executable
FAIL: 22_locale/time_put/put/char/12439_3.cc (test for excess errors)
WARNING: 22_locale/time_put/put/char/12439_3.cc compilation failed to produce executable
FAIL: 22_locale/time_put/put/char/2.cc (test for excess errors)
WARNING: 22_locale/time_put/put/char/2.cc compilation failed to produce executable
FAIL: 22_locale/time_put/put/char/3.cc (test for excess errors)
WARNING: 22_locale/time_put/put/char/3.cc compilation failed to produce executable
FAIL: 22_locale/time_put/put/char/4.cc (test for excess errors)
WARNING: 22_locale/time_put/put/char/4.cc compilation failed to produce executable
FAIL: 22_locale/time_put/put/char/5.cc (test for excess errors)
WARNING: 22_locale/time_put/put/char/5.cc compilation failed to produce executable
FAIL: 22_locale/time_put/put/char/6.cc (test for excess errors)
WARNING: 22_locale/time_put/put/char/6.cc compilation failed to produce executable
FAIL: 22_locale/time_put/put/char/7.cc (test for excess errors)
WARNING: 22_locale/time_put/put/char/7.cc compilation failed to produce executable
FAIL: 22_locale/time_put/put/char/8.cc (test for excess errors)
WARNING: 22_locale/time_put/put/char/8.cc compilation failed to produce executable
FAIL: 22_locale/time_put/put/char/9.cc (test for excess errors)
WARNING: 22_locale/time_put/put/char/9.cc compilation failed to produce executable
FAIL: 22_locale/time_put/put/char/wrapped_env.cc (test for excess errors)
WARNING: 22_locale/time_put/put/char/wrapped_env.cc compilation failed to produce executable
FAIL: 22_locale/time_put/put/char/wrapped_locale.cc (test for excess errors)
WARNING: 22_locale/time_put/put/char/wrapped_locale.cc compilation failed to produce executable
FAIL: 22_locale/time_put/put/wchar_t/1.cc (test for excess errors)
WARNING: 22_locale/time_put/put/wchar_t/1.cc compilation failed to produce executable
FAIL: 22_locale/time_put/put/wchar_t/10.cc (test for excess errors)
WARNING: 22_locale/time_put/put/wchar_t/10.cc compilation failed to produce executable
FAIL: 22_locale/time_put/put/wchar_t/12439_1.cc (test for excess errors)
WARNING: 22_locale/time_put/put/wchar_t/12439_1.cc compilation failed to produce executable
FAIL: 22_locale/time_put/put/wchar_t/12439_2.cc (test for excess errors)
WARNING: 22_locale/time_put/put/wchar_t/12439_2.cc compilation failed to produce executable
FAIL: 22_locale/time_put/put/wchar_t/12439_3.cc (test for excess errors)
WARNING: 22_locale/time_put/put/wchar_t/12439_3.cc compilation failed to produce executable
FAIL: 22_locale/time_put/put/wchar_t/2.cc (test for excess errors)
WARNING: 22_locale/time_put/put/wchar_t/2.cc compilation failed to produce executable
FAIL: 22_locale/time_put/put/wchar_t/3.cc (test for excess errors)
WARNING: 22_locale/time_put/put/wchar_t/3.cc compilation failed to produce executable
FAIL: 22_locale/time_put/put/wchar_t/4.cc (test for excess errors)
WARNING: 22_locale/time_put/put/wchar_t/4.cc compilation failed to produce executable
FAIL: 22_locale/time_put/put/wchar_t/5.cc (test for excess errors)
WARNING: 22_locale/time_put/put/wchar_t/5.cc compilation failed to produce executable
FAIL: 22_locale/time_put/put/wchar_t/6.cc (test for excess errors)
WARNING: 22_locale/time_put/put/wchar_t/6.cc compilation failed to produce executable
FAIL: 22_locale/time_put/put/wchar_t/7.cc (test for excess errors)
WARNING: 22_locale/time_put/put/wchar_t/7.cc compilation failed to produce executable
FAIL: 22_locale/time_put/put/wchar_t/8.cc (test for excess errors)
WARNING: 22_locale/time_put/put/wchar_t/8.cc compilation failed to produce executable
FAIL: 22_locale/time_put/put/wchar_t/9.cc (test for excess errors)
WARNING: 22_locale/time_put/put/wchar_t/9.cc compilation failed to produce executable
FAIL: 22_locale/time_put/put/wchar_t/wrapped_env.cc (test for excess errors)
WARNING: 22_locale/time_put/put/wchar_t/wrapped_env.cc compilation failed to produce executable
FAIL: 22_locale/time_put/put/wchar_t/wrapped_locale.cc (test for excess errors)
WARNING: 22_locale/time_put/put/wchar_t/wrapped_locale.cc compilation failed to produce executable
FAIL: 23_containers/bitset/cons/1.cc (test for excess errors)
WARNING: 23_containers/bitset/cons/1.cc compilation failed to produce executable
FAIL: 23_containers/bitset/cons/6282.cc (test for excess errors)
WARNING: 23_containers/bitset/cons/6282.cc compilation failed to produce executable
FAIL: 23_containers/bitset/count/6124.cc (test for excess errors)
WARNING: 23_containers/bitset/count/6124.cc compilation failed to produce executable
FAIL: 23_containers/bitset/input/1.cc (test for excess errors)
WARNING: 23_containers/bitset/input/1.cc compilation failed to produce executable
FAIL: 23_containers/bitset/invalidation/1.cc (test for excess errors)
WARNING: 23_containers/bitset/invalidation/1.cc compilation failed to produce executable
FAIL: 23_containers/bitset/operations/1.cc (test for excess errors)
WARNING: 23_containers/bitset/operations/1.cc compilation failed to produce executable
FAIL: 23_containers/bitset/operations/2.cc (test for excess errors)
WARNING: 23_containers/bitset/operations/2.cc compilation failed to produce executable
FAIL: 23_containers/bitset/test/1.cc (test for excess errors)
WARNING: 23_containers/bitset/test/1.cc compilation failed to produce executable
FAIL: 23_containers/bitset/to_ulong/1.cc (test for excess errors)
WARNING: 23_containers/bitset/to_ulong/1.cc compilation failed to produce executable
FAIL: 23_containers/deque/1.cc (test for excess errors)
FAIL: 23_containers/deque/cons/1.cc (test for excess errors)
WARNING: 23_containers/deque/cons/1.cc compilation failed to produce executable
FAIL: 23_containers/deque/cons/2.cc (test for excess errors)
WARNING: 23_containers/deque/cons/2.cc compilation failed to produce executable
FAIL: 23_containers/deque/invalidation/1.cc (test for excess errors)
WARNING: 23_containers/deque/invalidation/1.cc compilation failed to produce executable
FAIL: 23_containers/deque/invalidation/2.cc (test for excess errors)
WARNING: 23_containers/deque/invalidation/2.cc compilation failed to produce executable
FAIL: 23_containers/deque/invalidation/3.cc (test for excess errors)
WARNING: 23_containers/deque/invalidation/3.cc compilation failed to produce executable
FAIL: 23_containers/deque/invalidation/4.cc (test for excess errors)
WARNING: 23_containers/deque/invalidation/4.cc compilation failed to produce executable
FAIL: 23_containers/deque/operators/1.cc (test for excess errors)
WARNING: 23_containers/deque/operators/1.cc compilation failed to produce executable
FAIL: 23_containers/list/1.cc (test for excess errors)
FAIL: 23_containers/list/capacity/1.cc (test for excess errors)
WARNING: 23_containers/list/capacity/1.cc compilation failed to produce executable
FAIL: 23_containers/list/cons/1.cc (test for excess errors)
WARNING: 23_containers/list/cons/1.cc compilation failed to produce executable
FAIL: 23_containers/list/cons/2.cc (test for excess errors)
WARNING: 23_containers/list/cons/2.cc compilation failed to produce executable
FAIL: 23_containers/list/cons/3.cc (test for excess errors)
WARNING: 23_containers/list/cons/3.cc compilation failed to produce executable
FAIL: 23_containers/list/cons/4.cc (test for excess errors)
WARNING: 23_containers/list/cons/4.cc compilation failed to produce executable
FAIL: 23_containers/list/cons/5.cc (test for excess errors)
WARNING: 23_containers/list/cons/5.cc compilation failed to produce executable
FAIL: 23_containers/list/cons/6.cc (test for excess errors)
WARNING: 23_containers/list/cons/6.cc compilation failed to produce executable
FAIL: 23_containers/list/cons/7.cc (test for excess errors)
WARNING: 23_containers/list/cons/7.cc compilation failed to produce executable
FAIL: 23_containers/list/cons/8.cc (test for excess errors)
WARNING: 23_containers/list/cons/8.cc compilation failed to produce executable
FAIL: 23_containers/list/cons/9.cc (test for excess errors)
WARNING: 23_containers/list/cons/9.cc compilation failed to produce executable
FAIL: 23_containers/list/invalidation/1.cc (test for excess errors)
WARNING: 23_containers/list/invalidation/1.cc compilation failed to produce executable
FAIL: 23_containers/list/invalidation/2.cc (test for excess errors)
WARNING: 23_containers/list/invalidation/2.cc compilation failed to produce executable
FAIL: 23_containers/list/invalidation/3.cc (test for excess errors)
WARNING: 23_containers/list/invalidation/3.cc compilation failed to produce executable
FAIL: 23_containers/list/invalidation/4.cc (test for excess errors)
WARNING: 23_containers/list/invalidation/4.cc compilation failed to produce executable
FAIL: 23_containers/list/modifiers/1.cc (test for excess errors)
WARNING: 23_containers/list/modifiers/1.cc compilation failed to produce executable
FAIL: 23_containers/list/modifiers/2.cc (test for excess errors)
WARNING: 23_containers/list/modifiers/2.cc compilation failed to produce executable
FAIL: 23_containers/list/modifiers/3.cc (test for excess errors)
WARNING: 23_containers/list/modifiers/3.cc compilation failed to produce executable
FAIL: 23_containers/list/operators/1.cc (test for excess errors)
WARNING: 23_containers/list/operators/1.cc compilation failed to produce executable
FAIL: 23_containers/list/operators/2.cc (test for excess errors)
WARNING: 23_containers/list/operators/2.cc compilation failed to produce executable
FAIL: 23_containers/list/operators/3.cc (test for excess errors)
WARNING: 23_containers/list/operators/3.cc compilation failed to produce executable
FAIL: 23_containers/list/operators/4.cc (test for excess errors)
WARNING: 23_containers/list/operators/4.cc compilation failed to produce executable
FAIL: 23_containers/map/1.cc (test for excess errors)
FAIL: 23_containers/map/insert/1.cc (test for excess errors)
WARNING: 23_containers/map/insert/1.cc compilation failed to produce executable
FAIL: 23_containers/map/invalidation/1.cc (test for excess errors)
WARNING: 23_containers/map/invalidation/1.cc compilation failed to produce executable
FAIL: 23_containers/map/invalidation/2.cc (test for excess errors)
WARNING: 23_containers/map/invalidation/2.cc compilation failed to produce executable
FAIL: 23_containers/map/operators/1_neg.cc (test for excess errors)
FAIL: 23_containers/multimap/1.cc (test for excess errors)
FAIL: 23_containers/multimap/invalidation/1.cc (test for excess errors)
WARNING: 23_containers/multimap/invalidation/1.cc compilation failed to produce executable
FAIL: 23_containers/multimap/invalidation/2.cc (test for excess errors)
WARNING: 23_containers/multimap/invalidation/2.cc compilation failed to produce executable
FAIL: 23_containers/multiset/1.cc (test for excess errors)
FAIL: 23_containers/multiset/insert/1.cc (test for excess errors)
WARNING: 23_containers/multiset/insert/1.cc compilation failed to produce executable
FAIL: 23_containers/multiset/invalidation/1.cc (test for excess errors)
WARNING: 23_containers/multiset/invalidation/1.cc compilation failed to produce executable
FAIL: 23_containers/multiset/invalidation/2.cc (test for excess errors)
WARNING: 23_containers/multiset/invalidation/2.cc compilation failed to produce executable
FAIL: 23_containers/priority_queue/members/7161.cc (test for excess errors)
WARNING: 23_containers/priority_queue/members/7161.cc compilation failed to produce executable
FAIL: 23_containers/queue/members/7157.cc (test for excess errors)
WARNING: 23_containers/queue/members/7157.cc compilation failed to produce executable
FAIL: 23_containers/set/1.cc (test for excess errors)
FAIL: 23_containers/set/invalidation/1.cc (test for excess errors)
WARNING: 23_containers/set/invalidation/1.cc compilation failed to produce executable
FAIL: 23_containers/set/invalidation/2.cc (test for excess errors)
WARNING: 23_containers/set/invalidation/2.cc compilation failed to produce executable
FAIL: 23_containers/set/operators/1_neg.cc (test for excess errors)
FAIL: 23_containers/stack/members/7158.cc (test for excess errors)
WARNING: 23_containers/stack/members/7158.cc compilation failed to produce executable
FAIL: 23_containers/vector/1.cc (test for excess errors)
FAIL: 23_containers/vector/bool/1.cc (test for excess errors)
WARNING: 23_containers/vector/bool/1.cc compilation failed to produce executable
FAIL: 23_containers/vector/bool/6886.cc (test for excess errors)
WARNING: 23_containers/vector/bool/6886.cc compilation failed to produce executable
FAIL: 23_containers/vector/capacity/1.cc (test for excess errors)
WARNING: 23_containers/vector/capacity/1.cc compilation failed to produce executable
FAIL: 23_containers/vector/capacity/2.cc (test for excess errors)
WARNING: 23_containers/vector/capacity/2.cc compilation failed to produce executable
FAIL: 23_containers/vector/capacity/8230.cc (test for excess errors)
WARNING: 23_containers/vector/capacity/8230.cc compilation failed to produce executable
FAIL: 23_containers/vector/cons/1.cc (test for excess errors)
WARNING: 23_containers/vector/cons/1.cc compilation failed to produce executable
FAIL: 23_containers/vector/cons/2.cc (test for excess errors)
WARNING: 23_containers/vector/cons/2.cc compilation failed to produce executable
FAIL: 23_containers/vector/cons/3.cc (test for excess errors)
WARNING: 23_containers/vector/cons/3.cc compilation failed to produce executable
FAIL: 23_containers/vector/cons/4.cc (test for excess errors)
WARNING: 23_containers/vector/cons/4.cc compilation failed to produce executable
FAIL: 23_containers/vector/cons/6513.cc (test for excess errors)
WARNING: 23_containers/vector/cons/6513.cc compilation failed to produce executable
FAIL: 23_containers/vector/element_access/1.cc (test for excess errors)
WARNING: 23_containers/vector/element_access/1.cc compilation failed to produce executable
FAIL: 23_containers/vector/invalidation/1.cc (test for excess errors)
WARNING: 23_containers/vector/invalidation/1.cc compilation failed to produce executable
FAIL: 23_containers/vector/invalidation/2.cc (test for excess errors)
WARNING: 23_containers/vector/invalidation/2.cc compilation failed to produce executable
FAIL: 23_containers/vector/invalidation/3.cc (test for excess errors)
WARNING: 23_containers/vector/invalidation/3.cc compilation failed to produce executable
FAIL: 23_containers/vector/invalidation/4.cc (test for excess errors)
WARNING: 23_containers/vector/invalidation/4.cc compilation failed to produce executable
FAIL: 23_containers/vector/modifiers/1.cc (test for excess errors)
WARNING: 23_containers/vector/modifiers/1.cc compilation failed to produce executable
FAIL: 23_containers/vector/modifiers/2.cc (test for excess errors)
WARNING: 23_containers/vector/modifiers/2.cc compilation failed to produce executable
FAIL: 23_containers/vector/resize/1.cc (test for excess errors)
WARNING: 23_containers/vector/resize/1.cc compilation failed to produce executable
FAIL: 24_iterators/istream_iterator.cc (test for excess errors)
WARNING: 24_iterators/istream_iterator.cc compilation failed to produce executable
FAIL: 24_iterators/istreambuf_iterator/1.cc (test for excess errors)
FAIL: 24_iterators/istreambuf_iterator/2.cc (test for excess errors)
WARNING: 24_iterators/istreambuf_iterator/2.cc compilation failed to produce executable
FAIL: 24_iterators/istreambuf_iterator/2627.cc (test for excess errors)
WARNING: 24_iterators/istreambuf_iterator/2627.cc compilation failed to produce executable
FAIL: 24_iterators/iterator.cc (test for excess errors)
WARNING: 24_iterators/iterator.cc compilation failed to produce executable
FAIL: 24_iterators/ostream_iterator.cc (test for excess errors)
WARNING: 24_iterators/ostream_iterator.cc compilation failed to produce executable
FAIL: 24_iterators/ostreambuf_iterator/1.cc (test for excess errors)
FAIL: 24_iterators/ostreambuf_iterator/2.cc (test for excess errors)
WARNING: 24_iterators/ostreambuf_iterator/2.cc compilation failed to produce executable
FAIL: 24_iterators/reverse_iterator/3.cc (test for excess errors)
WARNING: 24_iterators/reverse_iterator/3.cc compilation failed to produce executable
FAIL: 25_algorithms/binary_search.cc (test for excess errors)
WARNING: 25_algorithms/binary_search.cc compilation failed to produce executable
FAIL: 25_algorithms/copy.cc (test for excess errors)
WARNING: 25_algorithms/copy.cc compilation failed to produce executable
FAIL: 25_algorithms/heap.cc (test for excess errors)
WARNING: 25_algorithms/heap.cc compilation failed to produce executable
FAIL: 25_algorithms/lower_bound.cc (test for excess errors)
FAIL: 25_algorithms/min_max.cc (test for excess errors)
WARNING: 25_algorithms/min_max.cc compilation failed to produce executable
FAIL: 25_algorithms/partition.cc (test for excess errors)
WARNING: 25_algorithms/partition.cc compilation failed to produce executable
FAIL: 25_algorithms/rotate.cc (test for excess errors)
WARNING: 25_algorithms/rotate.cc compilation failed to produce executable
FAIL: 25_algorithms/sort.cc (test for excess errors)
WARNING: 25_algorithms/sort.cc compilation failed to produce executable
FAIL: 25_algorithms/unique/11480.cc (test for excess errors)
WARNING: 25_algorithms/unique/11480.cc compilation failed to produce executable
FAIL: 25_algorithms/unique/2.cc (test for excess errors)
WARNING: 25_algorithms/unique/2.cc compilation failed to produce executable
XPASS: 26_numerics/c99_classification_macros_c.cc (test for excess errors)
FAIL: 26_numerics/c_math.cc (test for excess errors)
WARNING: 26_numerics/c_math.cc compilation failed to produce executable
FAIL: 26_numerics/complex_inserters_extractors.cc (test for excess errors)
WARNING: 26_numerics/complex_inserters_extractors.cc compilation failed to produce executable
FAIL: 26_numerics/slice.cc (test for excess errors)
WARNING: 26_numerics/slice.cc compilation failed to produce executable
FAIL: 26_numerics/slice_array_assignment.cc (test for excess errors)
WARNING: 26_numerics/slice_array_assignment.cc compilation failed to produce executable
FAIL: 26_numerics/sum_diff.cc (test for excess errors)
WARNING: 26_numerics/sum_diff.cc compilation failed to produce executable
FAIL: 26_numerics/valarray.cc (test for excess errors)
WARNING: 26_numerics/valarray.cc compilation failed to produce executable
FAIL: 26_numerics/valarray_const_bracket.cc (test for excess errors)
WARNING: 26_numerics/valarray_const_bracket.cc compilation failed to produce executable
FAIL: 26_numerics/valarray_operators.cc (test for excess errors)
WARNING: 26_numerics/valarray_operators.cc compilation failed to produce executable
FAIL: 27_io/basic_filebuf/2.cc (test for excess errors)
FAIL: 27_io/basic_filebuf/3.cc (test for excess errors)
WARNING: 27_io/basic_filebuf/3.cc compilation failed to produce executable
FAIL: 27_io/basic_filebuf/close/12790-1.cc (test for excess errors)
WARNING: 27_io/basic_filebuf/close/12790-1.cc compilation failed to produce executable
FAIL: 27_io/basic_filebuf/close/char/1.cc (test for excess errors)
WARNING: 27_io/basic_filebuf/close/char/1.cc compilation failed to produce executable
FAIL: 27_io/basic_filebuf/close/char/12790-1.cc (test for excess errors)
WARNING: 27_io/basic_filebuf/close/char/12790-1.cc compilation failed to produce executable
FAIL: 27_io/basic_filebuf/close/char/12790-2.cc (test for excess errors)
WARNING: 27_io/basic_filebuf/close/char/12790-2.cc compilation failed to produce executable
FAIL: 27_io/basic_filebuf/close/char/12790-3.cc (test for excess errors)
WARNING: 27_io/basic_filebuf/close/char/12790-3.cc compilation failed to produce executable
FAIL: 27_io/basic_filebuf/close/char/12790-4.cc (test for excess errors)
WARNING: 27_io/basic_filebuf/close/char/12790-4.cc compilation failed to produce executable
FAIL: 27_io/basic_filebuf/close/char/2.cc (test for excess errors)
WARNING: 27_io/basic_filebuf/close/char/2.cc compilation failed to produce executable
FAIL: 27_io/basic_filebuf/close/char/3.cc (test for excess errors)
WARNING: 27_io/basic_filebuf/close/char/3.cc compilation failed to produce executable
FAIL: 27_io/basic_filebuf/close/char/4.cc (test for excess errors)
WARNING: 27_io/basic_filebuf/close/char/4.cc compilation failed to produce executable
FAIL: 27_io/basic_filebuf/close/char/4879.cc (test for excess errors)
WARNING: 27_io/basic_filebuf/close/char/4879.cc compilation failed to produce executable
FAIL: 27_io/basic_filebuf/close/char/5.cc (test for excess errors)
WARNING: 27_io/basic_filebuf/close/char/5.cc compilation failed to produce executable
FAIL: 27_io/basic_filebuf/close/char/9964.cc (test for excess errors)
WARNING: 27_io/basic_filebuf/close/char/9964.cc compilation failed to produce executable
FAIL: 27_io/basic_filebuf/close/wchar_t/12790-1.cc (test for excess errors)
WARNING: 27_io/basic_filebuf/close/wchar_t/12790-1.cc compilation failed to produce executable
FAIL: 27_io/basic_filebuf/close/wchar_t/12790-2.cc (test for excess errors)
WARNING: 27_io/basic_filebuf/close/wchar_t/12790-2.cc compilation failed to produce executable
FAIL: 27_io/basic_filebuf/close/wchar_t/12790-3.cc (test for excess errors)
WARNING: 27_io/basic_filebuf/close/wchar_t/12790-3.cc compilation failed to produce executable
FAIL: 27_io/basic_filebuf/close/wchar_t/12790-4.cc (test for excess errors)
WARNING: 27_io/basic_filebuf/close/wchar_t/12790-4.cc compilation failed to produce executable
FAIL: 27_io/basic_filebuf/cons/wchar_t/10132-1.cc (test for excess errors)
WARNING: 27_io/basic_filebuf/cons/wchar_t/10132-1.cc compilation failed to produce executable
FAIL: 27_io/basic_filebuf/imbue/12206.cc (test for excess errors)
WARNING: 27_io/basic_filebuf/imbue/12206.cc compilation failed to produce executable
FAIL: 27_io/basic_filebuf/imbue/char/1.cc (test for excess errors)
WARNING: 27_io/basic_filebuf/imbue/char/1.cc compilation failed to produce executable
FAIL: 27_io/basic_filebuf/imbue/char/13007.cc (test for excess errors)
WARNING: 27_io/basic_filebuf/imbue/char/13007.cc compilation failed to produce executable
FAIL: 27_io/basic_filebuf/imbue/char/13171-1.cc (test for excess errors)
WARNING: 27_io/basic_filebuf/imbue/char/13171-1.cc compilation failed to produce executable
FAIL: 27_io/basic_filebuf/imbue/char/13171-2.cc (test for excess errors)
WARNING: 27_io/basic_filebuf/imbue/char/13171-2.cc compilation failed to produce executable
FAIL: 27_io/basic_filebuf/imbue/char/13171-4.cc (test for excess errors)
WARNING: 27_io/basic_filebuf/imbue/char/13171-4.cc compilation failed to produce executable
FAIL: 27_io/basic_filebuf/imbue/char/13582-2.cc (test for excess errors)
WARNING: 27_io/basic_filebuf/imbue/char/13582-2.cc compilation failed to produce executable
FAIL: 27_io/basic_filebuf/imbue/char/2.cc (test for excess errors)
WARNING: 27_io/basic_filebuf/imbue/char/2.cc compilation failed to produce executable
FAIL: 27_io/basic_filebuf/imbue/char/3.cc (test for excess errors)
WARNING: 27_io/basic_filebuf/imbue/char/3.cc compilation failed to produce executable
FAIL: 27_io/basic_filebuf/imbue/char/9322.cc (test for excess errors)
WARNING: 27_io/basic_filebuf/imbue/char/9322.cc compilation failed to produce executable
FAIL: 27_io/basic_filebuf/imbue/wchar_t/1.cc (test for excess errors)
WARNING: 27_io/basic_filebuf/imbue/wchar_t/1.cc compilation failed to produce executable
FAIL: 27_io/basic_filebuf/imbue/wchar_t/12868.cc (test for excess errors)
WARNING: 27_io/basic_filebuf/imbue/wchar_t/12868.cc compilation failed to produce executable
FAIL: 27_io/basic_filebuf/imbue/wchar_t/13007.cc (test for excess errors)
WARNING: 27_io/basic_filebuf/imbue/wchar_t/13007.cc compilation failed to produce executable
FAIL: 27_io/basic_filebuf/imbue/wchar_t/13171-3.cc (test for excess errors)
WARNING: 27_io/basic_filebuf/imbue/wchar_t/13171-3.cc compilation failed to produce executable
FAIL: 27_io/basic_filebuf/imbue/wchar_t/13582-2.cc (test for excess errors)
WARNING: 27_io/basic_filebuf/imbue/wchar_t/13582-2.cc compilation failed to produce executable
FAIL: 27_io/basic_filebuf/imbue/wchar_t/13582-3.cc (test for excess errors)
WARNING: 27_io/basic_filebuf/imbue/wchar_t/13582-3.cc compilation failed to produce executable
FAIL: 27_io/basic_filebuf/imbue/wchar_t/2.cc (test for excess errors)
WARNING: 27_io/basic_filebuf/imbue/wchar_t/2.cc compilation failed to produce executable
FAIL: 27_io/basic_filebuf/imbue/wchar_t/3.cc (test for excess errors)
WARNING: 27_io/basic_filebuf/imbue/wchar_t/3.cc compilation failed to produce executable
FAIL: 27_io/basic_filebuf/imbue/wchar_t/9322.cc (test for excess errors)
WARNING: 27_io/basic_filebuf/imbue/wchar_t/9322.cc compilation failed to produce executable
FAIL: 27_io/basic_filebuf/in_avail/char/1.cc (test for excess errors)
WARNING: 27_io/basic_filebuf/in_avail/char/1.cc compilation failed to produce executable
FAIL: 27_io/basic_filebuf/is_open/char/1.cc (test for excess errors)
WARNING: 27_io/basic_filebuf/is_open/char/1.cc compilation failed to produce executable
FAIL: 27_io/basic_filebuf/open/12790-1.cc (test for excess errors)
WARNING: 27_io/basic_filebuf/open/12790-1.cc compilation failed to produce executable
FAIL: 27_io/basic_filebuf/open/char/1.cc (test for excess errors)
WARNING: 27_io/basic_filebuf/open/char/1.cc compilation failed to produce executable
FAIL: 27_io/basic_filebuf/open/char/2.cc (test for excess errors)
WARNING: 27_io/basic_filebuf/open/char/2.cc compilation failed to produce executable
FAIL: 27_io/basic_filebuf/open/char/3.cc (test for excess errors)
WARNING: 27_io/basic_filebuf/open/char/3.cc compilation failed to produce executable
FAIL: 27_io/basic_filebuf/open/char/9507.cc (test for excess errors)
WARNING: 27_io/basic_filebuf/open/char/9507.cc compilation failed to produce executable
FAIL: 27_io/basic_filebuf/overflow/char/1.cc (test for excess errors)
WARNING: 27_io/basic_filebuf/overflow/char/1.cc compilation failed to produce executable
FAIL: 27_io/basic_filebuf/overflow/char/2-unbuf.cc (test for excess errors)
WARNING: 27_io/basic_filebuf/overflow/char/2-unbuf.cc compilation failed to produce executable
FAIL: 27_io/basic_filebuf/overflow/char/2.cc (test for excess errors)
WARNING: 27_io/basic_filebuf/overflow/char/2.cc compilation failed to produce executable
FAIL: 27_io/basic_filebuf/overflow/char/3599.cc (test for excess errors)
WARNING: 27_io/basic_filebuf/overflow/char/3599.cc compilation failed to produce executable
FAIL: 27_io/basic_filebuf/overflow/char/9169.cc (test for excess errors)
WARNING: 27_io/basic_filebuf/overflow/char/9169.cc compilation failed to produce executable
FAIL: 27_io/basic_filebuf/overflow/char/9182-2.cc (test for excess errors)
WARNING: 27_io/basic_filebuf/overflow/char/9182-2.cc compilation failed to produce executable
FAIL: 27_io/basic_filebuf/overflow/char/9988.cc (test for excess errors)
WARNING: 27_io/basic_filebuf/overflow/char/9988.cc compilation failed to produce executable
FAIL: 27_io/basic_filebuf/overflow/wchar_t/11305-1.cc (test for excess errors)
WARNING: 27_io/basic_filebuf/overflow/wchar_t/11305-1.cc compilation failed to produce executable
FAIL: 27_io/basic_filebuf/overflow/wchar_t/11305-2.cc (test for excess errors)
WARNING: 27_io/basic_filebuf/overflow/wchar_t/11305-2.cc compilation failed to produce executable
FAIL: 27_io/basic_filebuf/overflow/wchar_t/11305-3.cc (test for excess errors)
WARNING: 27_io/basic_filebuf/overflow/wchar_t/11305-3.cc compilation failed to produce executable
FAIL: 27_io/basic_filebuf/overflow/wchar_t/11305-4.cc (test for excess errors)
WARNING: 27_io/basic_filebuf/overflow/wchar_t/11305-4.cc compilation failed to produce executable
FAIL: 27_io/basic_filebuf/pbackfail/char/9761.cc (test for excess errors)
WARNING: 27_io/basic_filebuf/pbackfail/char/9761.cc compilation failed to produce executable
FAIL: 27_io/basic_filebuf/sbumpc/char/1-in.cc (test for excess errors)
WARNING: 27_io/basic_filebuf/sbumpc/char/1-in.cc compilation failed to produce executable
FAIL: 27_io/basic_filebuf/sbumpc/char/1-io.cc (test for excess errors)
WARNING: 27_io/basic_filebuf/sbumpc/char/1-io.cc compilation failed to produce executable
FAIL: 27_io/basic_filebuf/sbumpc/char/1-out.cc (test for excess errors)
WARNING: 27_io/basic_filebuf/sbumpc/char/1-out.cc compilation failed to produce executable
FAIL: 27_io/basic_filebuf/sbumpc/char/2-in.cc (test for excess errors)
WARNING: 27_io/basic_filebuf/sbumpc/char/2-in.cc compilation failed to produce executable
FAIL: 27_io/basic_filebuf/sbumpc/char/2-io.cc (test for excess errors)
WARNING: 27_io/basic_filebuf/sbumpc/char/2-io.cc compilation failed to produce executable
FAIL: 27_io/basic_filebuf/sbumpc/char/2-out.cc (test for excess errors)
WARNING: 27_io/basic_filebuf/sbumpc/char/2-out.cc compilation failed to produce executable
FAIL: 27_io/basic_filebuf/sbumpc/char/9825.cc (test for excess errors)
WARNING: 27_io/basic_filebuf/sbumpc/char/9825.cc compilation failed to produce executable
FAIL: 27_io/basic_filebuf/seekoff/10132-2.cc (test for excess errors)
WARNING: 27_io/basic_filebuf/seekoff/10132-2.cc compilation failed to produce executable
FAIL: 27_io/basic_filebuf/seekoff/12790-1.cc (test for excess errors)
WARNING: 27_io/basic_filebuf/seekoff/12790-1.cc compilation failed to produce executable
FAIL: 27_io/basic_filebuf/seekoff/12790-2.cc (test for excess errors)
WARNING: 27_io/basic_filebuf/seekoff/12790-2.cc compilation failed to produce executable
FAIL: 27_io/basic_filebuf/seekoff/12790-3.cc (test for excess errors)
WARNING: 27_io/basic_filebuf/seekoff/12790-3.cc compilation failed to produce executable
FAIL: 27_io/basic_filebuf/seekoff/12790-4.cc (test for excess errors)
WARNING: 27_io/basic_filebuf/seekoff/12790-4.cc compilation failed to produce executable
FAIL: 27_io/basic_filebuf/seekoff/char/1-in.cc (test for excess errors)
WARNING: 27_io/basic_filebuf/seekoff/char/1-in.cc compilation failed to produce executable
FAIL: 27_io/basic_filebuf/seekoff/char/1-io.cc (test for excess errors)
WARNING: 27_io/basic_filebuf/seekoff/char/1-io.cc compilation failed to produce executable
FAIL: 27_io/basic_filebuf/seekoff/char/1-out.cc (test for excess errors)
WARNING: 27_io/basic_filebuf/seekoff/char/1-out.cc compilation failed to produce executable
FAIL: 27_io/basic_filebuf/seekoff/char/11543.cc (test for excess errors)
WARNING: 27_io/basic_filebuf/seekoff/char/11543.cc compilation failed to produce executable
FAIL: 27_io/basic_filebuf/seekoff/char/12232.cc (test for excess errors)
WARNING: 27_io/basic_filebuf/seekoff/char/12232.cc compilation failed to produce executable
FAIL: 27_io/basic_filebuf/seekoff/char/12790-1.cc (test for excess errors)
WARNING: 27_io/basic_filebuf/seekoff/char/12790-1.cc compilation failed to produce executable
FAIL: 27_io/basic_filebuf/seekoff/char/12790-2.cc (test for excess errors)
WARNING: 27_io/basic_filebuf/seekoff/char/12790-2.cc compilation failed to produce executable
FAIL: 27_io/basic_filebuf/seekoff/char/12790-3.cc (test for excess errors)
WARNING: 27_io/basic_filebuf/seekoff/char/12790-3.cc compilation failed to produce executable
FAIL: 27_io/basic_filebuf/seekoff/char/12790-4.cc (test for excess errors)
WARNING: 27_io/basic_filebuf/seekoff/char/12790-4.cc compilation failed to produce executable
FAIL: 27_io/basic_filebuf/seekoff/char/2-in.cc (test for excess errors)
WARNING: 27_io/basic_filebuf/seekoff/char/2-in.cc compilation failed to produce executable
FAIL: 27_io/basic_filebuf/seekoff/char/2-io.cc (test for excess errors)
WARNING: 27_io/basic_filebuf/seekoff/char/2-io.cc compilation failed to produce executable
FAIL: 27_io/basic_filebuf/seekoff/char/2-out.cc (test for excess errors)
WARNING: 27_io/basic_filebuf/seekoff/char/2-out.cc compilation failed to produce executable
FAIL: 27_io/basic_filebuf/seekoff/char/3-in.cc (test for excess errors)
WARNING: 27_io/basic_filebuf/seekoff/char/3-in.cc compilation failed to produce executable
FAIL: 27_io/basic_filebuf/seekoff/char/3-io.cc (test for excess errors)
WARNING: 27_io/basic_filebuf/seekoff/char/3-io.cc compilation failed to produce executable
FAIL: 27_io/basic_filebuf/seekoff/char/3-out.cc (test for excess errors)
WARNING: 27_io/basic_filebuf/seekoff/char/3-out.cc compilation failed to produce executable
FAIL: 27_io/basic_filebuf/seekoff/wchar_t/1.cc (test for excess errors)
WARNING: 27_io/basic_filebuf/seekoff/wchar_t/1.cc compilation failed to produce executable
FAIL: 27_io/basic_filebuf/seekoff/wchar_t/11543.cc (test for excess errors)
WARNING: 27_io/basic_filebuf/seekoff/wchar_t/11543.cc compilation failed to produce executable
FAIL: 27_io/basic_filebuf/seekoff/wchar_t/12790-1.cc (test for excess errors)
WARNING: 27_io/basic_filebuf/seekoff/wchar_t/12790-1.cc compilation failed to produce executable
FAIL: 27_io/basic_filebuf/seekoff/wchar_t/12790-2.cc (test for excess errors)
WARNING: 27_io/basic_filebuf/seekoff/wchar_t/12790-2.cc compilation failed to produce executable
FAIL: 27_io/basic_filebuf/seekoff/wchar_t/12790-3.cc (test for excess errors)
WARNING: 27_io/basic_filebuf/seekoff/wchar_t/12790-3.cc compilation failed to produce executable
FAIL: 27_io/basic_filebuf/seekoff/wchar_t/12790-4.cc (test for excess errors)
WARNING: 27_io/basic_filebuf/seekoff/wchar_t/12790-4.cc compilation failed to produce executable
FAIL: 27_io/basic_filebuf/seekoff/wchar_t/2.cc (test for excess errors)
WARNING: 27_io/basic_filebuf/seekoff/wchar_t/2.cc compilation failed to produce executable
FAIL: 27_io/basic_filebuf/seekoff/wchar_t/3.cc (test for excess errors)
WARNING: 27_io/basic_filebuf/seekoff/wchar_t/3.cc compilation failed to produce executable
FAIL: 27_io/basic_filebuf/seekoff/wchar_t/9875_seekoff.cc (test for excess errors)
WARNING: 27_io/basic_filebuf/seekoff/wchar_t/9875_seekoff.cc compilation failed to produce executable
FAIL: 27_io/basic_filebuf/seekpos/10132-3.cc (test for excess errors)
WARNING: 27_io/basic_filebuf/seekpos/10132-3.cc compilation failed to produce executable
FAIL: 27_io/basic_filebuf/seekpos/12790-1.cc (test for excess errors)
WARNING: 27_io/basic_filebuf/seekpos/12790-1.cc compilation failed to produce executable
FAIL: 27_io/basic_filebuf/seekpos/12790-2.cc (test for excess errors)
WARNING: 27_io/basic_filebuf/seekpos/12790-2.cc compilation failed to produce executable
FAIL: 27_io/basic_filebuf/seekpos/12790-3.cc (test for excess errors)
WARNING: 27_io/basic_filebuf/seekpos/12790-3.cc compilation failed to produce executable
FAIL: 27_io/basic_filebuf/seekpos/char/1-in.cc (test for excess errors)
WARNING: 27_io/basic_filebuf/seekpos/char/1-in.cc compilation failed to produce executable
FAIL: 27_io/basic_filebuf/seekpos/char/1-io.cc (test for excess errors)
WARNING: 27_io/basic_filebuf/seekpos/char/1-io.cc compilation failed to produce executable
FAIL: 27_io/basic_filebuf/seekpos/char/1-out.cc (test for excess errors)
WARNING: 27_io/basic_filebuf/seekpos/char/1-out.cc compilation failed to produce executable
FAIL: 27_io/basic_filebuf/seekpos/char/12790-1.cc (test for excess errors)
WARNING: 27_io/basic_filebuf/seekpos/char/12790-1.cc compilation failed to produce executable
FAIL: 27_io/basic_filebuf/seekpos/char/12790-2.cc (test for excess errors)
WARNING: 27_io/basic_filebuf/seekpos/char/12790-2.cc compilation failed to produce executable
FAIL: 27_io/basic_filebuf/seekpos/char/12790-3.cc (test for excess errors)
WARNING: 27_io/basic_filebuf/seekpos/char/12790-3.cc compilation failed to produce executable
FAIL: 27_io/basic_filebuf/seekpos/char/12790-4.cc (test for excess errors)
WARNING: 27_io/basic_filebuf/seekpos/char/12790-4.cc compilation failed to produce executable
FAIL: 27_io/basic_filebuf/seekpos/char/2-in.cc (test for excess errors)
WARNING: 27_io/basic_filebuf/seekpos/char/2-in.cc compilation failed to produce executable
FAIL: 27_io/basic_filebuf/seekpos/char/2-io.cc (test for excess errors)
WARNING: 27_io/basic_filebuf/seekpos/char/2-io.cc compilation failed to produce executable
FAIL: 27_io/basic_filebuf/seekpos/char/2-out.cc (test for excess errors)
WARNING: 27_io/basic_filebuf/seekpos/char/2-out.cc compilation failed to produce executable
FAIL: 27_io/basic_filebuf/seekpos/char/3-in.cc (test for excess errors)
WARNING: 27_io/basic_filebuf/seekpos/char/3-in.cc compilation failed to produce executable
FAIL: 27_io/basic_filebuf/seekpos/char/3-io.cc (test for excess errors)
WARNING: 27_io/basic_filebuf/seekpos/char/3-io.cc compilation failed to produce executable
FAIL: 27_io/basic_filebuf/seekpos/char/3-out.cc (test for excess errors)
WARNING: 27_io/basic_filebuf/seekpos/char/3-out.cc compilation failed to produce executable
FAIL: 27_io/basic_filebuf/seekpos/wchar_t/1.cc (test for excess errors)
WARNING: 27_io/basic_filebuf/seekpos/wchar_t/1.cc compilation failed to produce executable
FAIL: 27_io/basic_filebuf/seekpos/wchar_t/12790-1.cc (test for excess errors)
WARNING: 27_io/basic_filebuf/seekpos/wchar_t/12790-1.cc compilation failed to produce executable
FAIL: 27_io/basic_filebuf/seekpos/wchar_t/12790-2.cc (test for excess errors)
WARNING: 27_io/basic_filebuf/seekpos/wchar_t/12790-2.cc compilation failed to produce executable
FAIL: 27_io/basic_filebuf/seekpos/wchar_t/12790-3.cc (test for excess errors)
WARNING: 27_io/basic_filebuf/seekpos/wchar_t/12790-3.cc compilation failed to produce executable
FAIL: 27_io/basic_filebuf/seekpos/wchar_t/12790-4.cc (test for excess errors)
WARNING: 27_io/basic_filebuf/seekpos/wchar_t/12790-4.cc compilation failed to produce executable
FAIL: 27_io/basic_filebuf/seekpos/wchar_t/9874.cc (test for excess errors)
WARNING: 27_io/basic_filebuf/seekpos/wchar_t/9874.cc compilation failed to produce executable
FAIL: 27_io/basic_filebuf/seekpos/wchar_t/9875_seekpos.cc (test for excess errors)
WARNING: 27_io/basic_filebuf/seekpos/wchar_t/9875_seekpos.cc compilation failed to produce executable
FAIL: 27_io/basic_filebuf/setbuf/char/1.cc (test for excess errors)
WARNING: 27_io/basic_filebuf/setbuf/char/1.cc compilation failed to produce executable
FAIL: 27_io/basic_filebuf/setbuf/char/12875-1.cc (test for excess errors)
WARNING: 27_io/basic_filebuf/setbuf/char/12875-1.cc compilation failed to produce executable
FAIL: 27_io/basic_filebuf/setbuf/char/12875-2.cc (test for excess errors)
WARNING: 27_io/basic_filebuf/setbuf/char/12875-2.cc compilation failed to produce executable
FAIL: 27_io/basic_filebuf/setbuf/char/2.cc (test for excess errors)
WARNING: 27_io/basic_filebuf/setbuf/char/2.cc compilation failed to produce executable
FAIL: 27_io/basic_filebuf/setbuf/char/3.cc (test for excess errors)
WARNING: 27_io/basic_filebuf/setbuf/char/3.cc compilation failed to produce executable
FAIL: 27_io/basic_filebuf/sgetc/char/1-in.cc (test for excess errors)
WARNING: 27_io/basic_filebuf/sgetc/char/1-in.cc compilation failed to produce executable
FAIL: 27_io/basic_filebuf/sgetc/char/1-io.cc (test for excess errors)
WARNING: 27_io/basic_filebuf/sgetc/char/1-io.cc compilation failed to produce executable
FAIL: 27_io/basic_filebuf/sgetc/char/1-out.cc (test for excess errors)
WARNING: 27_io/basic_filebuf/sgetc/char/1-out.cc compilation failed to produce executable
FAIL: 27_io/basic_filebuf/sgetc/char/2-in.cc (test for excess errors)
WARNING: 27_io/basic_filebuf/sgetc/char/2-in.cc compilation failed to produce executable
FAIL: 27_io/basic_filebuf/sgetc/char/2-io.cc (test for excess errors)
WARNING: 27_io/basic_filebuf/sgetc/char/2-io.cc compilation failed to produce executable
FAIL: 27_io/basic_filebuf/sgetc/char/2-out.cc (test for excess errors)
WARNING: 27_io/basic_filebuf/sgetc/char/2-out.cc compilation failed to produce executable
FAIL: 27_io/basic_filebuf/sgetn/char/1-in.cc (test for excess errors)
WARNING: 27_io/basic_filebuf/sgetn/char/1-in.cc compilation failed to produce executable
FAIL: 27_io/basic_filebuf/sgetn/char/1-io.cc (test for excess errors)
WARNING: 27_io/basic_filebuf/sgetn/char/1-io.cc compilation failed to produce executable
FAIL: 27_io/basic_filebuf/sgetn/char/1-out.cc (test for excess errors)
WARNING: 27_io/basic_filebuf/sgetn/char/1-out.cc compilation failed to produce executable
FAIL: 27_io/basic_filebuf/sgetn/char/2-in.cc (test for excess errors)
WARNING: 27_io/basic_filebuf/sgetn/char/2-in.cc compilation failed to produce executable
FAIL: 27_io/basic_filebuf/sgetn/char/2-io.cc (test for excess errors)
WARNING: 27_io/basic_filebuf/sgetn/char/2-io.cc compilation failed to produce executable
FAIL: 27_io/basic_filebuf/sgetn/char/2-out.cc (test for excess errors)
WARNING: 27_io/basic_filebuf/sgetn/char/2-out.cc compilation failed to produce executable
FAIL: 27_io/basic_filebuf/sgetn/char/3.cc (test for excess errors)
WARNING: 27_io/basic_filebuf/sgetn/char/3.cc compilation failed to produce executable
FAIL: 27_io/basic_filebuf/showmanyc/char/9533-1.cc (test for excess errors)
WARNING: 27_io/basic_filebuf/showmanyc/char/9533-1.cc compilation failed to produce executable
FAIL: 27_io/basic_filebuf/showmanyc/char/9533-2.cc (test for excess errors)
WARNING: 27_io/basic_filebuf/showmanyc/char/9533-2.cc compilation failed to produce executable
FAIL: 27_io/basic_filebuf/snextc/char/1-in.cc (test for excess errors)
WARNING: 27_io/basic_filebuf/snextc/char/1-in.cc compilation failed to produce executable
FAIL: 27_io/basic_filebuf/snextc/char/1-io.cc (test for excess errors)
WARNING: 27_io/basic_filebuf/snextc/char/1-io.cc compilation failed to produce executable
FAIL: 27_io/basic_filebuf/snextc/char/1-out.cc (test for excess errors)
WARNING: 27_io/basic_filebuf/snextc/char/1-out.cc compilation failed to produce executable
FAIL: 27_io/basic_filebuf/snextc/char/2-in.cc (test for excess errors)
WARNING: 27_io/basic_filebuf/snextc/char/2-in.cc compilation failed to produce executable
FAIL: 27_io/basic_filebuf/snextc/char/2-io.cc (test for excess errors)
WARNING: 27_io/basic_filebuf/snextc/char/2-io.cc compilation failed to produce executable
FAIL: 27_io/basic_filebuf/snextc/char/2-out.cc (test for excess errors)
WARNING: 27_io/basic_filebuf/snextc/char/2-out.cc compilation failed to produce executable
FAIL: 27_io/basic_filebuf/sputbackc/char/1-in.cc (test for excess errors)
WARNING: 27_io/basic_filebuf/sputbackc/char/1-in.cc compilation failed to produce executable
FAIL: 27_io/basic_filebuf/sputbackc/char/1-io.cc (test for excess errors)
WARNING: 27_io/basic_filebuf/sputbackc/char/1-io.cc compilation failed to produce executable
FAIL: 27_io/basic_filebuf/sputbackc/char/1-out.cc (test for excess errors)
WARNING: 27_io/basic_filebuf/sputbackc/char/1-out.cc compilation failed to produce executable
FAIL: 27_io/basic_filebuf/sputbackc/char/2-in.cc (test for excess errors)
WARNING: 27_io/basic_filebuf/sputbackc/char/2-in.cc compilation failed to produce executable
FAIL: 27_io/basic_filebuf/sputbackc/char/2-io.cc (test for excess errors)
WARNING: 27_io/basic_filebuf/sputbackc/char/2-io.cc compilation failed to produce executable
FAIL: 27_io/basic_filebuf/sputbackc/char/2-out.cc (test for excess errors)
WARNING: 27_io/basic_filebuf/sputbackc/char/2-out.cc compilation failed to produce executable
FAIL: 27_io/basic_filebuf/sputbackc/char/9425.cc (test for excess errors)
WARNING: 27_io/basic_filebuf/sputbackc/char/9425.cc compilation failed to produce executable
FAIL: 27_io/basic_filebuf/sputc/char/1-in.cc (test for excess errors)
WARNING: 27_io/basic_filebuf/sputc/char/1-in.cc compilation failed to produce executable
FAIL: 27_io/basic_filebuf/sputc/char/1-io.cc (test for excess errors)
WARNING: 27_io/basic_filebuf/sputc/char/1-io.cc compilation failed to produce executable
FAIL: 27_io/basic_filebuf/sputc/char/1-out.cc (test for excess errors)
WARNING: 27_io/basic_filebuf/sputc/char/1-out.cc compilation failed to produce executable
FAIL: 27_io/basic_filebuf/sputc/char/1057.cc (test for excess errors)
WARNING: 27_io/basic_filebuf/sputc/char/1057.cc compilation failed to produce executable
FAIL: 27_io/basic_filebuf/sputc/char/2-in.cc (test for excess errors)
WARNING: 27_io/basic_filebuf/sputc/char/2-in.cc compilation failed to produce executable
FAIL: 27_io/basic_filebuf/sputc/char/2-io.cc (test for excess errors)
WARNING: 27_io/basic_filebuf/sputc/char/2-io.cc compilation failed to produce executable
FAIL: 27_io/basic_filebuf/sputc/char/2-out.cc (test for excess errors)
WARNING: 27_io/basic_filebuf/sputc/char/2-out.cc compilation failed to produce executable
FAIL: 27_io/basic_filebuf/sputc/char/9701-2.cc (test for excess errors)
WARNING: 27_io/basic_filebuf/sputc/char/9701-2.cc compilation failed to produce executable
FAIL: 27_io/basic_filebuf/sputn/char/1-in.cc (test for excess errors)
WARNING: 27_io/basic_filebuf/sputn/char/1-in.cc compilation failed to produce executable
FAIL: 27_io/basic_filebuf/sputn/char/1-io.cc (test for excess errors)
WARNING: 27_io/basic_filebuf/sputn/char/1-io.cc compilation failed to produce executable
FAIL: 27_io/basic_filebuf/sputn/char/1-out.cc (test for excess errors)
WARNING: 27_io/basic_filebuf/sputn/char/1-out.cc compilation failed to produce executable
FAIL: 27_io/basic_filebuf/sputn/char/1057.cc (test for excess errors)
WARNING: 27_io/basic_filebuf/sputn/char/1057.cc compilation failed to produce executable
FAIL: 27_io/basic_filebuf/sputn/char/2-in.cc (test for excess errors)
WARNING: 27_io/basic_filebuf/sputn/char/2-in.cc compilation failed to produce executable
FAIL: 27_io/basic_filebuf/sputn/char/2-io.cc (test for excess errors)
WARNING: 27_io/basic_filebuf/sputn/char/2-io.cc compilation failed to produce executable
FAIL: 27_io/basic_filebuf/sputn/char/2-out.cc (test for excess errors)
WARNING: 27_io/basic_filebuf/sputn/char/2-out.cc compilation failed to produce executable
FAIL: 27_io/basic_filebuf/sputn/char/9339.cc (test for excess errors)
WARNING: 27_io/basic_filebuf/sputn/char/9339.cc compilation failed to produce executable
FAIL: 27_io/basic_filebuf/sputn/char/9701-1.cc (test for excess errors)
WARNING: 27_io/basic_filebuf/sputn/char/9701-1.cc compilation failed to produce executable
FAIL: 27_io/basic_filebuf/sungetc/char/1-in.cc (test for excess errors)
WARNING: 27_io/basic_filebuf/sungetc/char/1-in.cc compilation failed to produce executable
FAIL: 27_io/basic_filebuf/sungetc/char/1-io.cc (test for excess errors)
WARNING: 27_io/basic_filebuf/sungetc/char/1-io.cc compilation failed to produce executable
FAIL: 27_io/basic_filebuf/sungetc/char/1-out.cc (test for excess errors)
WARNING: 27_io/basic_filebuf/sungetc/char/1-out.cc compilation failed to produce executable
FAIL: 27_io/basic_filebuf/sungetc/char/2-in.cc (test for excess errors)
WARNING: 27_io/basic_filebuf/sungetc/char/2-in.cc compilation failed to produce executable
FAIL: 27_io/basic_filebuf/sungetc/char/2-io.cc (test for excess errors)
WARNING: 27_io/basic_filebuf/sungetc/char/2-io.cc compilation failed to produce executable
FAIL: 27_io/basic_filebuf/sungetc/char/2-out.cc (test for excess errors)
WARNING: 27_io/basic_filebuf/sungetc/char/2-out.cc compilation failed to produce executable
FAIL: 27_io/basic_filebuf/sync/char/1.cc (test for excess errors)
WARNING: 27_io/basic_filebuf/sync/char/1.cc compilation failed to produce executable
FAIL: 27_io/basic_filebuf/sync/char/1057.cc (test for excess errors)
WARNING: 27_io/basic_filebuf/sync/char/1057.cc compilation failed to produce executable
FAIL: 27_io/basic_filebuf/sync/char/9182-1.cc (test for excess errors)
WARNING: 27_io/basic_filebuf/sync/char/9182-1.cc compilation failed to produce executable
FAIL: 27_io/basic_filebuf/sync/wchar_t/1.cc (test for excess errors)
WARNING: 27_io/basic_filebuf/sync/wchar_t/1.cc compilation failed to produce executable
FAIL: 27_io/basic_filebuf/underflow/10096.cc (test for excess errors)
WARNING: 27_io/basic_filebuf/underflow/10096.cc compilation failed to produce executable
FAIL: 27_io/basic_filebuf/underflow/char/1.cc (test for excess errors)
WARNING: 27_io/basic_filebuf/underflow/char/1.cc compilation failed to produce executable
FAIL: 27_io/basic_filebuf/underflow/char/10097.cc (test for excess errors)
WARNING: 27_io/basic_filebuf/underflow/char/10097.cc compilation failed to produce executable
FAIL: 27_io/basic_filebuf/underflow/char/2.cc (test for excess errors)
WARNING: 27_io/basic_filebuf/underflow/char/2.cc compilation failed to produce executable
FAIL: 27_io/basic_filebuf/underflow/char/9027.cc (test for excess errors)
WARNING: 27_io/basic_filebuf/underflow/char/9027.cc compilation failed to produce executable
FAIL: 27_io/basic_filebuf/underflow/wchar_t/1.cc (test for excess errors)
WARNING: 27_io/basic_filebuf/underflow/wchar_t/1.cc compilation failed to produce executable
FAIL: 27_io/basic_filebuf/underflow/wchar_t/11389-1.cc (test for excess errors)
WARNING: 27_io/basic_filebuf/underflow/wchar_t/11389-1.cc compilation failed to produce executable
FAIL: 27_io/basic_filebuf/underflow/wchar_t/11389-2.cc (test for excess errors)
WARNING: 27_io/basic_filebuf/underflow/wchar_t/11389-2.cc compilation failed to produce executable
FAIL: 27_io/basic_filebuf/underflow/wchar_t/11389-3.cc (test for excess errors)
WARNING: 27_io/basic_filebuf/underflow/wchar_t/11389-3.cc compilation failed to produce executable
FAIL: 27_io/basic_filebuf/underflow/wchar_t/11389-4.cc (test for excess errors)
WARNING: 27_io/basic_filebuf/underflow/wchar_t/11389-4.cc compilation failed to produce executable
FAIL: 27_io/basic_filebuf/underflow/wchar_t/11544-1.cc (test for excess errors)
WARNING: 27_io/basic_filebuf/underflow/wchar_t/11544-1.cc compilation failed to produce executable
FAIL: 27_io/basic_filebuf/underflow/wchar_t/11544-2.cc (test for excess errors)
WARNING: 27_io/basic_filebuf/underflow/wchar_t/11544-2.cc compilation failed to produce executable
FAIL: 27_io/basic_filebuf/underflow/wchar_t/11603.cc (test for excess errors)
WARNING: 27_io/basic_filebuf/underflow/wchar_t/11603.cc compilation failed to produce executable
FAIL: 27_io/basic_filebuf/underflow/wchar_t/2.cc (test for excess errors)
WARNING: 27_io/basic_filebuf/underflow/wchar_t/2.cc compilation failed to produce executable
FAIL: 27_io/basic_filebuf/underflow/wchar_t/3.cc (test for excess errors)
WARNING: 27_io/basic_filebuf/underflow/wchar_t/3.cc compilation failed to produce executable
FAIL: 27_io/basic_filebuf/underflow/wchar_t/4.cc (test for excess errors)
WARNING: 27_io/basic_filebuf/underflow/wchar_t/4.cc compilation failed to produce executable
FAIL: 27_io/basic_filebuf/underflow/wchar_t/5.cc (test for excess errors)
WARNING: 27_io/basic_filebuf/underflow/wchar_t/5.cc compilation failed to produce executable
FAIL: 27_io/basic_filebuf/underflow/wchar_t/9178.cc (test for excess errors)
WARNING: 27_io/basic_filebuf/underflow/wchar_t/9178.cc compilation failed to produce executable
FAIL: 27_io/basic_filebuf/underflow/wchar_t/9520.cc (test for excess errors)
WARNING: 27_io/basic_filebuf/underflow/wchar_t/9520.cc compilation failed to produce executable
FAIL: 27_io/basic_fstream/1.cc (test for excess errors)
FAIL: 27_io/basic_fstream/2.cc (test for excess errors)
FAIL: 27_io/basic_fstream/3.cc (test for excess errors)
FAIL: 27_io/basic_fstream/4.cc (test for excess errors)
WARNING: 27_io/basic_fstream/4.cc compilation failed to produce executable
FAIL: 27_io/basic_fstream/rdbuf/char/2832.cc (test for excess errors)
WARNING: 27_io/basic_fstream/rdbuf/char/2832.cc compilation failed to produce executable
FAIL: 27_io/basic_ifstream/2.cc (test for excess errors)
FAIL: 27_io/basic_ifstream/3.cc (test for excess errors)
FAIL: 27_io/basic_ifstream/4.cc (test for excess errors)
WARNING: 27_io/basic_ifstream/4.cc compilation failed to produce executable
FAIL: 27_io/basic_ifstream/cons/char/1.cc (test for excess errors)
WARNING: 27_io/basic_ifstream/cons/char/1.cc compilation failed to produce executable
FAIL: 27_io/basic_ifstream/open/char/1.cc (test for excess errors)
WARNING: 27_io/basic_ifstream/open/char/1.cc compilation failed to produce executable
FAIL: 27_io/basic_ifstream/rdbuf/char/2832.cc (test for excess errors)
WARNING: 27_io/basic_ifstream/rdbuf/char/2832.cc compilation failed to produce executable
FAIL: 27_io/basic_ios/2.cc (test for excess errors)
FAIL: 27_io/basic_ios/3.cc (test for excess errors)
WARNING: 27_io/basic_ios/3.cc compilation failed to produce executable
FAIL: 27_io/basic_ios/4.cc (test for excess errors)
WARNING: 27_io/basic_ios/4.cc compilation failed to produce executable
FAIL: 27_io/basic_ios/clear/char/1.cc (test for excess errors)
WARNING: 27_io/basic_ios/clear/char/1.cc compilation failed to produce executable
FAIL: 27_io/basic_ios/cons/char/1.cc (test for excess errors)
WARNING: 27_io/basic_ios/cons/char/1.cc compilation failed to produce executable
FAIL: 27_io/basic_ios/cons/char/2.cc (test for excess errors)
WARNING: 27_io/basic_ios/cons/char/2.cc compilation failed to produce executable
FAIL: 27_io/basic_ios/cons/char/3.cc (test for excess errors)
WARNING: 27_io/basic_ios/cons/char/3.cc compilation failed to produce executable
FAIL: 27_io/basic_ios/copyfmt/char/1.cc (test for excess errors)
WARNING: 27_io/basic_ios/copyfmt/char/1.cc compilation failed to produce executable
FAIL: 27_io/basic_ios/copyfmt/char/2.cc (test for excess errors)
WARNING: 27_io/basic_ios/copyfmt/char/2.cc compilation failed to produce executable
FAIL: 27_io/basic_ios/exceptions/char/1.cc (test for excess errors)
WARNING: 27_io/basic_ios/exceptions/char/1.cc compilation failed to produce executable
FAIL: 27_io/basic_ios/exceptions/char/2.cc (test for excess errors)
WARNING: 27_io/basic_ios/exceptions/char/2.cc compilation failed to produce executable
FAIL: 27_io/basic_ios/locales/char/1.cc (test for excess errors)
WARNING: 27_io/basic_ios/locales/char/1.cc compilation failed to produce executable
FAIL: 27_io/basic_iostream/2.cc (test for excess errors)
FAIL: 27_io/basic_iostream/3.cc (test for excess errors)
FAIL: 27_io/basic_iostream/4.cc (test for excess errors)
WARNING: 27_io/basic_iostream/4.cc compilation failed to produce executable
FAIL: 27_io/basic_istream/1.cc (test for excess errors)
FAIL: 27_io/basic_istream/2.cc (test for excess errors)
FAIL: 27_io/basic_istream/3.cc (test for excess errors)
FAIL: 27_io/basic_istream/4.cc (test for excess errors)
WARNING: 27_io/basic_istream/4.cc compilation failed to produce executable
FAIL: 27_io/basic_istream/exceptions/char/9561.cc (test for excess errors)
WARNING: 27_io/basic_istream/exceptions/char/9561.cc compilation failed to produce executable
FAIL: 27_io/basic_istream/extractors_arithmetic/char/01.cc (test for excess errors)
WARNING: 27_io/basic_istream/extractors_arithmetic/char/01.cc compilation failed to produce executable
FAIL: 27_io/basic_istream/extractors_arithmetic/char/02.cc (test for excess errors)
WARNING: 27_io/basic_istream/extractors_arithmetic/char/02.cc compilation failed to produce executable
FAIL: 27_io/basic_istream/extractors_arithmetic/char/03.cc (test for excess errors)
WARNING: 27_io/basic_istream/extractors_arithmetic/char/03.cc compilation failed to produce executable
FAIL: 27_io/basic_istream/extractors_arithmetic/char/06.cc (test for excess errors)
WARNING: 27_io/basic_istream/extractors_arithmetic/char/06.cc compilation failed to produce executable
FAIL: 27_io/basic_istream/extractors_arithmetic/char/07.cc (test for excess errors)
WARNING: 27_io/basic_istream/extractors_arithmetic/char/07.cc compilation failed to produce executable
FAIL: 27_io/basic_istream/extractors_arithmetic/char/08.cc (test for excess errors)
WARNING: 27_io/basic_istream/extractors_arithmetic/char/08.cc compilation failed to produce executable
FAIL: 27_io/basic_istream/extractors_arithmetic/char/09.cc (test for excess errors)
WARNING: 27_io/basic_istream/extractors_arithmetic/char/09.cc compilation failed to produce executable
FAIL: 27_io/basic_istream/extractors_arithmetic/char/10.cc (test for excess errors)
WARNING: 27_io/basic_istream/extractors_arithmetic/char/10.cc compilation failed to produce executable
FAIL: 27_io/basic_istream/extractors_arithmetic/char/11.cc (test for excess errors)
WARNING: 27_io/basic_istream/extractors_arithmetic/char/11.cc compilation failed to produce executable
FAIL: 27_io/basic_istream/extractors_arithmetic/char/12.cc (test for excess errors)
WARNING: 27_io/basic_istream/extractors_arithmetic/char/12.cc compilation failed to produce executable
FAIL: 27_io/basic_istream/extractors_arithmetic/char/13.cc (test for excess errors)
WARNING: 27_io/basic_istream/extractors_arithmetic/char/13.cc compilation failed to produce executable
FAIL: 27_io/basic_istream/extractors_arithmetic/char/9555-ia.cc (test for excess errors)
WARNING: 27_io/basic_istream/extractors_arithmetic/char/9555-ia.cc compilation failed to produce executable
FAIL: 27_io/basic_istream/extractors_arithmetic/char/exceptions_badbit_throw.cc (test for excess errors)
WARNING: 27_io/basic_istream/extractors_arithmetic/char/exceptions_badbit_throw.cc compilation failed to produce executable
FAIL: 27_io/basic_istream/extractors_arithmetic/char/exceptions_failbit.cc (test for excess errors)
WARNING: 27_io/basic_istream/extractors_arithmetic/char/exceptions_failbit.cc compilation failed to produce executable
FAIL: 27_io/basic_istream/extractors_arithmetic/char/exceptions_failbit_throw.cc (test for excess errors)
WARNING: 27_io/basic_istream/extractors_arithmetic/char/exceptions_failbit_throw.cc compilation failed to produce executable
FAIL: 27_io/basic_istream/extractors_arithmetic/pod/3983-1.cc (test for excess errors)
WARNING: 27_io/basic_istream/extractors_arithmetic/pod/3983-1.cc compilation failed to produce executable
FAIL: 27_io/basic_istream/extractors_character/char/1.cc (test for excess errors)
WARNING: 27_io/basic_istream/extractors_character/char/1.cc compilation failed to produce executable
FAIL: 27_io/basic_istream/extractors_character/char/11095-i.cc (test for excess errors)
WARNING: 27_io/basic_istream/extractors_character/char/11095-i.cc compilation failed to produce executable
FAIL: 27_io/basic_istream/extractors_character/char/2.cc (test for excess errors)
WARNING: 27_io/basic_istream/extractors_character/char/2.cc compilation failed to produce executable
FAIL: 27_io/basic_istream/extractors_character/char/3.cc (test for excess errors)
WARNING: 27_io/basic_istream/extractors_character/char/3.cc compilation failed to produce executable
FAIL: 27_io/basic_istream/extractors_character/char/9555-ic.cc (test for excess errors)
WARNING: 27_io/basic_istream/extractors_character/char/9555-ic.cc compilation failed to produce executable
FAIL: 27_io/basic_istream/extractors_character/char/9826.cc (test for excess errors)
FAIL: 27_io/basic_istream/extractors_character/pod/3983-2.cc (test for excess errors)
WARNING: 27_io/basic_istream/extractors_character/pod/3983-2.cc compilation failed to produce executable
FAIL: 27_io/basic_istream/extractors_other/char/1.cc (test for excess errors)
WARNING: 27_io/basic_istream/extractors_other/char/1.cc compilation failed to produce executable
FAIL: 27_io/basic_istream/extractors_other/char/2.cc (test for excess errors)
WARNING: 27_io/basic_istream/extractors_other/char/2.cc compilation failed to produce executable
FAIL: 27_io/basic_istream/extractors_other/char/3.cc (test for excess errors)
WARNING: 27_io/basic_istream/extractors_other/char/3.cc compilation failed to produce executable
FAIL: 27_io/basic_istream/extractors_other/char/9318-in.cc (test for excess errors)
WARNING: 27_io/basic_istream/extractors_other/char/9318-in.cc compilation failed to produce executable
FAIL: 27_io/basic_istream/extractors_other/char/9424-in.cc (test for excess errors)
WARNING: 27_io/basic_istream/extractors_other/char/9424-in.cc compilation failed to produce executable
FAIL: 27_io/basic_istream/extractors_other/char/9555-io.cc (test for excess errors)
WARNING: 27_io/basic_istream/extractors_other/char/9555-io.cc compilation failed to produce executable
FAIL: 27_io/basic_istream/extractors_other/char/error_failbit.cc (test for excess errors)
WARNING: 27_io/basic_istream/extractors_other/char/error_failbit.cc compilation failed to produce executable
FAIL: 27_io/basic_istream/extractors_other/char/exceptions_badbit_throw.cc (test for excess errors)
WARNING: 27_io/basic_istream/extractors_other/char/exceptions_badbit_throw.cc compilation failed to produce executable
FAIL: 27_io/basic_istream/extractors_other/char/exceptions_failbit_throw.cc (test for excess errors)
WARNING: 27_io/basic_istream/extractors_other/char/exceptions_failbit_throw.cc compilation failed to produce executable
FAIL: 27_io/basic_istream/extractors_other/char/exceptions_null.cc (test for excess errors)
WARNING: 27_io/basic_istream/extractors_other/char/exceptions_null.cc compilation failed to produce executable
FAIL: 27_io/basic_istream/extractors_other/pod/3983-3.cc (test for excess errors)
WARNING: 27_io/basic_istream/extractors_other/pod/3983-3.cc compilation failed to produce executable
FAIL: 27_io/basic_istream/get/char/1.cc (test for excess errors)
WARNING: 27_io/basic_istream/get/char/1.cc compilation failed to produce executable
FAIL: 27_io/basic_istream/get/char/2.cc (test for excess errors)
WARNING: 27_io/basic_istream/get/char/2.cc compilation failed to produce executable
FAIL: 27_io/basic_istream/getline/char/1.cc (test for excess errors)
WARNING: 27_io/basic_istream/getline/char/1.cc compilation failed to produce executable
FAIL: 27_io/basic_istream/getline/char/2.cc (test for excess errors)
WARNING: 27_io/basic_istream/getline/char/2.cc compilation failed to produce executable
FAIL: 27_io/basic_istream/getline/char/3.cc (test for excess errors)
WARNING: 27_io/basic_istream/getline/char/3.cc compilation failed to produce executable
FAIL: 27_io/basic_istream/ignore/char/1.cc (test for excess errors)
WARNING: 27_io/basic_istream/ignore/char/1.cc compilation failed to produce executable
FAIL: 27_io/basic_istream/ignore/char/6360.cc (test for excess errors)
WARNING: 27_io/basic_istream/ignore/char/6360.cc compilation failed to produce executable
FAIL: 27_io/basic_istream/ignore/char/7220.cc (test for excess errors)
WARNING: 27_io/basic_istream/ignore/char/7220.cc compilation failed to produce executable
FAIL: 27_io/basic_istream/peek/char/1.cc (test for excess errors)
WARNING: 27_io/basic_istream/peek/char/1.cc compilation failed to produce executable
FAIL: 27_io/basic_istream/peek/char/12296.cc (test for excess errors)
WARNING: 27_io/basic_istream/peek/char/12296.cc compilation failed to produce executable
FAIL: 27_io/basic_istream/peek/char/6414.cc (test for excess errors)
WARNING: 27_io/basic_istream/peek/char/6414.cc compilation failed to produce executable
FAIL: 27_io/basic_istream/putback/char/1.cc (test for excess errors)
WARNING: 27_io/basic_istream/putback/char/1.cc compilation failed to produce executable
FAIL: 27_io/basic_istream/read/char/1.cc (test for excess errors)
WARNING: 27_io/basic_istream/read/char/1.cc compilation failed to produce executable
FAIL: 27_io/basic_istream/read/char/2.cc (test for excess errors)
WARNING: 27_io/basic_istream/read/char/2.cc compilation failed to produce executable
FAIL: 27_io/basic_istream/read/char/3.cc (test for excess errors)
WARNING: 27_io/basic_istream/read/char/3.cc compilation failed to produce executable
FAIL: 27_io/basic_istream/readsome/char/6746-1.cc (test for excess errors)
WARNING: 27_io/basic_istream/readsome/char/6746-1.cc compilation failed to produce executable
FAIL: 27_io/basic_istream/readsome/char/6746-2.cc (test for excess errors)
WARNING: 27_io/basic_istream/readsome/char/6746-2.cc compilation failed to produce executable
FAIL: 27_io/basic_istream/readsome/char/8258.cc (test for excess errors)
WARNING: 27_io/basic_istream/readsome/char/8258.cc compilation failed to produce executable
FAIL: 27_io/basic_istream/seekg/char/2.cc (test for excess errors)
WARNING: 27_io/basic_istream/seekg/char/2.cc compilation failed to produce executable
FAIL: 27_io/basic_istream/seekg/char/2346-fstream.cc (test for excess errors)
WARNING: 27_io/basic_istream/seekg/char/2346-fstream.cc compilation failed to produce executable
FAIL: 27_io/basic_istream/seekg/char/2346-sstream.cc (test for excess errors)
WARNING: 27_io/basic_istream/seekg/char/2346-sstream.cc compilation failed to produce executable
FAIL: 27_io/basic_istream/seekg/char/8348-1.cc (test for excess errors)
WARNING: 27_io/basic_istream/seekg/char/8348-1.cc compilation failed to produce executable
FAIL: 27_io/basic_istream/seekg/char/8348-2.cc (test for excess errors)
WARNING: 27_io/basic_istream/seekg/char/8348-2.cc compilation failed to produce executable
FAIL: 27_io/basic_istream/seekg/char/exceptions_badbit_throw.cc (test for excess errors)
WARNING: 27_io/basic_istream/seekg/char/exceptions_badbit_throw.cc compilation failed to produce executable
FAIL: 27_io/basic_istream/seekg/char/fstream.cc (test for excess errors)
WARNING: 27_io/basic_istream/seekg/char/fstream.cc compilation failed to produce executable
FAIL: 27_io/basic_istream/seekg/char/sstream.cc (test for excess errors)
WARNING: 27_io/basic_istream/seekg/char/sstream.cc compilation failed to produce executable
FAIL: 27_io/basic_istream/sentry/char/1.cc (test for excess errors)
WARNING: 27_io/basic_istream/sentry/char/1.cc compilation failed to produce executable
FAIL: 27_io/basic_istream/sentry/char/12297.cc (test for excess errors)
WARNING: 27_io/basic_istream/sentry/char/12297.cc compilation failed to produce executable
FAIL: 27_io/basic_istream/sentry/char/2.cc (test for excess errors)
WARNING: 27_io/basic_istream/sentry/char/2.cc compilation failed to produce executable
FAIL: 27_io/basic_istream/sentry/char/3.cc (test for excess errors)
WARNING: 27_io/basic_istream/sentry/char/3.cc compilation failed to produce executable
FAIL: 27_io/basic_istream/sentry/pod/1.cc (test for excess errors)
WARNING: 27_io/basic_istream/sentry/pod/1.cc compilation failed to produce executable
FAIL: 27_io/basic_istream/tellg/char/1.cc (test for excess errors)
WARNING: 27_io/basic_istream/tellg/char/1.cc compilation failed to produce executable
FAIL: 27_io/basic_istream/tellg/char/2.cc (test for excess errors)
WARNING: 27_io/basic_istream/tellg/char/2.cc compilation failed to produce executable
FAIL: 27_io/basic_istream/tellg/char/8348.cc (test for excess errors)
WARNING: 27_io/basic_istream/tellg/char/8348.cc compilation failed to produce executable
FAIL: 27_io/basic_istream/tellg/char/exceptions_badbit_throw.cc (test for excess errors)
WARNING: 27_io/basic_istream/tellg/char/exceptions_badbit_throw.cc compilation failed to produce executable
FAIL: 27_io/basic_istream/tellg/char/fstream.cc (test for excess errors)
WARNING: 27_io/basic_istream/tellg/char/fstream.cc compilation failed to produce executable
FAIL: 27_io/basic_istream/tellg/char/sstream.cc (test for excess errors)
WARNING: 27_io/basic_istream/tellg/char/sstream.cc compilation failed to produce executable
FAIL: 27_io/basic_istream/ws/char/1.cc (test for excess errors)
WARNING: 27_io/basic_istream/ws/char/1.cc compilation failed to produce executable
FAIL: 27_io/basic_istringstream/2.cc (test for excess errors)
FAIL: 27_io/basic_istringstream/3.cc (test for excess errors)
FAIL: 27_io/basic_istringstream/4.cc (test for excess errors)
WARNING: 27_io/basic_istringstream/4.cc compilation failed to produce executable
FAIL: 27_io/basic_istringstream/rdbuf/char/2832.cc (test for excess errors)
WARNING: 27_io/basic_istringstream/rdbuf/char/2832.cc compilation failed to produce executable
FAIL: 27_io/basic_istringstream/str/char/1.cc (test for excess errors)
WARNING: 27_io/basic_istringstream/str/char/1.cc compilation failed to produce executable
FAIL: 27_io/basic_ofstream/2.cc (test for excess errors)
FAIL: 27_io/basic_ofstream/3.cc (test for excess errors)
FAIL: 27_io/basic_ofstream/4.cc (test for excess errors)
WARNING: 27_io/basic_ofstream/4.cc compilation failed to produce executable
FAIL: 27_io/basic_ofstream/cons/char/2.cc (test for excess errors)
WARNING: 27_io/basic_ofstream/cons/char/2.cc compilation failed to produce executable
FAIL: 27_io/basic_ofstream/open/char/1.cc (test for excess errors)
WARNING: 27_io/basic_ofstream/open/char/1.cc compilation failed to produce executable
FAIL: 27_io/basic_ofstream/rdbuf/char/2832.cc (test for excess errors)
WARNING: 27_io/basic_ofstream/rdbuf/char/2832.cc compilation failed to produce executable
FAIL: 27_io/basic_ostream/1.cc (test for excess errors)
FAIL: 27_io/basic_ostream/2.cc (test for excess errors)
FAIL: 27_io/basic_ostream/3.cc (test for excess errors)
FAIL: 27_io/basic_ostream/4.cc (test for excess errors)
WARNING: 27_io/basic_ostream/4.cc compilation failed to produce executable
FAIL: 27_io/basic_ostream/cons/char/9827.cc (test for excess errors)
WARNING: 27_io/basic_ostream/cons/char/9827.cc compilation failed to produce executable
FAIL: 27_io/basic_ostream/endl/char/1.cc (test for excess errors)
WARNING: 27_io/basic_ostream/endl/char/1.cc compilation failed to produce executable
FAIL: 27_io/basic_ostream/ends/char/1.cc (test for excess errors)
WARNING: 27_io/basic_ostream/ends/char/1.cc compilation failed to produce executable
FAIL: 27_io/basic_ostream/ends/char/2.cc (test for excess errors)
WARNING: 27_io/basic_ostream/ends/char/2.cc compilation failed to produce executable
FAIL: 27_io/basic_ostream/exceptions/char/9561.cc (test for excess errors)
WARNING: 27_io/basic_ostream/exceptions/char/9561.cc compilation failed to produce executable
FAIL: 27_io/basic_ostream/flush/char/1.cc (test for excess errors)
WARNING: 27_io/basic_ostream/flush/char/1.cc compilation failed to produce executable
FAIL: 27_io/basic_ostream/flush/char/2.cc (test for excess errors)
WARNING: 27_io/basic_ostream/flush/char/2.cc compilation failed to produce executable
FAIL: 27_io/basic_ostream/flush/char/exceptions_badbit_throw.cc (test for excess errors)
WARNING: 27_io/basic_ostream/flush/char/exceptions_badbit_throw.cc compilation failed to produce executable
FAIL: 27_io/basic_ostream/inserters_arithmetic/char/1.cc (test for excess errors)
WARNING: 27_io/basic_ostream/inserters_arithmetic/char/1.cc compilation failed to produce executable
FAIL: 27_io/basic_ostream/inserters_arithmetic/char/2.cc (test for excess errors)
WARNING: 27_io/basic_ostream/inserters_arithmetic/char/2.cc compilation failed to produce executable
FAIL: 27_io/basic_ostream/inserters_arithmetic/char/3.cc (test for excess errors)
WARNING: 27_io/basic_ostream/inserters_arithmetic/char/3.cc compilation failed to produce executable
FAIL: 27_io/basic_ostream/inserters_arithmetic/char/4.cc (test for excess errors)
WARNING: 27_io/basic_ostream/inserters_arithmetic/char/4.cc compilation failed to produce executable
FAIL: 27_io/basic_ostream/inserters_arithmetic/char/4402.cc (test for excess errors)
WARNING: 27_io/basic_ostream/inserters_arithmetic/char/4402.cc compilation failed to produce executable
FAIL: 27_io/basic_ostream/inserters_arithmetic/char/5.cc (test for excess errors)
WARNING: 27_io/basic_ostream/inserters_arithmetic/char/5.cc compilation failed to produce executable
FAIL: 27_io/basic_ostream/inserters_arithmetic/char/6.cc (test for excess errors)
WARNING: 27_io/basic_ostream/inserters_arithmetic/char/6.cc compilation failed to produce executable
FAIL: 27_io/basic_ostream/inserters_arithmetic/char/9555-oa.cc (test for excess errors)
WARNING: 27_io/basic_ostream/inserters_arithmetic/char/9555-oa.cc compilation failed to produce executable
FAIL: 27_io/basic_ostream/inserters_arithmetic/char/exceptions_badbit_throw.cc (test for excess errors)
WARNING: 27_io/basic_ostream/inserters_arithmetic/char/exceptions_badbit_throw.cc compilation failed to produce executable
FAIL: 27_io/basic_ostream/inserters_arithmetic/char/exceptions_failbit_throw.cc (test for excess errors)
WARNING: 27_io/basic_ostream/inserters_arithmetic/char/exceptions_failbit_throw.cc compilation failed to produce executable
FAIL: 27_io/basic_ostream/inserters_arithmetic/wchar_t/1.cc (test for excess errors)
WARNING: 27_io/basic_ostream/inserters_arithmetic/wchar_t/1.cc compilation failed to produce executable
FAIL: 27_io/basic_ostream/inserters_character/char/1.cc (test for excess errors)
WARNING: 27_io/basic_ostream/inserters_character/char/1.cc compilation failed to produce executable
FAIL: 27_io/basic_ostream/inserters_character/char/11095-oa.cc (test for excess errors)
WARNING: 27_io/basic_ostream/inserters_character/char/11095-oa.cc compilation failed to produce executable
FAIL: 27_io/basic_ostream/inserters_character/char/11095-ob.cc (test for excess errors)
WARNING: 27_io/basic_ostream/inserters_character/char/11095-ob.cc compilation failed to produce executable
FAIL: 27_io/basic_ostream/inserters_character/char/11095-oc.cc (test for excess errors)
WARNING: 27_io/basic_ostream/inserters_character/char/11095-oc.cc compilation failed to produce executable
FAIL: 27_io/basic_ostream/inserters_character/char/2.cc (test for excess errors)
WARNING: 27_io/basic_ostream/inserters_character/char/2.cc compilation failed to produce executable
FAIL: 27_io/basic_ostream/inserters_character/char/3.cc (test for excess errors)
WARNING: 27_io/basic_ostream/inserters_character/char/3.cc compilation failed to produce executable
FAIL: 27_io/basic_ostream/inserters_character/char/4.cc (test for excess errors)
WARNING: 27_io/basic_ostream/inserters_character/char/4.cc compilation failed to produce executable
FAIL: 27_io/basic_ostream/inserters_character/char/5.cc (test for excess errors)
WARNING: 27_io/basic_ostream/inserters_character/char/5.cc compilation failed to produce executable
FAIL: 27_io/basic_ostream/inserters_character/char/6.cc (test for excess errors)
WARNING: 27_io/basic_ostream/inserters_character/char/6.cc compilation failed to produce executable
FAIL: 27_io/basic_ostream/inserters_character/char/8.cc (test for excess errors)
WARNING: 27_io/basic_ostream/inserters_character/char/8.cc compilation failed to produce executable
FAIL: 27_io/basic_ostream/inserters_character/char/9555-oc.cc (test for excess errors)
WARNING: 27_io/basic_ostream/inserters_character/char/9555-oc.cc compilation failed to produce executable
FAIL: 27_io/basic_ostream/inserters_character/wchar_t/11095-od.cc (test for excess errors)
WARNING: 27_io/basic_ostream/inserters_character/wchar_t/11095-od.cc compilation failed to produce executable
FAIL: 27_io/basic_ostream/inserters_character/wchar_t/11095-oe.cc (test for excess errors)
WARNING: 27_io/basic_ostream/inserters_character/wchar_t/11095-oe.cc compilation failed to produce executable
FAIL: 27_io/basic_ostream/inserters_character/wchar_t/11095-of.cc (test for excess errors)
WARNING: 27_io/basic_ostream/inserters_character/wchar_t/11095-of.cc compilation failed to produce executable
FAIL: 27_io/basic_ostream/inserters_character/wchar_t/7.cc (test for excess errors)
WARNING: 27_io/basic_ostream/inserters_character/wchar_t/7.cc compilation failed to produce executable
FAIL: 27_io/basic_ostream/inserters_character/wchar_t/8.cc (test for excess errors)
WARNING: 27_io/basic_ostream/inserters_character/wchar_t/8.cc compilation failed to produce executable
FAIL: 27_io/basic_ostream/inserters_other/char/1.cc (test for excess errors)
WARNING: 27_io/basic_ostream/inserters_other/char/1.cc compilation failed to produce executable
FAIL: 27_io/basic_ostream/inserters_other/char/2.cc (test for excess errors)
WARNING: 27_io/basic_ostream/inserters_other/char/2.cc compilation failed to produce executable
FAIL: 27_io/basic_ostream/inserters_other/char/3.cc (test for excess errors)
WARNING: 27_io/basic_ostream/inserters_other/char/3.cc compilation failed to produce executable
FAIL: 27_io/basic_ostream/inserters_other/char/4.cc (test for excess errors)
WARNING: 27_io/basic_ostream/inserters_other/char/4.cc compilation failed to produce executable
FAIL: 27_io/basic_ostream/inserters_other/char/5.cc (test for excess errors)
WARNING: 27_io/basic_ostream/inserters_other/char/5.cc compilation failed to produce executable
FAIL: 27_io/basic_ostream/inserters_other/char/9318-out.cc (test for excess errors)
WARNING: 27_io/basic_ostream/inserters_other/char/9318-out.cc compilation failed to produce executable
FAIL: 27_io/basic_ostream/inserters_other/char/9424-out.cc (test for excess errors)
WARNING: 27_io/basic_ostream/inserters_other/char/9424-out.cc compilation failed to produce executable
FAIL: 27_io/basic_ostream/inserters_other/char/9555-oo.cc (test for excess errors)
WARNING: 27_io/basic_ostream/inserters_other/char/9555-oo.cc compilation failed to produce executable
FAIL: 27_io/basic_ostream/inserters_other/char/error_failbit.cc (test for excess errors)
WARNING: 27_io/basic_ostream/inserters_other/char/error_failbit.cc compilation failed to produce executable
FAIL: 27_io/basic_ostream/inserters_other/char/exceptions_badbit_throw.cc (test for excess errors)
WARNING: 27_io/basic_ostream/inserters_other/char/exceptions_badbit_throw.cc compilation failed to produce executable
FAIL: 27_io/basic_ostream/inserters_other/char/exceptions_failbit_throw.cc (test for excess errors)
WARNING: 27_io/basic_ostream/inserters_other/char/exceptions_failbit_throw.cc compilation failed to produce executable
FAIL: 27_io/basic_ostream/inserters_other/char/exceptions_null.cc (test for excess errors)
WARNING: 27_io/basic_ostream/inserters_other/char/exceptions_null.cc compilation failed to produce executable
FAIL: 27_io/basic_ostream/put/char/1.cc (test for excess errors)
WARNING: 27_io/basic_ostream/put/char/1.cc compilation failed to produce executable
FAIL: 27_io/basic_ostream/seekp/char/exceptions_badbit_throw.cc (test for excess errors)
WARNING: 27_io/basic_ostream/seekp/char/exceptions_badbit_throw.cc compilation failed to produce executable
FAIL: 27_io/basic_ostream/sentry/char/1.cc (test for excess errors)
WARNING: 27_io/basic_ostream/sentry/char/1.cc compilation failed to produce executable
FAIL: 27_io/basic_ostream/sentry/char/2.cc (test for excess errors)
WARNING: 27_io/basic_ostream/sentry/char/2.cc compilation failed to produce executable
FAIL: 27_io/basic_ostream/sentry/pod/1.cc (test for excess errors)
WARNING: 27_io/basic_ostream/sentry/pod/1.cc compilation failed to produce executable
FAIL: 27_io/basic_ostream/tellp/char/1.cc (test for excess errors)
WARNING: 27_io/basic_ostream/tellp/char/1.cc compilation failed to produce executable
FAIL: 27_io/basic_ostream/tellp/char/2.cc (test for excess errors)
WARNING: 27_io/basic_ostream/tellp/char/2.cc compilation failed to produce executable
FAIL: 27_io/basic_ostream/tellp/char/exceptions_badbit_throw.cc (test for excess errors)
WARNING: 27_io/basic_ostream/tellp/char/exceptions_badbit_throw.cc compilation failed to produce executable
FAIL: 27_io/basic_ostream/write/char/1.cc (test for excess errors)
WARNING: 27_io/basic_ostream/write/char/1.cc compilation failed to produce executable
FAIL: 27_io/basic_ostringstream/2.cc (test for excess errors)
FAIL: 27_io/basic_ostringstream/3.cc (test for excess errors)
FAIL: 27_io/basic_ostringstream/4.cc (test for excess errors)
WARNING: 27_io/basic_ostringstream/4.cc compilation failed to produce executable
FAIL: 27_io/basic_ostringstream/cons/char/3.cc (test for excess errors)
WARNING: 27_io/basic_ostringstream/cons/char/3.cc compilation failed to produce executable
FAIL: 27_io/basic_ostringstream/rdbuf/char/2832.cc (test for excess errors)
WARNING: 27_io/basic_ostringstream/rdbuf/char/2832.cc compilation failed to produce executable
FAIL: 27_io/basic_ostringstream/str/char/1.cc (test for excess errors)
WARNING: 27_io/basic_ostringstream/str/char/1.cc compilation failed to produce executable
FAIL: 27_io/basic_ostringstream/str/char/2.cc (test for excess errors)
WARNING: 27_io/basic_ostringstream/str/char/2.cc compilation failed to produce executable
FAIL: 27_io/basic_streambuf/1.cc (test for excess errors)
FAIL: 27_io/basic_streambuf/2.cc (test for excess errors)
FAIL: 27_io/basic_streambuf/3.cc (test for excess errors)
WARNING: 27_io/basic_streambuf/3.cc compilation failed to produce executable
FAIL: 27_io/basic_streambuf/cons/char/1.cc (test for excess errors)
WARNING: 27_io/basic_streambuf/cons/char/1.cc compilation failed to produce executable
FAIL: 27_io/basic_streambuf/imbue/char/1.cc (test for excess errors)
WARNING: 27_io/basic_streambuf/imbue/char/1.cc compilation failed to produce executable
FAIL: 27_io/basic_streambuf/imbue/char/13007-1.cc (test for excess errors)
WARNING: 27_io/basic_streambuf/imbue/char/13007-1.cc compilation failed to produce executable
FAIL: 27_io/basic_streambuf/imbue/char/13007-2.cc (test for excess errors)
WARNING: 27_io/basic_streambuf/imbue/char/13007-2.cc compilation failed to produce executable
FAIL: 27_io/basic_streambuf/imbue/char/9322.cc (test for excess errors)
WARNING: 27_io/basic_streambuf/imbue/char/9322.cc compilation failed to produce executable
FAIL: 27_io/basic_streambuf/imbue/wchar_t/13007-1.cc (test for excess errors)
WARNING: 27_io/basic_streambuf/imbue/wchar_t/13007-1.cc compilation failed to produce executable
FAIL: 27_io/basic_streambuf/imbue/wchar_t/13007-2.cc (test for excess errors)
WARNING: 27_io/basic_streambuf/imbue/wchar_t/13007-2.cc compilation failed to produce executable
FAIL: 27_io/basic_streambuf/in_avail/char/9701-3.cc (test for excess errors)
WARNING: 27_io/basic_streambuf/in_avail/char/9701-3.cc compilation failed to produce executable
FAIL: 27_io/basic_streambuf/overflow/char/1.cc (test for excess errors)
WARNING: 27_io/basic_streambuf/overflow/char/1.cc compilation failed to produce executable
FAIL: 27_io/basic_streambuf/overflow/char/2.cc (test for excess errors)
WARNING: 27_io/basic_streambuf/overflow/char/2.cc compilation failed to produce executable
FAIL: 27_io/basic_streambuf/overflow/char/3599.cc (test for excess errors)
WARNING: 27_io/basic_streambuf/overflow/char/3599.cc compilation failed to produce executable
FAIL: 27_io/basic_streambuf/sgetc/char/1.cc (test for excess errors)
WARNING: 27_io/basic_streambuf/sgetc/char/1.cc compilation failed to produce executable
FAIL: 27_io/basic_streambuf/sgetn/char/1.cc (test for excess errors)
WARNING: 27_io/basic_streambuf/sgetn/char/1.cc compilation failed to produce executable
FAIL: 27_io/basic_streambuf/sputbackc/char/9538.cc (test for excess errors)
WARNING: 27_io/basic_streambuf/sputbackc/char/9538.cc compilation failed to produce executable
FAIL: 27_io/basic_streambuf/sputc/char/1057.cc (test for excess errors)
WARNING: 27_io/basic_streambuf/sputc/char/1057.cc compilation failed to produce executable
FAIL: 27_io/basic_streambuf/sputn/char/1.cc (test for excess errors)
WARNING: 27_io/basic_streambuf/sputn/char/1.cc compilation failed to produce executable
FAIL: 27_io/basic_streambuf/sputn/char/1057.cc (test for excess errors)
WARNING: 27_io/basic_streambuf/sputn/char/1057.cc compilation failed to produce executable
FAIL: 27_io/basic_streambuf/sync/char/1057.cc (test for excess errors)
WARNING: 27_io/basic_streambuf/sync/char/1057.cc compilation failed to produce executable
FAIL: 27_io/basic_stringbuf/1.cc (test for excess errors)
FAIL: 27_io/basic_stringbuf/2.cc (test for excess errors)
FAIL: 27_io/basic_stringbuf/3.cc (test for excess errors)
WARNING: 27_io/basic_stringbuf/3.cc compilation failed to produce executable
FAIL: 27_io/basic_stringbuf/4.cc (test for excess errors)
FAIL: 27_io/basic_stringbuf/5.cc (test for excess errors)
WARNING: 27_io/basic_stringbuf/5.cc compilation failed to produce executable
FAIL: 27_io/basic_stringbuf/imbue/char/1.cc (test for excess errors)
WARNING: 27_io/basic_stringbuf/imbue/char/1.cc compilation failed to produce executable
FAIL: 27_io/basic_stringbuf/imbue/char/9322.cc (test for excess errors)
WARNING: 27_io/basic_stringbuf/imbue/char/9322.cc compilation failed to produce executable
FAIL: 27_io/basic_stringbuf/in_avail/char/1.cc (test for excess errors)
WARNING: 27_io/basic_stringbuf/in_avail/char/1.cc compilation failed to produce executable
FAIL: 27_io/basic_stringbuf/overflow/char/2.cc (test for excess errors)
WARNING: 27_io/basic_stringbuf/overflow/char/2.cc compilation failed to produce executable
FAIL: 27_io/basic_stringbuf/overflow/char/3599.cc (test for excess errors)
WARNING: 27_io/basic_stringbuf/overflow/char/3599.cc compilation failed to produce executable
FAIL: 27_io/basic_stringbuf/overflow/char/9988.cc (test for excess errors)
WARNING: 27_io/basic_stringbuf/overflow/char/9988.cc compilation failed to produce executable
FAIL: 27_io/basic_stringbuf/sbumpc/char/1.cc (test for excess errors)
WARNING: 27_io/basic_stringbuf/sbumpc/char/1.cc compilation failed to produce executable
FAIL: 27_io/basic_stringbuf/sbumpc/char/9825.cc (test for excess errors)
WARNING: 27_io/basic_stringbuf/sbumpc/char/9825.cc compilation failed to produce executable
FAIL: 27_io/basic_stringbuf/seekoff/char/1.cc (test for excess errors)
WARNING: 27_io/basic_stringbuf/seekoff/char/1.cc compilation failed to produce executable
FAIL: 27_io/basic_stringbuf/seekoff/char/2.cc (test for excess errors)
WARNING: 27_io/basic_stringbuf/seekoff/char/2.cc compilation failed to produce executable
FAIL: 27_io/basic_stringbuf/seekpos/char/1.cc (test for excess errors)
WARNING: 27_io/basic_stringbuf/seekpos/char/1.cc compilation failed to produce executable
FAIL: 27_io/basic_stringbuf/seekpos/char/2.cc (test for excess errors)
WARNING: 27_io/basic_stringbuf/seekpos/char/2.cc compilation failed to produce executable
FAIL: 27_io/basic_stringbuf/seekpos/char/3.cc (test for excess errors)
WARNING: 27_io/basic_stringbuf/seekpos/char/3.cc compilation failed to produce executable
FAIL: 27_io/basic_stringbuf/setbuf/char/1.cc (test for excess errors)
WARNING: 27_io/basic_stringbuf/setbuf/char/1.cc compilation failed to produce executable
FAIL: 27_io/basic_stringbuf/setbuf/char/2.cc (test for excess errors)
WARNING: 27_io/basic_stringbuf/setbuf/char/2.cc compilation failed to produce executable
FAIL: 27_io/basic_stringbuf/setbuf/char/3.cc (test for excess errors)
WARNING: 27_io/basic_stringbuf/setbuf/char/3.cc compilation failed to produce executable
FAIL: 27_io/basic_stringbuf/sgetc/char/1.cc (test for excess errors)
WARNING: 27_io/basic_stringbuf/sgetc/char/1.cc compilation failed to produce executable
FAIL: 27_io/basic_stringbuf/sgetn/char/1.cc (test for excess errors)
WARNING: 27_io/basic_stringbuf/sgetn/char/1.cc compilation failed to produce executable
FAIL: 27_io/basic_stringbuf/snextc/char/1.cc (test for excess errors)
WARNING: 27_io/basic_stringbuf/snextc/char/1.cc compilation failed to produce executable
FAIL: 27_io/basic_stringbuf/sputbackc/char/1.cc (test for excess errors)
WARNING: 27_io/basic_stringbuf/sputbackc/char/1.cc compilation failed to produce executable
FAIL: 27_io/basic_stringbuf/sputbackc/char/9425.cc (test for excess errors)
WARNING: 27_io/basic_stringbuf/sputbackc/char/9425.cc compilation failed to produce executable
FAIL: 27_io/basic_stringbuf/sputc/char/1.cc (test for excess errors)
WARNING: 27_io/basic_stringbuf/sputc/char/1.cc compilation failed to produce executable
FAIL: 27_io/basic_stringbuf/sputc/char/1057.cc (test for excess errors)
WARNING: 27_io/basic_stringbuf/sputc/char/1057.cc compilation failed to produce executable
FAIL: 27_io/basic_stringbuf/sputc/char/9404-1.cc (test for excess errors)
WARNING: 27_io/basic_stringbuf/sputc/char/9404-1.cc compilation failed to produce executable
FAIL: 27_io/basic_stringbuf/sputn/char/1.cc (test for excess errors)
WARNING: 27_io/basic_stringbuf/sputn/char/1.cc compilation failed to produce executable
FAIL: 27_io/basic_stringbuf/sputn/char/1057.cc (test for excess errors)
WARNING: 27_io/basic_stringbuf/sputn/char/1057.cc compilation failed to produce executable
FAIL: 27_io/basic_stringbuf/sputn/char/9404-2.cc (test for excess errors)
WARNING: 27_io/basic_stringbuf/sputn/char/9404-2.cc compilation failed to produce executable
FAIL: 27_io/basic_stringbuf/str/char/1.cc (test for excess errors)
WARNING: 27_io/basic_stringbuf/str/char/1.cc compilation failed to produce executable
FAIL: 27_io/basic_stringbuf/str/char/2.cc (test for excess errors)
WARNING: 27_io/basic_stringbuf/str/char/2.cc compilation failed to produce executable
FAIL: 27_io/basic_stringbuf/str/char/3.cc (test for excess errors)
WARNING: 27_io/basic_stringbuf/str/char/3.cc compilation failed to produce executable
FAIL: 27_io/basic_stringbuf/str/char/3955.cc (test for excess errors)
WARNING: 27_io/basic_stringbuf/str/char/3955.cc compilation failed to produce executable
FAIL: 27_io/basic_stringbuf/sungetc/char/1.cc (test for excess errors)
WARNING: 27_io/basic_stringbuf/sungetc/char/1.cc compilation failed to produce executable
FAIL: 27_io/basic_stringbuf/sync/char/1057.cc (test for excess errors)
WARNING: 27_io/basic_stringbuf/sync/char/1057.cc compilation failed to produce executable
FAIL: 27_io/basic_stringstream/1.cc (test for excess errors)
FAIL: 27_io/basic_stringstream/2.cc (test for excess errors)
FAIL: 27_io/basic_stringstream/3.cc (test for excess errors)
FAIL: 27_io/basic_stringstream/4.cc (test for excess errors)
WARNING: 27_io/basic_stringstream/4.cc compilation failed to produce executable
FAIL: 27_io/basic_stringstream/rdbuf/char/2832.cc (test for excess errors)
WARNING: 27_io/basic_stringstream/rdbuf/char/2832.cc compilation failed to produce executable
FAIL: 27_io/basic_stringstream/str/char/1.cc (test for excess errors)
WARNING: 27_io/basic_stringstream/str/char/1.cc compilation failed to produce executable
FAIL: 27_io/basic_stringstream/str/char/2.cc (test for excess errors)
WARNING: 27_io/basic_stringstream/str/char/2.cc compilation failed to produce executable
FAIL: 27_io/basic_stringstream/str/char/3.cc (test for excess errors)
WARNING: 27_io/basic_stringstream/str/char/3.cc compilation failed to produce executable
FAIL: 27_io/basic_stringstream/str/char/4.cc (test for excess errors)
WARNING: 27_io/basic_stringstream/str/char/4.cc compilation failed to produce executable
FAIL: 27_io/fpos/1.cc (test for excess errors)
FAIL: 27_io/fpos/11450.cc (test for excess errors)
WARNING: 27_io/fpos/11450.cc compilation failed to produce executable
FAIL: 27_io/fpos/mbstate_t/1.cc (test for excess errors)
WARNING: 27_io/fpos/mbstate_t/1.cc compilation failed to produce executable
FAIL: 27_io/fpos/mbstate_t/12065.cc (test for excess errors)
WARNING: 27_io/fpos/mbstate_t/12065.cc compilation failed to produce executable
FAIL: 27_io/fpos/mbstate_t/2.cc (test for excess errors)
WARNING: 27_io/fpos/mbstate_t/2.cc compilation failed to produce executable
FAIL: 27_io/fpos/mbstate_t/3.cc (test for excess errors)
WARNING: 27_io/fpos/mbstate_t/3.cc compilation failed to produce executable
FAIL: 27_io/fpos/mbstate_t/4_neg.cc (test for excess errors)
FAIL: 27_io/ios_base/callbacks/1.cc (test for excess errors)
WARNING: 27_io/ios_base/callbacks/1.cc compilation failed to produce executable
FAIL: 27_io/ios_base/state/1.cc (test for excess errors)
WARNING: 27_io/ios_base/state/1.cc compilation failed to produce executable
FAIL: 27_io/ios_base/storage/1.cc (test for excess errors)
WARNING: 27_io/ios_base/storage/1.cc compilation failed to produce executable
FAIL: 27_io/ios_base/storage/2.cc (test for excess errors)
WARNING: 27_io/ios_base/storage/2.cc compilation failed to produce executable
FAIL: 27_io/ios_base/storage/3.cc (test for excess errors)
WARNING: 27_io/ios_base/storage/3.cc compilation failed to produce executable
FAIL: 27_io/ios_base/sync_with_stdio/1.cc (test for excess errors)
WARNING: 27_io/ios_base/sync_with_stdio/1.cc compilation failed to produce executable
FAIL: 27_io/ios_base/sync_with_stdio/2.cc (test for excess errors)
WARNING: 27_io/ios_base/sync_with_stdio/2.cc compilation failed to produce executable
FAIL: 27_io/ios_base/sync_with_stdio/9523.cc (test for excess errors)
WARNING: 27_io/ios_base/sync_with_stdio/9523.cc compilation failed to produce executable
FAIL: 27_io/manipulators/adjustfield/char/1.cc (test for excess errors)
WARNING: 27_io/manipulators/adjustfield/char/1.cc compilation failed to produce executable
FAIL: 27_io/manipulators/adjustfield/char/2.cc (test for excess errors)
WARNING: 27_io/manipulators/adjustfield/char/2.cc compilation failed to produce executable
FAIL: 27_io/manipulators/basefield/char/1.cc (test for excess errors)
WARNING: 27_io/manipulators/basefield/char/1.cc compilation failed to produce executable
FAIL: 27_io/manipulators/standard/char/1.cc (test for excess errors)
WARNING: 27_io/manipulators/standard/char/1.cc compilation failed to produce executable
FAIL: 27_io/objects/char/1.cc (test for excess errors)
WARNING: 27_io/objects/char/1.cc compilation failed to produce executable
FAIL: 27_io/objects/char/10.cc (test for excess errors)
WARNING: 27_io/objects/char/10.cc compilation failed to produce executable
FAIL: 27_io/objects/char/12048-1.cc (test for excess errors)
WARNING: 27_io/objects/char/12048-1.cc compilation failed to produce executable
FAIL: 27_io/objects/char/12048-2.cc (test for excess errors)
WARNING: 27_io/objects/char/12048-2.cc compilation failed to produce executable
FAIL: 27_io/objects/char/12048-3.cc (test for excess errors)
WARNING: 27_io/objects/char/12048-3.cc compilation failed to produce executable
FAIL: 27_io/objects/char/12048-4.cc (test for excess errors)
WARNING: 27_io/objects/char/12048-4.cc compilation failed to produce executable
FAIL: 27_io/objects/char/12048-5.cc (test for excess errors)
WARNING: 27_io/objects/char/12048-5.cc compilation failed to produce executable
FAIL: 27_io/objects/char/3045.cc (test for excess errors)
WARNING: 27_io/objects/char/3045.cc compilation failed to produce executable
FAIL: 27_io/objects/char/3647.cc (test for excess errors)
WARNING: 27_io/objects/char/3647.cc compilation failed to produce executable
FAIL: 27_io/objects/char/5268.cc (test for excess errors)
WARNING: 27_io/objects/char/5268.cc compilation failed to produce executable
FAIL: 27_io/objects/char/6.cc (test for excess errors)
WARNING: 27_io/objects/char/6.cc compilation failed to produce executable
FAIL: 27_io/objects/char/7.cc (test for excess errors)
WARNING: 27_io/objects/char/7.cc compilation failed to produce executable
FAIL: 27_io/objects/char/8.cc (test for excess errors)
WARNING: 27_io/objects/char/8.cc compilation failed to produce executable
FAIL: 27_io/objects/char/9.cc (test for excess errors)
WARNING: 27_io/objects/char/9.cc compilation failed to produce executable
FAIL: 27_io/objects/char/9661-1.cc (test for excess errors)
WARNING: 27_io/objects/char/9661-1.cc compilation failed to produce executable
FAIL: 27_io/objects/wchar_t/1.cc (test for excess errors)
WARNING: 27_io/objects/wchar_t/1.cc compilation failed to produce executable
FAIL: 27_io/objects/wchar_t/10.cc (test for excess errors)
WARNING: 27_io/objects/wchar_t/10.cc compilation failed to produce executable
FAIL: 27_io/objects/wchar_t/11.cc (test for excess errors)
WARNING: 27_io/objects/wchar_t/11.cc compilation failed to produce executable
FAIL: 27_io/objects/wchar_t/12.cc (test for excess errors)
WARNING: 27_io/objects/wchar_t/12.cc compilation failed to produce executable
FAIL: 27_io/objects/wchar_t/12048-1.cc (test for excess errors)
WARNING: 27_io/objects/wchar_t/12048-1.cc compilation failed to produce executable
FAIL: 27_io/objects/wchar_t/12048-2.cc (test for excess errors)
WARNING: 27_io/objects/wchar_t/12048-2.cc compilation failed to produce executable
FAIL: 27_io/objects/wchar_t/12048-3.cc (test for excess errors)
WARNING: 27_io/objects/wchar_t/12048-3.cc compilation failed to produce executable
FAIL: 27_io/objects/wchar_t/12048-4.cc (test for excess errors)
WARNING: 27_io/objects/wchar_t/12048-4.cc compilation failed to produce executable
FAIL: 27_io/objects/wchar_t/12048-5.cc (test for excess errors)
WARNING: 27_io/objects/wchar_t/12048-5.cc compilation failed to produce executable
FAIL: 27_io/objects/wchar_t/13.cc (test for excess errors)
WARNING: 27_io/objects/wchar_t/13.cc compilation failed to produce executable
FAIL: 27_io/objects/wchar_t/3045.cc (test for excess errors)
WARNING: 27_io/objects/wchar_t/3045.cc compilation failed to produce executable
FAIL: 27_io/objects/wchar_t/3647.cc (test for excess errors)
WARNING: 27_io/objects/wchar_t/3647.cc compilation failed to produce executable
FAIL: 27_io/objects/wchar_t/5268.cc (test for excess errors)
WARNING: 27_io/objects/wchar_t/5268.cc compilation failed to produce executable
FAIL: 27_io/objects/wchar_t/6.cc (test for excess errors)
WARNING: 27_io/objects/wchar_t/6.cc compilation failed to produce executable
FAIL: 27_io/objects/wchar_t/7.cc (test for excess errors)
WARNING: 27_io/objects/wchar_t/7.cc compilation failed to produce executable
FAIL: 27_io/objects/wchar_t/8.cc (test for excess errors)
WARNING: 27_io/objects/wchar_t/8.cc compilation failed to produce executable
FAIL: 27_io/objects/wchar_t/9520.cc (test for excess errors)
WARNING: 27_io/objects/wchar_t/9520.cc compilation failed to produce executable
FAIL: 27_io/objects/wchar_t/9661-1.cc (test for excess errors)
WARNING: 27_io/objects/wchar_t/9661-1.cc compilation failed to produce executable
FAIL: 27_io/objects/wchar_t/9662.cc (test for excess errors)
WARNING: 27_io/objects/wchar_t/9662.cc compilation failed to produce executable
FAIL: 27_io/types/1.cc (test for excess errors)
WARNING: 27_io/types/1.cc compilation failed to produce executable
FAIL: 27_io/types/2.cc (test for excess errors)
WARNING: 27_io/types/2.cc compilation failed to produce executable
FAIL: 27_io/types/3.cc (test for excess errors)
WARNING: 27_io/types/3.cc compilation failed to produce executable
FAIL: demangle/abi_examples/01.cc (test for excess errors)
WARNING: demangle/abi_examples/01.cc compilation failed to produce executable
FAIL: demangle/abi_examples/02.cc (test for excess errors)
WARNING: demangle/abi_examples/02.cc compilation failed to produce executable
FAIL: demangle/abi_examples/03.cc (test for excess errors)
WARNING: demangle/abi_examples/03.cc compilation failed to produce executable
FAIL: demangle/abi_examples/04.cc (test for excess errors)
WARNING: demangle/abi_examples/04.cc compilation failed to produce executable
FAIL: demangle/abi_examples/05.cc (test for excess errors)
WARNING: demangle/abi_examples/05.cc compilation failed to produce executable
FAIL: demangle/abi_examples/06.cc (test for excess errors)
WARNING: demangle/abi_examples/06.cc compilation failed to produce executable
FAIL: demangle/abi_examples/07.cc (test for excess errors)
WARNING: demangle/abi_examples/07.cc compilation failed to produce executable
FAIL: demangle/abi_examples/08.cc (test for excess errors)
WARNING: demangle/abi_examples/08.cc compilation failed to produce executable
FAIL: demangle/abi_examples/09.cc (test for excess errors)
WARNING: demangle/abi_examples/09.cc compilation failed to produce executable
FAIL: demangle/abi_examples/10.cc (test for excess errors)
WARNING: demangle/abi_examples/10.cc compilation failed to produce executable
FAIL: demangle/abi_examples/11.cc (test for excess errors)
WARNING: demangle/abi_examples/11.cc compilation failed to produce executable
FAIL: demangle/abi_examples/12.cc (test for excess errors)
WARNING: demangle/abi_examples/12.cc compilation failed to produce executable
FAIL: demangle/abi_examples/13.cc (test for excess errors)
WARNING: demangle/abi_examples/13.cc compilation failed to produce executable
FAIL: demangle/abi_examples/14.cc (test for excess errors)
WARNING: demangle/abi_examples/14.cc compilation failed to produce executable
FAIL: demangle/abi_examples/15.cc (test for excess errors)
WARNING: demangle/abi_examples/15.cc compilation failed to produce executable
FAIL: demangle/abi_examples/16.cc (test for excess errors)
WARNING: demangle/abi_examples/16.cc compilation failed to produce executable
FAIL: demangle/abi_examples/17.cc (test for excess errors)
WARNING: demangle/abi_examples/17.cc compilation failed to produce executable
FAIL: demangle/abi_examples/18.cc (test for excess errors)
WARNING: demangle/abi_examples/18.cc compilation failed to produce executable
FAIL: demangle/abi_examples/19.cc (test for excess errors)
WARNING: demangle/abi_examples/19.cc compilation failed to produce executable
FAIL: demangle/abi_examples/20.cc (test for excess errors)
WARNING: demangle/abi_examples/20.cc compilation failed to produce executable
FAIL: demangle/abi_examples/21.cc (test for excess errors)
WARNING: demangle/abi_examples/21.cc compilation failed to produce executable
FAIL: demangle/abi_examples/22.cc (test for excess errors)
WARNING: demangle/abi_examples/22.cc compilation failed to produce executable
FAIL: demangle/abi_examples/23.cc (test for excess errors)
WARNING: demangle/abi_examples/23.cc compilation failed to produce executable
FAIL: demangle/abi_examples/24.cc (test for excess errors)
WARNING: demangle/abi_examples/24.cc compilation failed to produce executable
FAIL: demangle/abi_examples/25.cc (test for excess errors)
WARNING: demangle/abi_examples/25.cc compilation failed to produce executable
FAIL: demangle/abi_examples/26.cc (test for excess errors)
WARNING: demangle/abi_examples/26.cc compilation failed to produce executable
FAIL: demangle/abi_text/01.cc (test for excess errors)
WARNING: demangle/abi_text/01.cc compilation failed to produce executable
FAIL: demangle/abi_text/02.cc (test for excess errors)
WARNING: demangle/abi_text/02.cc compilation failed to produce executable
FAIL: demangle/abi_text/03.cc (test for excess errors)
WARNING: demangle/abi_text/03.cc compilation failed to produce executable
FAIL: demangle/abi_text/04.cc (test for excess errors)
WARNING: demangle/abi_text/04.cc compilation failed to produce executable
FAIL: demangle/abi_text/05.cc (test for excess errors)
WARNING: demangle/abi_text/05.cc compilation failed to produce executable
FAIL: demangle/abi_text/06.cc (test for excess errors)
WARNING: demangle/abi_text/06.cc compilation failed to produce executable
FAIL: demangle/abi_text/07.cc (test for excess errors)
WARNING: demangle/abi_text/07.cc compilation failed to produce executable
FAIL: demangle/abi_text/08.cc (test for excess errors)
WARNING: demangle/abi_text/08.cc compilation failed to produce executable
FAIL: demangle/abi_text/09.cc (test for excess errors)
WARNING: demangle/abi_text/09.cc compilation failed to produce executable
FAIL: demangle/abi_text/10.cc (test for excess errors)
WARNING: demangle/abi_text/10.cc compilation failed to produce executable
FAIL: demangle/abi_text/11.cc (test for excess errors)
WARNING: demangle/abi_text/11.cc compilation failed to produce executable
FAIL: demangle/abi_text/12.cc (test for excess errors)
WARNING: demangle/abi_text/12.cc compilation failed to produce executable
FAIL: demangle/abi_text/13.cc (test for excess errors)
WARNING: demangle/abi_text/13.cc compilation failed to produce executable
FAIL: demangle/abi_text/14.cc (test for excess errors)
WARNING: demangle/abi_text/14.cc compilation failed to produce executable
FAIL: demangle/regression/3111-1.cc (test for excess errors)
WARNING: demangle/regression/3111-1.cc compilation failed to produce executable
FAIL: demangle/regression/3111-2.cc (test for excess errors)
WARNING: demangle/regression/3111-2.cc compilation failed to produce executable
FAIL: demangle/regression/7986-01.cc (test for excess errors)
WARNING: demangle/regression/7986-01.cc compilation failed to produce executable
FAIL: demangle/regression/7986-02.cc (test for excess errors)
WARNING: demangle/regression/7986-02.cc compilation failed to produce executable
FAIL: demangle/regression/7986-03.cc (test for excess errors)
WARNING: demangle/regression/7986-03.cc compilation failed to produce executable
FAIL: demangle/regression/7986-04.cc (test for excess errors)
WARNING: demangle/regression/7986-04.cc compilation failed to produce executable
FAIL: demangle/regression/7986-05.cc (test for excess errors)
WARNING: demangle/regression/7986-05.cc compilation failed to produce executable
FAIL: demangle/regression/7986-06.cc (test for excess errors)
WARNING: demangle/regression/7986-06.cc compilation failed to produce executable
FAIL: demangle/regression/7986-07.cc (test for excess errors)
WARNING: demangle/regression/7986-07.cc compilation failed to produce executable
FAIL: demangle/regression/7986-08.cc (test for excess errors)
WARNING: demangle/regression/7986-08.cc compilation failed to produce executable
FAIL: demangle/regression/7986-09.cc (test for excess errors)
WARNING: demangle/regression/7986-09.cc compilation failed to produce executable
FAIL: demangle/regression/7986-10.cc (test for excess errors)
WARNING: demangle/regression/7986-10.cc compilation failed to produce executable
FAIL: demangle/regression/7986-11.cc (test for excess errors)
WARNING: demangle/regression/7986-11.cc compilation failed to produce executable
FAIL: demangle/regression/7986-12.cc (test for excess errors)
WARNING: demangle/regression/7986-12.cc compilation failed to produce executable
FAIL: demangle/regression/7986.cc (test for excess errors)
WARNING: demangle/regression/7986.cc compilation failed to produce executable
FAIL: demangle/regression/8897.cc (test for excess errors)
WARNING: demangle/regression/8897.cc compilation failed to produce executable
FAIL: demangle/regression/cw-01.cc (test for excess errors)
WARNING: demangle/regression/cw-01.cc compilation failed to produce executable
FAIL: demangle/regression/cw-02.cc (test for excess errors)
WARNING: demangle/regression/cw-02.cc compilation failed to produce executable
FAIL: demangle/regression/cw-03.cc (test for excess errors)
WARNING: demangle/regression/cw-03.cc compilation failed to produce executable
FAIL: demangle/regression/cw-04.cc (test for excess errors)
WARNING: demangle/regression/cw-04.cc compilation failed to produce executable
FAIL: demangle/regression/cw-05.cc (test for excess errors)
WARNING: demangle/regression/cw-05.cc compilation failed to produce executable
FAIL: demangle/regression/cw-06.cc (test for excess errors)
WARNING: demangle/regression/cw-06.cc compilation failed to produce executable
FAIL: demangle/regression/cw-07.cc (test for excess errors)
WARNING: demangle/regression/cw-07.cc compilation failed to produce executable
FAIL: demangle/regression/cw-08.cc (test for excess errors)
WARNING: demangle/regression/cw-08.cc compilation failed to produce executable
FAIL: demangle/regression/cw-09.cc (test for excess errors)
WARNING: demangle/regression/cw-09.cc compilation failed to produce executable
FAIL: demangle/regression/cw-10.cc (test for excess errors)
WARNING: demangle/regression/cw-10.cc compilation failed to produce executable
FAIL: demangle/regression/cw-11.cc (test for excess errors)
WARNING: demangle/regression/cw-11.cc compilation failed to produce executable
FAIL: demangle/regression/cw-12.cc (test for excess errors)
WARNING: demangle/regression/cw-12.cc compilation failed to produce executable
FAIL: demangle/regression/cw-13.cc (test for excess errors)
WARNING: demangle/regression/cw-13.cc compilation failed to produce executable
FAIL: demangle/regression/cw-14.cc (test for excess errors)
WARNING: demangle/regression/cw-14.cc compilation failed to produce executable
FAIL: demangle/regression/cw-15.cc (test for excess errors)
WARNING: demangle/regression/cw-15.cc compilation failed to produce executable
FAIL: demangle/regression/cw-16.cc (test for excess errors)
WARNING: demangle/regression/cw-16.cc compilation failed to produce executable
FAIL: demangle/regression/old.cc (test for excess errors)
WARNING: demangle/regression/old.cc compilation failed to produce executable
FAIL: ext/allocators.cc (test for excess errors)
WARNING: ext/allocators.cc compilation failed to produce executable
FAIL: ext/enc_filebuf/char/13189.cc (test for excess errors)
WARNING: ext/enc_filebuf/char/13189.cc compilation failed to produce executable
FAIL: ext/enc_filebuf/wchar_t/13189.cc (test for excess errors)
WARNING: ext/enc_filebuf/wchar_t/13189.cc compilation failed to produce executable
FAIL: ext/hash_map.cc (test for excess errors)
WARNING: ext/hash_map.cc compilation failed to produce executable
FAIL: ext/hash_set.cc (test for excess errors)
WARNING: ext/hash_set.cc compilation failed to produce executable
FAIL: ext/pod_char_traits.cc (test for excess errors)
WARNING: ext/pod_char_traits.cc compilation failed to produce executable
FAIL: ext/rope.cc (test for excess errors)
WARNING: ext/rope.cc compilation failed to produce executable
FAIL: ext/stdio_filebuf/char/1.cc (test for excess errors)
FAIL: ext/stdio_filebuf/char/10063-1.cc (test for excess errors)
WARNING: ext/stdio_filebuf/char/10063-1.cc compilation failed to produce executable
FAIL: ext/stdio_filebuf/char/10063-2.cc (test for excess errors)
WARNING: ext/stdio_filebuf/char/10063-2.cc compilation failed to produce executable
FAIL: ext/stdio_filebuf/char/2.cc (test for excess errors)
WARNING: ext/stdio_filebuf/char/2.cc compilation failed to produce executable
FAIL: ext/stdio_sync_filebuf/char/1.cc (test for excess errors)
WARNING: ext/stdio_sync_filebuf/char/1.cc compilation failed to produce executable
FAIL: ext/stdio_sync_filebuf/char/12048-1.cc (test for excess errors)
WARNING: ext/stdio_sync_filebuf/char/12048-1.cc compilation failed to produce executable
FAIL: ext/stdio_sync_filebuf/char/12048-2.cc (test for excess errors)
WARNING: ext/stdio_sync_filebuf/char/12048-2.cc compilation failed to produce executable
FAIL: ext/stdio_sync_filebuf/char/12048-3.cc (test for excess errors)
WARNING: ext/stdio_sync_filebuf/char/12048-3.cc compilation failed to produce executable
FAIL: ext/stdio_sync_filebuf/char/12048-4.cc (test for excess errors)
WARNING: ext/stdio_sync_filebuf/char/12048-4.cc compilation failed to produce executable
FAIL: ext/stdio_sync_filebuf/wchar_t/1.cc (test for excess errors)
WARNING: ext/stdio_sync_filebuf/wchar_t/1.cc compilation failed to produce executable
FAIL: ext/stdio_sync_filebuf/wchar_t/12948-1.cc (test for excess errors)
WARNING: ext/stdio_sync_filebuf/wchar_t/12948-1.cc compilation failed to produce executable
FAIL: ext/stdio_sync_filebuf/wchar_t/12948-2.cc (test for excess errors)
WARNING: ext/stdio_sync_filebuf/wchar_t/12948-2.cc compilation failed to produce executable
FAIL: ext/stdio_sync_filebuf/wchar_t/12948-3.cc (test for excess errors)
WARNING: ext/stdio_sync_filebuf/wchar_t/12948-3.cc compilation failed to produce executable
FAIL: ext/stdio_sync_filebuf/wchar_t/12948-4.cc (test for excess errors)
WARNING: ext/stdio_sync_filebuf/wchar_t/12948-4.cc compilation failed to produce executable

		=== libstdc++ Summary ===

# of expected passes		143
# of unexpected failures	1210
# of unexpected successes	1
# of expected failures		9

Compiler version: 3.4.0 20040113 (experimental) 
Platform: ia64-suse-linux-gnu
configure flags: --host=ia64-suse-linux --enable-shared --enable-threads --with-system-zlib



More information about the Gcc-testresults mailing list