Results for 3.4.0 20040109 (experimental) testsuite on hppa1.1-hp-hpux10.20

John David Anglin dave@hiauly1.hia.nrc.ca
Sat Jan 10 17:24:00 GMT 2004


LAST_UPDATED: Fri Jan  9 01:36:04 UTC 2004

Native configuration is hppa1.1-hp-hpux10.20

		=== g++ tests ===


Running target unix
WARNING: program timed out.
FAIL: g++.dg/eh/cleanup1.C (test for excess errors)
FAIL: g++.dg/ext/attrib10.C (test for excess errors)
XPASS: g++.dg/ext/lvalue1.C not an lvalue (test for errors, line 7)
FAIL: g++.dg/init/init-ref4.C (test for excess errors)
WARNING: g++.dg/init/init-ref4.C compilation failed to produce executable
FAIL: g++.dg/opt/inline4.C scan-assembler-not _Z1g
FAIL: g++.dg/opt/inline6.C scan-assembler-not foo
FAIL: g++.dg/opt/template1.C scan-assembler-not foo1
FAIL: g++.dg/parse/attr-ctor1.C (test for excess errors)
FAIL: g++.dg/parse/constant4.C (test for excess errors)
FAIL: g++.dg/template/non-dependent2.C (test for excess errors)
FAIL: g++.dg/template/non-dependent3.C (test for excess errors)
XPASS: g++.dg/warn/Wunused-2.C  (test for warnings, line 5)
FAIL: g++.dg/warn/weak1.C (test for excess errors)
FAIL: g++.old-deja/g++.ext/attrib5.C (test for excess errors)
WARNING: g++.old-deja/g++.ext/attrib5.C compilation failed to produce executable
WARNING: g++.old-deja/g++.mike/p10769a.C compilation failed to produce executable
FAIL: g++.old-deja/g++.other/comdat3.C (test for excess errors)
WARNING: g++.old-deja/g++.other/comdat3.C compilation failed to produce executable
WARNING: g++.old-deja/g++.other/enum5.C compilation failed to produce executable
FAIL: g++.old-deja/g++.other/mangle3.C (test for excess errors)
WARNING: g++.old-deja/g++.pt/friend44.C compilation failed to produce executable
FAIL: g++.old-deja/g++.pt/static3.C (test for excess errors)
WARNING: g++.old-deja/g++.pt/static3.C compilation failed to produce executable
FAIL: g++.old-deja/g++.pt/static6.C (test for excess errors)

		=== g++ Summary ===

# of expected passes		9080
# of unexpected failures	16
# of unexpected successes	2
# of expected failures		58
# of unsupported tests		70
/xxx/gnu/gcc-3.3/objdir/gcc/testsuite/../g++ version 3.4.0 20040109 (experimental)

		=== g77 tests ===


Running target unix

		=== g77 Summary ===

# of expected passes		1786
# of expected failures		1
# of untested testcases		1
# of unsupported tests		6
/xxx/gnu/gcc-3.3/objdir/gcc/testsuite/../g77 version 3.4.0 20040109 (experimental)

		=== gcc tests ===


Running target unix
WARNING: program timed out.
FAIL: gcc.c-torture/compile/20001226-1.c (test for excess errors)
FAIL: gcc.dg/20031201-1.c (test for excess errors)
FAIL: gcc.dg/20031202-1.c execution test
FAIL: gcc.dg/builtins-18.c (test for excess errors)
FAIL: gcc.dg/builtins-20.c (test for excess errors)
FAIL: gcc.dg/const-elim-1.c scan-assembler-not L\\\$?C[^A-Z]
FAIL: gcc.dg/dwarf-die1.c (test for excess errors)
ERROR: gcc.dg/dwarf-die1.c: error executing dg-final: couldn't open "dwarf-die1.s": no such file or directory
UNRESOLVED: gcc.dg/dwarf-die1.c: error executing dg-final: couldn't open "dwarf-die1.s": no such file or directory
FAIL: gcc.dg/dwarf-die2.c (test for excess errors)
ERROR: gcc.dg/dwarf-die2.c: error executing dg-final: couldn't open "dwarf-die2.s": no such file or directory
UNRESOLVED: gcc.dg/dwarf-die2.c: error executing dg-final: couldn't open "dwarf-die2.s": no such file or directory
FAIL: gcc.dg/dwarf-die3.c (test for excess errors)
ERROR: gcc.dg/dwarf-die3.c: error executing dg-final: couldn't open "dwarf-die3.s": no such file or directory
UNRESOLVED: gcc.dg/dwarf-die3.c: error executing dg-final: couldn't open "dwarf-die3.s": no such file or directory
FAIL: gcc.dg/dwarf-die5.c (test for excess errors)
ERROR: gcc.dg/dwarf-die5.c: error executing dg-final: couldn't open "dwarf-die5.s": no such file or directory
UNRESOLVED: gcc.dg/dwarf-die5.c: error executing dg-final: couldn't open "dwarf-die5.s": no such file or directory
FAIL: gcc.dg/dwarf-die6.c (test for excess errors)
ERROR: gcc.dg/dwarf-die6.c: error executing dg-final: couldn't open "dwarf-die6.s": no such file or directory
UNRESOLVED: gcc.dg/dwarf-die6.c: error executing dg-final: couldn't open "dwarf-die6.s": no such file or directory
FAIL: gcc.dg/dwarf-die7.c (test for excess errors)
ERROR: gcc.dg/dwarf-die7.c: error executing dg-final: couldn't open "dwarf-die7.s": no such file or directory
UNRESOLVED: gcc.dg/dwarf-die7.c: error executing dg-final: couldn't open "dwarf-die7.s": no such file or directory
UNRESOLVED: gcc.dg/visibility-1.c
UNRESOLVED: gcc.dg/visibility-2.c
UNRESOLVED: gcc.dg/visibility-3.c
UNRESOLVED: gcc.dg/visibility-4.c
UNRESOLVED: gcc.dg/visibility-5.c
UNRESOLVED: gcc.dg/visibility-6.c
UNRESOLVED: gcc.dg/visibility-7.c
UNRESOLVED: gcc.dg/special/weak-1.c
UNRESOLVED: gcc.dg/special/weak-2.c
UNRESOLVED: gcc.dg/special/wkali-1.c
UNRESOLVED: gcc.dg/special/wkali-2.c
FAIL: gcc.dg/torture/builtin-noret-1.c (test for excess errors)
FAIL: gcc.dg/torture/builtin-noret-1.c (test for excess errors)
FAIL: gcc.dg/torture/builtin-noret-1.c (test for excess errors)
FAIL: gcc.dg/torture/builtin-noret-1.c (test for excess errors)
FAIL: gcc.dg/torture/builtin-noret-1.c (test for excess errors)
FAIL: gcc.dg/torture/builtin-noret-1.c (test for excess errors)
FAIL: gcc.dg/torture/builtin-noret-2.c (test for excess errors)
FAIL: gcc.dg/torture/builtin-noret-2.c (test for excess errors)
FAIL: gcc.dg/torture/builtin-noret-2.c (test for excess errors)
FAIL: gcc.dg/torture/builtin-noret-2.c (test for excess errors)
FAIL: gcc.dg/torture/builtin-noret-2.c (test for excess errors)
FAIL: gcc.dg/torture/builtin-noret-2.c (test for excess errors)
UNRESOLVED: gcc.dg/weak/typeof-2.c
UNRESOLVED: gcc.dg/weak/weak-1.c
UNRESOLVED: gcc.dg/weak/weak-2.c
UNRESOLVED: gcc.dg/weak/weak-3.c
UNRESOLVED: gcc.dg/weak/weak-4.c
UNRESOLVED: gcc.dg/weak/weak-5.c
UNRESOLVED: gcc.dg/weak/weak-6.c
UNRESOLVED: gcc.dg/weak/weak-7.c
UNRESOLVED: gcc.dg/weak/weak-8.c
UNRESOLVED: gcc.dg/weak/weak-9.c

		=== gcc Summary ===

# of expected passes		24192
# of unexpected failures	24
# of expected failures		83
# of unresolved testcases	27
# of untested testcases		7
# of unsupported tests		322
/xxx/gnu/gcc-3.3/objdir/gcc/xgcc version 3.4.0 20040109 (experimental)

		=== objc tests ===


Running target unix

		=== objc Summary ===

# of expected passes		1339
# of unsupported tests		7
/xxx/gnu/gcc-3.3/objdir/gcc/xgcc version 3.4.0 20040109 (experimental)

		=== libstdc++ tests ===


Running target unix
FAIL: 26_numerics/complex_value.cc execution test

		=== libstdc++ Summary ===

# of expected passes		1851
# of unexpected failures	1
# of expected failures		1
# of unsupported tests		7

Compiler version: 3.4.0 20040109 (experimental) 
Platform: hppa1.1-hp-hpux10.20
configure flags: --with-gnu-as --with-as=/usr/local/bin/as --enable-shared --prefix=/opt/gnu/gcc/gcc-3.4 --with-local-prefix=/usr/local --disable-nls --enable-debug=no



More information about the Gcc-testresults mailing list