Results for 3.3.3 20040109 (prerelease) testsuite on i586-suse-linux-gnu

Robert Schiele rschiele@uni-mannheim.de
Sat Jan 10 01:16:00 GMT 2004


LAST_UPDATED: Sat Jan 10 00:05:52 UTC 2004

Native configuration is i586-suse-linux-gnu

		=== g77 tests ===


Running target unix

		=== g77 Summary ===

# of expected passes		1720
# of unsupported tests		8
/local/build/gcc/testsuite/../g77 version 3.3.3 20040109 (prerelease)

		=== gcc tests ===


Running target unix
FAIL: gcc.dg/duff-2.c (test for excess errors)

		=== gcc Summary ===

# of expected passes		21299
# of unexpected failures	1
# of expected failures		69
# of unsupported tests		100
/local/build/gcc/xgcc version 3.3.3 20040109 (prerelease)

		=== g++ tests ===


Running target unix
XPASS: g++.other/init5.C  Execution test

		=== g++ Summary ===

# of expected passes		8198
# of unexpected successes	1
# of expected failures		94
# of untested testcases		9
# of unsupported tests		15
/local/build/gcc/testsuite/../g++ version 3.3.3 20040109 (prerelease)

		=== objc tests ===


Running target unix

		=== objc Summary ===

# of expected passes		1155
/local/build/gcc/xgcc version 3.3.3 20040109 (prerelease)


		=== libstdc++-v3 check-abi Summary ===

# of added symbols:		 0
# of missing symbols:		 0
# of incompatible symbols:	 0
		=== libstdc++-v3 tests ===


Running target unix
XPASS: 22_locale/collate_byname.cc execution test
XPASS: 22_locale/collate_members_char.cc execution test
XPASS: 22_locale/collate_members_wchar_t.cc execution test
XPASS: 22_locale/ctype_is_char.cc execution test
XPASS: 22_locale/ctype_is_wchar_t.cc execution test
XPASS: 22_locale/members.cc execution test
XPASS: 22_locale/messages_byname.cc execution test
XPASS: 22_locale/messages_members_char.cc execution test
XPASS: 22_locale/money_get_members_char.cc execution test
XPASS: 22_locale/money_get_members_wchar_t.cc execution test
XPASS: 22_locale/money_put_members_char.cc execution test
XPASS: 22_locale/money_put_members_wchar_t.cc execution test
XPASS: 22_locale/moneypunct_byname.cc execution test
XPASS: 22_locale/moneypunct_members_char.cc execution test
XPASS: 22_locale/moneypunct_members_wchar_t.cc execution test
XPASS: 22_locale/num_get_members_char.cc execution test
XPASS: 22_locale/num_get_members_wchar_t.cc execution test
XPASS: 22_locale/num_put_members_char.cc execution test
XPASS: 22_locale/num_put_members_wchar_t.cc execution test
XPASS: 22_locale/numpunct_byname.cc execution test
XPASS: 22_locale/numpunct_members_char.cc execution test
XPASS: 22_locale/numpunct_members_wchar_t.cc execution test
XPASS: 22_locale/time_get_members_char.cc execution test
XPASS: 22_locale/time_get_members_wchar_t.cc execution test

		=== libstdc++-v3 Summary ===

# of expected passes		453
# of unexpected successes	24
# of expected failures		4

Compiler version: 3.3.3 20040109 (prerelease) 
Platform: i586-suse-linux-gnu
configure flags: --host=i586-suse-linux --enable-threads=posix --prefix=/local/inst/gcc333 --enable-languages=c,c++,f77,objc --disable-checking --disable-libgcj --with-gxx-include-dir=/local/inst/gcc333/include/g++ --with-system-zlib --enable-shared --enable-__cxa_atexit



More information about the Gcc-testresults mailing list