Results for 3.4.0 20040107 (experimental) testsuite on sparc-unknown-linux-gnu

Christian Joensson christian@j-son.org
Fri Jan 9 12:03:00 GMT 2004


Aurora SPARC Linux 1.0 (Ansel) SS20 dual SuperSparc-(II) sun4m:

binutils 2.14.90 20040104 sparc-linux
bison-1.35-1
dejagnu-1.4.2-10 (ftp://ftp.redhat.com/pub/redhat/linux/rawhide/SRPMS/SRPMS)
expect-5.32.2-67
gcc 3.4.0 20040105 (experimental) sparc-linux
glibc-2.3.2-22sparc (ftp://auroralinux.org/pub/aurora/corona/RPMS)
glibc-kernheaders-2.4-8.9sparc (ftp://auroralinux.org/pub/aurora/corona/RPMS)
kernel-smp-2.4.20-3.4sparc (ftp://auroralinux.org/pub/aurora/corona/RPMS)
tcl-8.3.3-67

LAST_UPDATED: Wed Jan  7 16:24:29 UTC 2004

Native configuration is sparc-unknown-linux-gnu

		=== g77 tests ===


Running target unix/-fPIC

		=== g77 Summary for unix/-fPIC ===

# of expected passes		1786
# of expected failures		1
# of untested testcases		1
# of unsupported tests		6

Running target unix

		=== g77 Summary for unix ===

# of expected passes		1786
# of expected failures		1
# of untested testcases		1
# of unsupported tests		6

		=== g77 Summary ===

# of expected passes		3572
# of expected failures		2
# of untested testcases		2
# of unsupported tests		12
/usr/local/src/trunk/objdir/gcc/testsuite/../g77 version 3.4.0 20040107 (experimental)

		=== gcc tests ===


Running target unix/-fPIC
FAIL: gcc.c-torture/execute/20020720-1.c compilation,  -O1 
UNRESOLVED: gcc.c-torture/execute/20020720-1.c execution,  -O1 
FAIL: gcc.c-torture/execute/20020720-1.c compilation,  -O2 
UNRESOLVED: gcc.c-torture/execute/20020720-1.c execution,  -O2 
FAIL: gcc.c-torture/execute/20020720-1.c compilation,  -O3 -fomit-frame-pointer 
UNRESOLVED: gcc.c-torture/execute/20020720-1.c execution,  -O3 -fomit-frame-pointer 
FAIL: gcc.c-torture/execute/20020720-1.c compilation,  -O3 -g 
UNRESOLVED: gcc.c-torture/execute/20020720-1.c execution,  -O3 -g 
FAIL: gcc.c-torture/execute/20020720-1.c compilation,  -Os 
UNRESOLVED: gcc.c-torture/execute/20020720-1.c execution,  -Os 
FAIL: gcc.c-torture/execute/20030125-1.c execution,  -O1 
FAIL: gcc.c-torture/execute/20030125-1.c execution,  -O2 
FAIL: gcc.c-torture/execute/20030125-1.c execution,  -O3 -fomit-frame-pointer 
FAIL: gcc.c-torture/execute/20030125-1.c execution,  -O3 -g 
FAIL: gcc.c-torture/execute/20030125-1.c execution,  -Os 
UNRESOLVED: gcc.c-torture/execute/simd-4.c execution,  -O0 
UNRESOLVED: gcc.c-torture/execute/va-arg-25.c execution,  -O0 
UNRESOLVED: gcc.c-torture/execute/va-arg-25.c execution,  -O1 
UNRESOLVED: gcc.c-torture/execute/va-arg-25.c execution,  -O2 
UNRESOLVED: gcc.c-torture/execute/va-arg-25.c execution,  -O3 -fomit-frame-pointer 
UNRESOLVED: gcc.c-torture/execute/va-arg-25.c execution,  -O3 -g 
UNRESOLVED: gcc.c-torture/execute/va-arg-25.c execution,  -Os 
FAIL: gcc.dg/compat/struct-by-value-11 c_compat_x_tst.o-c_compat_y_tst.o execute 
FAIL: gcc.dg/compat/struct-by-value-12 c_compat_x_tst.o-c_compat_y_tst.o execute 
FAIL: gcc.dg/compat/struct-by-value-13 c_compat_x_tst.o-c_compat_y_tst.o execute 
FAIL: gcc.dg/compat/struct-by-value-14 c_compat_x_tst.o-c_compat_y_tst.o execute 
FAIL: gcc.dg/compat/struct-by-value-15 c_compat_x_tst.o-c_compat_y_tst.o execute 
FAIL: gcc.dg/compat/struct-by-value-16 c_compat_x_tst.o-c_compat_y_tst.o execute 
FAIL: gcc.dg/compat/struct-by-value-17 c_compat_x_tst.o-c_compat_y_tst.o execute 
FAIL: gcc.dg/compat/struct-by-value-18 c_compat_x_tst.o-c_compat_y_tst.o execute 
FAIL: gcc.dg/compat/struct-by-value-19 c_compat_x_tst.o-c_compat_y_tst.o execute 
FAIL: gcc.dg/compat/struct-by-value-5 c_compat_x_tst.o-c_compat_y_tst.o execute 
FAIL: gcc.dg/compat/struct-by-value-6 c_compat_x_tst.o-c_compat_y_tst.o execute 
FAIL: gcc.dg/compat/struct-by-value-7 c_compat_x_tst.o-c_compat_y_tst.o execute 
FAIL: gcc.dg/compat/struct-by-value-8 c_compat_x_tst.o-c_compat_y_tst.o execute 
FAIL: gcc.dg/compat/struct-by-value-9 c_compat_x_tst.o-c_compat_y_tst.o execute 
UNRESOLVED: gcc.dg/compat/vector-1 c_compat_x_tst.o-c_compat_y_tst.o link 
UNRESOLVED: gcc.dg/compat/vector-1 c_compat_x_tst.o-c_compat_y_tst.o execute 
UNRESOLVED: gcc.dg/compat/vector-2 c_compat_x_tst.o-c_compat_y_tst.o link 
UNRESOLVED: gcc.dg/compat/vector-2 c_compat_x_tst.o-c_compat_y_tst.o execute 
FAIL: gcc.dg/20001012-1.c execution test
FAIL: gcc.dg/20001012-2.c execution test
FAIL: gcc.dg/20021014-1.c execution test
FAIL: gcc.dg/20031202-1.c execution test
FAIL: gcc.dg/builtins-20.c (test for excess errors)
FAIL: gcc.dg/ultrasp10.c execution test
FAIL: gcc.dg/ultrasp9.c execution test
XPASS: gcc.dg/uninit-4.c uninitialized variable warning (test for bogus messages, line 26)
FAIL: gcc.dg/uninit-C.c (test for excess errors)
FAIL: gcc.dg/pch/static-1.c -O0 -g assembly comparison
FAIL: gcc.dg/pch/static-1.c  -O0  assembly comparison
FAIL: gcc.dg/pch/static-1.c  -O1  assembly comparison
FAIL: gcc.dg/pch/static-2.c -O0 -g assembly comparison
FAIL: gcc.dg/pch/static-2.c  -O0  assembly comparison
FAIL: gcc.dg/pch/static-2.c  -O1  assembly comparison

		=== gcc Summary for unix/-fPIC ===

# of expected passes		23864
# of unexpected failures	38
# of unexpected successes	1
# of expected failures		82
# of unresolved testcases	16
# of untested testcases		7
# of unsupported tests		273

Running target unix
FAIL: gcc.c-torture/execute/20030125-1.c execution,  -O1 
FAIL: gcc.c-torture/execute/20030125-1.c execution,  -O2 
FAIL: gcc.c-torture/execute/20030125-1.c execution,  -O3 -fomit-frame-pointer 
FAIL: gcc.c-torture/execute/20030125-1.c execution,  -O3 -g 
FAIL: gcc.c-torture/execute/20030125-1.c execution,  -Os 
FAIL: gcc.c-torture/execute/20030307-1.c execution,  -O2 
FAIL: gcc.c-torture/execute/20030307-1.c execution,  -Os 
UNRESOLVED: gcc.c-torture/execute/simd-4.c execution,  -O0 
UNRESOLVED: gcc.c-torture/execute/va-arg-25.c execution,  -O0 
UNRESOLVED: gcc.c-torture/execute/va-arg-25.c execution,  -O1 
UNRESOLVED: gcc.c-torture/execute/va-arg-25.c execution,  -O2 
UNRESOLVED: gcc.c-torture/execute/va-arg-25.c execution,  -O3 -fomit-frame-pointer 
UNRESOLVED: gcc.c-torture/execute/va-arg-25.c execution,  -O3 -g 
UNRESOLVED: gcc.c-torture/execute/va-arg-25.c execution,  -Os 
FAIL: gcc.dg/compat/struct-by-value-11 c_compat_x_tst.o-c_compat_y_tst.o execute 
FAIL: gcc.dg/compat/struct-by-value-12 c_compat_x_tst.o-c_compat_y_tst.o execute 
FAIL: gcc.dg/compat/struct-by-value-13 c_compat_x_tst.o-c_compat_y_tst.o execute 
FAIL: gcc.dg/compat/struct-by-value-14 c_compat_x_tst.o-c_compat_y_tst.o execute 
FAIL: gcc.dg/compat/struct-by-value-15 c_compat_x_tst.o-c_compat_y_tst.o execute 
FAIL: gcc.dg/compat/struct-by-value-16 c_compat_x_tst.o-c_compat_y_tst.o execute 
FAIL: gcc.dg/compat/struct-by-value-17 c_compat_x_tst.o-c_compat_y_tst.o execute 
FAIL: gcc.dg/compat/struct-by-value-18 c_compat_x_tst.o-c_compat_y_tst.o execute 
FAIL: gcc.dg/compat/struct-by-value-19 c_compat_x_tst.o-c_compat_y_tst.o execute 
FAIL: gcc.dg/compat/struct-by-value-5 c_compat_x_tst.o-c_compat_y_tst.o execute 
FAIL: gcc.dg/compat/struct-by-value-6 c_compat_x_tst.o-c_compat_y_tst.o execute 
FAIL: gcc.dg/compat/struct-by-value-7 c_compat_x_tst.o-c_compat_y_tst.o execute 
FAIL: gcc.dg/compat/struct-by-value-8 c_compat_x_tst.o-c_compat_y_tst.o execute 
FAIL: gcc.dg/compat/struct-by-value-9 c_compat_x_tst.o-c_compat_y_tst.o execute 
UNRESOLVED: gcc.dg/compat/vector-1 c_compat_x_tst.o-c_compat_y_tst.o link 
UNRESOLVED: gcc.dg/compat/vector-1 c_compat_x_tst.o-c_compat_y_tst.o execute 
UNRESOLVED: gcc.dg/compat/vector-2 c_compat_x_tst.o-c_compat_y_tst.o link 
UNRESOLVED: gcc.dg/compat/vector-2 c_compat_x_tst.o-c_compat_y_tst.o execute 
FAIL: gcc.dg/20001012-1.c execution test
FAIL: gcc.dg/20001012-2.c execution test
FAIL: gcc.dg/20021014-1.c execution test
FAIL: gcc.dg/20031201-1.c (test for excess errors)
FAIL: gcc.dg/20031202-1.c execution test
FAIL: gcc.dg/builtins-20.c (test for excess errors)
FAIL: gcc.dg/ultrasp10.c execution test
FAIL: gcc.dg/ultrasp9.c execution test
XPASS: gcc.dg/uninit-4.c uninitialized variable warning (test for bogus messages, line 26)
FAIL: gcc.dg/uninit-C.c (test for excess errors)

		=== gcc Summary for unix ===

# of expected passes		23877
# of unexpected failures	30
# of unexpected successes	1
# of expected failures		82
# of unresolved testcases	11
# of untested testcases		7
# of unsupported tests		273

		=== gcc Summary ===

# of expected passes		47741
# of unexpected failures	68
# of unexpected successes	2
# of expected failures		164
# of unresolved testcases	27
# of untested testcases		14
# of unsupported tests		546
/usr/local/src/trunk/objdir/gcc/xgcc version 3.4.0 20040107 (experimental)

		=== g++ tests ===


Running target unix/-fPIC
FAIL: g++.dg/eh/simd-1.C PR target/12916 (test for errors, line 10)
FAIL: g++.dg/eh/simd-1.C (test for excess errors)
WARNING: g++.dg/eh/simd-1.C compilation failed to produce executable
WARNING: g++.dg/eh/simd-2.C compilation failed to produce executable
XPASS: g++.dg/ext/lvalue1.C not an lvalue (test for errors, line 7)
FAIL: g++.dg/opt/cse2.C execution test
WARNING: program timed out.
FAIL: g++.dg/parse/stack1.C (test for excess errors)
XPASS: g++.dg/warn/Wunused-2.C  (test for warnings, line 5)
FAIL: g++.dg/pch/system-1.C -g assembly comparison
FAIL: g++.dg/pch/system-2.C -g assembly comparison
FAIL: g++.old-deja/g++.law/profile1.C execution test
WARNING: g++.old-deja/g++.mike/p10769a.C compilation failed to produce executable
WARNING: g++.old-deja/g++.other/enum5.C compilation failed to produce executable
XPASS: g++.old-deja/g++.other/init5.C execution test
WARNING: g++.old-deja/g++.pt/friend44.C compilation failed to produce executable

		=== g++ Summary for unix/-fPIC ===

# of expected passes		9263
# of unexpected failures	7
# of unexpected successes	3
# of expected failures		56
# of unsupported tests		68

Running target unix
FAIL: g++.dg/eh/simd-1.C PR target/12916 (test for errors, line 10)
FAIL: g++.dg/eh/simd-1.C (test for excess errors)
WARNING: g++.dg/eh/simd-1.C compilation failed to produce executable
FAIL: g++.dg/eh/simd-2.C (test for excess errors)
WARNING: g++.dg/eh/simd-2.C compilation failed to produce executable
XPASS: g++.dg/ext/lvalue1.C not an lvalue (test for errors, line 7)
FAIL: g++.dg/opt/cse2.C execution test
WARNING: program timed out.
FAIL: g++.dg/parse/stack1.C (test for excess errors)
XPASS: g++.dg/warn/Wunused-2.C  (test for warnings, line 5)
WARNING: g++.old-deja/g++.mike/p10769a.C compilation failed to produce executable
WARNING: g++.old-deja/g++.other/enum5.C compilation failed to produce executable
XPASS: g++.old-deja/g++.other/init5.C execution test
WARNING: g++.old-deja/g++.pt/friend44.C compilation failed to produce executable

		=== g++ Summary for unix ===

# of expected passes		9265
# of unexpected failures	5
# of unexpected successes	3
# of expected failures		56
# of unsupported tests		68

		=== g++ Summary ===

# of expected passes		18528
# of unexpected failures	12
# of unexpected successes	6
# of expected failures		112
# of unsupported tests		136
/usr/local/src/trunk/objdir/gcc/testsuite/../g++ version 3.4.0 20040107 (experimental)

		=== objc tests ===


Running target unix/-fPIC

		=== objc Summary for unix/-fPIC ===

# of expected passes		1339
# of unsupported tests		7

Running target unix

		=== objc Summary for unix ===

# of expected passes		1339
# of unsupported tests		7

		=== objc Summary ===

# of expected passes		2678
# of unsupported tests		14
/usr/local/src/trunk/objdir/gcc/xgcc version 3.4.0 20040107 (experimental)

		=== libffi tests ===


Running target unix/-fPIC
FAIL: libffi.call/cls_12byte.c execution test
FAIL: libffi.call/cls_16byte.c execution test
FAIL: libffi.call/cls_18byte.c execution test
FAIL: libffi.call/cls_19byte.c execution test
FAIL: libffi.call/cls_1_1byte.c execution test
FAIL: libffi.call/cls_20byte.c execution test
FAIL: libffi.call/cls_20byte1.c execution test
FAIL: libffi.call/cls_24byte.c execution test
FAIL: libffi.call/cls_2byte.c execution test
FAIL: libffi.call/cls_3_1byte.c execution test
FAIL: libffi.call/cls_3byte1.c execution test
FAIL: libffi.call/cls_3byte2.c execution test
FAIL: libffi.call/cls_4_1byte.c execution test
FAIL: libffi.call/cls_4byte.c execution test
FAIL: libffi.call/cls_5byte.c execution test
FAIL: libffi.call/cls_64byte.c execution test
FAIL: libffi.call/cls_6byte.c execution test
FAIL: libffi.call/cls_7byte.c execution test
FAIL: libffi.call/cls_8byte.c execution test
FAIL: libffi.call/cls_9byte1.c execution test
FAIL: libffi.call/cls_9byte2.c execution test
FAIL: libffi.call/cls_align_double.c execution test
FAIL: libffi.call/cls_align_float.c execution test
FAIL: libffi.call/cls_align_longdouble.c execution test
FAIL: libffi.call/cls_align_pointer.c execution test
FAIL: libffi.call/cls_align_sint16.c execution test
FAIL: libffi.call/cls_align_sint32.c execution test
FAIL: libffi.call/cls_align_sint64.c execution test
FAIL: libffi.call/cls_align_uint16.c execution test
FAIL: libffi.call/cls_align_uint32.c execution test
FAIL: libffi.call/cls_align_uint64.c execution test
FAIL: libffi.call/nested_struct.c execution test
FAIL: libffi.call/nested_struct1.c execution test
FAIL: libffi.call/nested_struct2.c execution test
FAIL: libffi.call/nested_struct3.c execution test
FAIL: libffi.call/problem1.c execution test
FAIL: libffi.call/struct3.c execution test

		=== libffi Summary for unix/-fPIC ===

# of expected passes		139
# of unexpected failures	37
# of unsupported tests		2

Running target unix
FAIL: libffi.call/cls_12byte.c execution test
FAIL: libffi.call/cls_16byte.c execution test
FAIL: libffi.call/cls_18byte.c execution test
FAIL: libffi.call/cls_19byte.c execution test
FAIL: libffi.call/cls_1_1byte.c execution test
FAIL: libffi.call/cls_20byte.c execution test
FAIL: libffi.call/cls_20byte1.c execution test
FAIL: libffi.call/cls_24byte.c execution test
FAIL: libffi.call/cls_2byte.c execution test
FAIL: libffi.call/cls_3_1byte.c execution test
FAIL: libffi.call/cls_3byte1.c execution test
FAIL: libffi.call/cls_3byte2.c execution test
FAIL: libffi.call/cls_4_1byte.c execution test
FAIL: libffi.call/cls_4byte.c execution test
FAIL: libffi.call/cls_5byte.c execution test
FAIL: libffi.call/cls_64byte.c execution test
FAIL: libffi.call/cls_6byte.c execution test
FAIL: libffi.call/cls_7byte.c execution test
FAIL: libffi.call/cls_8byte.c execution test
FAIL: libffi.call/cls_9byte1.c execution test
FAIL: libffi.call/cls_9byte2.c execution test
FAIL: libffi.call/cls_align_double.c execution test
FAIL: libffi.call/cls_align_float.c execution test
FAIL: libffi.call/cls_align_longdouble.c execution test
FAIL: libffi.call/cls_align_pointer.c execution test
FAIL: libffi.call/cls_align_sint16.c execution test
FAIL: libffi.call/cls_align_sint32.c execution test
FAIL: libffi.call/cls_align_sint64.c execution test
FAIL: libffi.call/cls_align_uint16.c execution test
FAIL: libffi.call/cls_align_uint32.c execution test
FAIL: libffi.call/cls_align_uint64.c execution test
FAIL: libffi.call/nested_struct.c execution test
FAIL: libffi.call/nested_struct1.c execution test
FAIL: libffi.call/nested_struct2.c execution test
FAIL: libffi.call/nested_struct3.c execution test
FAIL: libffi.call/problem1.c execution test
FAIL: libffi.call/struct3.c execution test

		=== libffi Summary for unix ===

# of expected passes		139
# of unexpected failures	37
# of unsupported tests		2

		=== libffi Summary ===

# of expected passes		278
# of unexpected failures	74
# of unsupported tests		4
		=== libjava tests ===


Running target unix/-fPIC
FAIL: linking simple
FAIL: /usr/local/src/trunk/gcc/libjava/testsuite/libjava.jar/simple.jar execution - gij test
FAIL: Array_3 execution - source compiled test
FAIL: Array_3 execution - gij test
FAIL: Array_3 execution - bytecode->native test
FAIL: Array_3 -O3 execution - source compiled test
FAIL: Array_3 execution - gij test
FAIL: Array_3 -O3 execution - bytecode->native test
FAIL: Invoke_1 execution - source compiled test
FAIL: Invoke_1 execution - bytecode->native test
FAIL: Invoke_1 -O3 execution - source compiled test
FAIL: Invoke_1 -O3 execution - bytecode->native test
FAIL: PR218 execution - source compiled test
FAIL: PR218 execution - gij test
FAIL: PR218 execution - bytecode->native test
FAIL: PR218 -O3 execution - source compiled test
FAIL: PR218 execution - gij test
FAIL: PR218 -O3 execution - bytecode->native test
WARNING: program timed out.
FAIL: SyncTest execution - source compiled test
WARNING: program timed out.
FAIL: SyncTest execution - gij test
WARNING: program timed out.
FAIL: SyncTest execution - bytecode->native test
WARNING: program timed out.
FAIL: SyncTest -O3 execution - source compiled test
WARNING: program timed out.
FAIL: SyncTest execution - gij test
WARNING: program timed out.
FAIL: SyncTest -O3 execution - bytecode->native test
FAIL: Throw_2 execution - source compiled test
FAIL: Throw_2 execution - gij test
FAIL: Throw_2 execution - bytecode->native test
FAIL: Throw_2 -O3 execution - source compiled test
FAIL: Throw_2 execution - gij test
FAIL: Throw_2 -O3 execution - bytecode->native test

		=== libjava Summary for unix/-fPIC ===

# of expected passes		3202
# of unexpected failures	30
# of expected failures		11
# of untested testcases		37

Running target unix
FAIL: linking simple
FAIL: /usr/local/src/trunk/gcc/libjava/testsuite/libjava.jar/simple.jar execution - gij test
FAIL: Array_3 execution - source compiled test
FAIL: Array_3 execution - gij test
FAIL: Array_3 execution - bytecode->native test
FAIL: Array_3 -O3 execution - source compiled test
FAIL: Array_3 execution - gij test
FAIL: Array_3 -O3 execution - bytecode->native test
FAIL: Invoke_1 execution - source compiled test
FAIL: Invoke_1 execution - bytecode->native test
FAIL: Invoke_1 -O3 execution - source compiled test
FAIL: Invoke_1 -O3 execution - bytecode->native test
FAIL: PR218 execution - source compiled test
FAIL: PR218 execution - gij test
FAIL: PR218 execution - bytecode->native test
FAIL: PR218 -O3 execution - source compiled test
FAIL: PR218 execution - gij test
FAIL: PR218 -O3 execution - bytecode->native test
WARNING: program timed out.
FAIL: SyncTest execution - source compiled test
WARNING: program timed out.
FAIL: SyncTest execution - gij test
WARNING: program timed out.
FAIL: SyncTest execution - bytecode->native test
WARNING: program timed out.
FAIL: SyncTest -O3 execution - source compiled test
WARNING: program timed out.
FAIL: SyncTest execution - gij test
WARNING: program timed out.
FAIL: SyncTest -O3 execution - bytecode->native test
FAIL: Thread_Wait_Interrupt execution - gij test
FAIL: Throw_2 execution - source compiled test
FAIL: Throw_2 execution - gij test
FAIL: Throw_2 execution - bytecode->native test
FAIL: Throw_2 -O3 execution - source compiled test
FAIL: Throw_2 execution - gij test
FAIL: Throw_2 -O3 execution - bytecode->native test

		=== libjava Summary for unix ===

# of expected passes		3200
# of unexpected failures	31
# of expected failures		11
# of untested testcases		38

		=== libjava Summary ===

# of expected passes		6402
# of unexpected failures	61
# of expected failures		22
# of untested testcases		75

		=== libstdc++-v3 check-abi Summary ===

# of added symbols:		 231
# of missing symbols:		 372
# of incompatible symbols:	 403
		=== libstdc++ tests ===


Running target unix/-fPIC
WARNING: program timed out.
FAIL: 26_numerics/complex_inserters_extractors.cc (test for excess errors)
WARNING: 26_numerics/complex_inserters_extractors.cc compilation failed to produce executable
WARNING: program timed out.
FAIL: thread/pthread5.cc execution test
WARNING: program timed out.
FAIL: thread/pthread6.cc execution test

		=== libstdc++ Summary for unix/-fPIC ===

# of expected passes		2466
# of unexpected failures	3
# of expected failures		12

Running target unix
XPASS: 26_numerics/c99_classification_macros_c.cc (test for excess errors)
WARNING: program timed out.
FAIL: thread/pthread1.cc execution test
WARNING: program timed out.
FAIL: thread/pthread5.cc execution test
WARNING: program timed out.
FAIL: thread/pthread6.cc execution test

		=== libstdc++ Summary for unix ===

# of expected passes		2467
# of unexpected failures	3
# of unexpected successes	1
# of expected failures		11

		=== libstdc++ Summary ===

# of expected passes		4933
# of unexpected failures	6
# of unexpected successes	1
# of expected failures		23

Compiler version: 3.4.0 20040107 (experimental) 
Platform: sparc-unknown-linux-gnu
configure flags: sparc-linux --prefix=/usr/local/gcc-binutils --enable-__cxa_atexit --enable-shared --enable-threads=posix --with-system-zlib --enable-clocale=gnu
Counting all warnings,
there are 92 warnings in stage0 of this bootstrap.

Number of warnings per file:
     20	libiberty/regex.c
     20	libiberty/concat.c
      5	include/xregex2.h
      4	libjava/java/lang/strtod.c
      4	libjava/java/lang/dtoa.c
      3	libjava/java/lang/e_exp.c
      3	libiberty/floatformat.c
      3	libf2c/libI77/rsne.c
      2	libtool
      2	libobjc/linking.m
      2	libjava/java/lang/natClassLoader.cc
      2	libffi/src/sparc/v8.S
      2	<command line>
      1	libobjc/sendmsg.c
      1	libobjc/Protocol.m
      1	libobjc/Object.m
      1	libobjc/encoding.c
      1	libjava/verify.cc
      1	libjava/prims.cc
      1	libjava/jni.cc
      1	libjava/java/lang/e_rem_pio2.c
      1	libjava/java/lang/e_asin.c
      1	libjava/gnu/gcj/io/shs.cc
      1	libjava/boehm.cc
      1	libf2c/libI77/open.c
      1	libf2c/libI77/inquire.c
      1	java/net/natNetworkInterface.cc
      1	include/private/../gc_config_macros.h
      1	include/gc_config_macros.h
      1	gcc/coretypes.h
      1	gcc/boehm-gc/mark_rts.c
      1	fastjar/jartool.c
      1	checking for setrlimit... /usr/local/src/trunk/gcc/libiberty/floatformat.c

Number of warning types:
     20	traditional C rejects ISO C style function definitions
     16	signed and unsigned type in conditional expression
      5	ISO C90 does not support \`static' or type qualifiers in parameter array declarators
      4	use of C99 hexadecimal floating constant
      4	unused parameter 'preg'
      4	this is the location of the previous definition
      4	dereferencing type-punned pointer will break strict-aliasing rules
      4	comparison between signed and unsigned integer expressions
      2	\`GC_LINUX_THREADS' redefined
      1	'z' might be used uninitialized in this function
      1	'x' might be used uninitialized in this function
      1	'x0' might be used uninitialized in this function
      1	'void byteReverse()' declared \`static' but never defined
      1	unused parameter '_p'
      1	unused parameter 'fmt'
      1	unused parameter 'args_size'
      1	to ensure that POSIX-compatible ar will work
      1	't' might be used uninitialized in this function
      1	'target_flags' defined but not used
      1	string length \`???' is greater than the length \`???' ISO C89 compilers are required to support
      1	\`STACKFRAME' redefined
      1	'spec_case' might be used uninitialized in this function
      1	\`rtx' redefined
      1	object name conflicts; overriding AR_FLAGS to 'cq'
      1	'mlo' might be used uninitialized in this function
      1	'lo' might be used uninitialized in this function
      1	'k' might be used uninitialized in this function
      1	'ilim' might be used uninitialized in this function
      1	'ilim1' might be used uninitialized in this function
      1	'hi' might be used uninitialized in this function
      1	function returns address of local variable
      1	'dn' might be used uninitialized in this function
      1	'dn0' might be used uninitialized in this function
      1	'delta' might be used uninitialized in this function
      1	comparison between signed and unsigned
      1	'bs' might be used uninitialized in this function
      1	'bd' might be used uninitialized in this function
      1	'bb' might be used uninitialized in this function
Counting all warnings,
there are 16 warnings in stage3 of this bootstrap.

Number of warnings per file:
      5	/usr/share/bison/bison.simple
      3	gcc/gcc.c
      3	g-26780
      2	gcc/objc/lang-specs.h
      2	gcc/f/sta.c
      1	gcc/java/jvspec.c

Number of warning types:
      6	string length \`???' is greater than the length \`???' ISO C89 compilers are required to support
      6	old-style parameter declaration
      2	label \`???' defined but not used
      2	dereferencing type-punned pointer will break strict-aliasing rules



More information about the Gcc-testresults mailing list