Results for 3.4.0 20040108 (experimental) testsuite on sh-unknown-elf
Joern Rennecke
joern.rennecke@superh.com
Fri Jan 9 02:55:00 GMT 2004
LAST_UPDATED:
Target is sh-unknown-elf
Host is i686-pc-linux-gnu
=== g++ tests ===
Running target sh-hms-sim
FAIL: g++.dg/abi/param1.C execution test
XPASS: g++.dg/ext/lvalue1.C not an lvalue (test for errors, line 7)
XPASS: g++.dg/warn/Wunused-2.C (test for warnings, line 5)
FAIL: g++.old-deja/g++.jason/conversion6.C execution test
FAIL: g++.old-deja/g++.jason/template26.C execution test
XPASS: g++.old-deja/g++.jason/thunk3.C execution test
WARNING: g++.old-deja/g++.mike/p10769a.C compilation failed to produce executable
FAIL: g++.old-deja/g++.mike/p783b.C execution test
WARNING: g++.old-deja/g++.other/enum5.C compilation failed to produce executable
WARNING: g++.old-deja/g++.pt/friend44.C compilation failed to produce executable
=== g++ Summary for sh-hms-sim ===
# of expected passes 9248
# of unexpected failures 4
# of unexpected successes 3
# of expected failures 57
# of unsupported tests 77
Running target sh-hms-sim/-m4/-ml
XPASS: g++.dg/ext/lvalue1.C not an lvalue (test for errors, line 7)
FAIL: g++.dg/opt/cfg3.C (test for excess errors)
XPASS: g++.dg/warn/Wunused-2.C (test for warnings, line 5)
FAIL: g++.old-deja/g++.jason/conversion6.C execution test
FAIL: g++.old-deja/g++.jason/template26.C execution test
XPASS: g++.old-deja/g++.jason/thunk3.C execution test
WARNING: g++.old-deja/g++.mike/p10769a.C compilation failed to produce executable
FAIL: g++.old-deja/g++.mike/p783b.C execution test
WARNING: g++.old-deja/g++.other/enum5.C compilation failed to produce executable
WARNING: g++.old-deja/g++.pt/friend44.C compilation failed to produce executable
=== g++ Summary for sh-hms-sim/-m4/-ml ===
# of expected passes 9248
# of unexpected failures 4
# of unexpected successes 3
# of expected failures 57
# of unsupported tests 77
=== g++ Summary ===
# of expected passes 18496
# of unexpected failures 8
# of unexpected successes 6
# of expected failures 114
# of unsupported tests 154
/swbuild/nightly/2004-01-08/sh-elf/gcc/testsuite/../g++ version 3.4.0 20040108 (experimental)
Host is i686-pc-linux-gnu
=== gcc tests ===
Running target sh-hms-sim
UNRESOLVED: gcc.c-torture/execute/20020720-1.c execution, -O1
UNRESOLVED: gcc.c-torture/execute/20020720-1.c execution, -O2
UNRESOLVED: gcc.c-torture/execute/20020720-1.c execution, -O3 -fomit-frame-pointer
UNRESOLVED: gcc.c-torture/execute/20020720-1.c execution, -O3 -g
UNRESOLVED: gcc.c-torture/execute/20020720-1.c execution, -Os
FAIL: gcc.dg/20031201-1.c (test for excess errors)
FAIL: gcc.dg/builtin-apply2.c execution test
FAIL: gcc.dg/builtins-18.c (test for excess errors)
FAIL: gcc.dg/builtins-20.c (test for excess errors)
XPASS: gcc.dg/uninit-4.c uninitialized variable warning (test for bogus messages, line 26)
=== gcc Summary for sh-hms-sim ===
# of expected passes 24521
# of unexpected failures 4
# of unexpected successes 1
# of expected failures 76
# of unresolved testcases 5
# of untested testcases 7
# of unsupported tests 311
Running target sh-hms-sim/-m4/-ml
UNRESOLVED: gcc.c-torture/execute/20020720-1.c execution, -O1
UNRESOLVED: gcc.c-torture/execute/20020720-1.c execution, -O2
UNRESOLVED: gcc.c-torture/execute/20020720-1.c execution, -O3 -fomit-frame-pointer
UNRESOLVED: gcc.c-torture/execute/20020720-1.c execution, -O3 -g
UNRESOLVED: gcc.c-torture/execute/20020720-1.c execution, -Os
FAIL: gcc.c-torture/execute/921029-1.c execution, -O3 -fomit-frame-pointer
FAIL: gcc.c-torture/execute/921029-1.c execution, -O3 -g
FAIL: gcc.dg/compat/struct-by-value-19 c_compat_x_tst.o-c_compat_y_tst.o execute
FAIL: gcc.dg/compat/struct-return-19 c_compat_x_tst.o-c_compat_y_tst.o execute
FAIL: gcc.dg/20031201-1.c (test for excess errors)
FAIL: gcc.dg/builtins-20.c (test for excess errors)
XPASS: gcc.dg/uninit-4.c uninitialized variable warning (test for bogus messages, line 26)
=== gcc Summary for sh-hms-sim/-m4/-ml ===
# of expected passes 24519
# of unexpected failures 6
# of unexpected successes 1
# of expected failures 76
# of unresolved testcases 5
# of untested testcases 7
# of unsupported tests 311
=== gcc Summary ===
# of expected passes 49040
# of unexpected failures 10
# of unexpected successes 2
# of expected failures 152
# of unresolved testcases 10
# of untested testcases 14
# of unsupported tests 622
/swbuild/nightly/2004-01-08/sh-elf/gcc/xgcc version 3.4.0 20040108 (experimental)
Host is i686-pc-linux-gnu
=== objc tests ===
Running target sh-hms-sim
=== objc Summary for sh-hms-sim ===
# of expected passes 1339
# of unsupported tests 7
Running target sh-hms-sim/-m4/-ml
=== objc Summary for sh-hms-sim/-m4/-ml ===
# of expected passes 1339
# of unsupported tests 7
=== objc Summary ===
# of expected passes 2678
# of unsupported tests 14
/swbuild/nightly/2004-01-08/sh-elf/gcc/xgcc version 3.4.0 20040108 (experimental)
Compiler version: 3.4.0 20040108 (experimental)
Platform: sh-unknown-elf
configure flags: --target=sh-elf --with-headers --with-newlib,;t t
More information about the Gcc-testresults
mailing list