Results for 3.4.0 20040106 (experimental) testsuite on i386-unknown-freebsd5.2
Loren James Rittle
ljrittle@FreeBSD.org
Wed Jan 7 05:34:00 GMT 2004
Using gmake with srcdir configuration on ref5 (see key)
NOTE: Failed to install without error
LAST_UPDATED: Tue Jan 6 21:51:11 GMT 2004
Native configuration is i386-unknown-freebsd5.2
=== g++ tests ===
Running target unix
FAIL: g++.dg/eh/crossjump1.C (test for excess errors)
WARNING: g++.dg/eh/crossjump1.C compilation failed to produce executable
FAIL: g++.dg/expr/anew1.C execution test
FAIL: g++.dg/expr/anew2.C execution test
FAIL: g++.dg/expr/anew3.C execution test
FAIL: g++.dg/expr/anew4.C execution test
XPASS: g++.dg/ext/lvalue1.C not an lvalue (test for errors, line 7)
XPASS: g++.dg/warn/Wunused-2.C (test for warnings, line 5)
FAIL: g++.old-deja/g++.law/profile1.C (test for excess errors)
WARNING: g++.old-deja/g++.law/profile1.C compilation failed to produce executable
FAIL: g++.old-deja/g++.law/virtual3.C execution test
WARNING: g++.old-deja/g++.mike/p10769a.C compilation failed to produce executable
WARNING: g++.old-deja/g++.other/enum5.C compilation failed to produce executable
FAIL: g++.old-deja/g++.other/inline7.C (test for excess errors)
WARNING: g++.old-deja/g++.other/inline7.C compilation failed to produce executable
FAIL: g++.old-deja/g++.other/inline8.C (test for excess errors)
WARNING: g++.old-deja/g++.other/inline8.C compilation failed to produce executable
WARNING: g++.old-deja/g++.pt/friend44.C compilation failed to produce executable
FAIL: g++.old-deja/g++.pt/ttp19.C (test for excess errors)
WARNING: g++.old-deja/g++.pt/ttp19.C compilation failed to produce executable
FAIL: g++.old-deja/g++.pt/ttp40.C (test for excess errors)
WARNING: g++.old-deja/g++.pt/ttp40.C compilation failed to produce executable
FAIL: g++.old-deja/g++.robertl/eb21.C (test for excess errors)
WARNING: g++.old-deja/g++.robertl/eb21.C compilation failed to produce executable
FAIL: g++.old-deja/g++.robertl/eb59.C (test for excess errors)
WARNING: g++.old-deja/g++.robertl/eb59.C compilation failed to produce executable
FAIL: g++.old-deja/g++.robertl/eb73.C (test for excess errors)
WARNING: g++.old-deja/g++.robertl/eb73.C compilation failed to produce executable
FAIL: g++.old-deja/g++.robertl/eb77.C execution test
=== g++ Summary ===
# of expected passes 9299
# of unexpected failures 15
# of unexpected successes 2
# of expected failures 56
# of unsupported tests 41
/local0/scratch/ljrittle/gcc-build-ref5-0106-in/gcc/testsuite/../g++ version 3.4.0 20040106 (experimental)
=== g77 tests ===
Running target unix
FAIL: g77.dg/bprob/g77-bprob-1.f compilation, -g -fprofile-arcs
UNRESOLVED: g77.dg/bprob/g77-bprob-1.f execution, -g -fprofile-arcs
UNRESOLVED: g77.dg/bprob/g77-bprob-1.f compilation, -g -fbranch-probabilities
UNRESOLVED: g77.dg/bprob/g77-bprob-1.f execution, -g -fbranch-probabilities
FAIL: g77.dg/bprob/g77-bprob-1.f compilation, -O0 -fprofile-arcs
UNRESOLVED: g77.dg/bprob/g77-bprob-1.f execution, -O0 -fprofile-arcs
UNRESOLVED: g77.dg/bprob/g77-bprob-1.f compilation, -O0 -fbranch-probabilities
UNRESOLVED: g77.dg/bprob/g77-bprob-1.f execution, -O0 -fbranch-probabilities
FAIL: g77.dg/bprob/g77-bprob-1.f compilation, -O1 -fprofile-arcs
UNRESOLVED: g77.dg/bprob/g77-bprob-1.f execution, -O1 -fprofile-arcs
UNRESOLVED: g77.dg/bprob/g77-bprob-1.f compilation, -O1 -fbranch-probabilities
UNRESOLVED: g77.dg/bprob/g77-bprob-1.f execution, -O1 -fbranch-probabilities
FAIL: g77.dg/bprob/g77-bprob-1.f compilation, -O2 -fprofile-arcs
UNRESOLVED: g77.dg/bprob/g77-bprob-1.f execution, -O2 -fprofile-arcs
UNRESOLVED: g77.dg/bprob/g77-bprob-1.f compilation, -O2 -fbranch-probabilities
UNRESOLVED: g77.dg/bprob/g77-bprob-1.f execution, -O2 -fbranch-probabilities
FAIL: g77.dg/bprob/g77-bprob-1.f compilation, -O3 -fprofile-arcs
UNRESOLVED: g77.dg/bprob/g77-bprob-1.f execution, -O3 -fprofile-arcs
UNRESOLVED: g77.dg/bprob/g77-bprob-1.f compilation, -O3 -fbranch-probabilities
UNRESOLVED: g77.dg/bprob/g77-bprob-1.f execution, -O3 -fbranch-probabilities
FAIL: g77.dg/bprob/g77-bprob-1.f compilation, -O3 -g -fprofile-arcs
UNRESOLVED: g77.dg/bprob/g77-bprob-1.f execution, -O3 -g -fprofile-arcs
UNRESOLVED: g77.dg/bprob/g77-bprob-1.f compilation, -O3 -g -fbranch-probabilities
UNRESOLVED: g77.dg/bprob/g77-bprob-1.f execution, -O3 -g -fbranch-probabilities
FAIL: g77.dg/bprob/g77-bprob-1.f compilation, -Os -fprofile-arcs
UNRESOLVED: g77.dg/bprob/g77-bprob-1.f execution, -Os -fprofile-arcs
UNRESOLVED: g77.dg/bprob/g77-bprob-1.f compilation, -Os -fbranch-probabilities
UNRESOLVED: g77.dg/bprob/g77-bprob-1.f execution, -Os -fbranch-probabilities
FAIL: g77.dg/7388.f -O0 (test for excess errors)
WARNING: g77.dg/7388.f -O0 compilation failed to produce executable
FAIL: g77.dg/7388.f -O1 (test for excess errors)
WARNING: g77.dg/7388.f -O1 compilation failed to produce executable
FAIL: g77.dg/7388.f -O2 (test for excess errors)
WARNING: g77.dg/7388.f -O2 compilation failed to produce executable
FAIL: g77.dg/7388.f -O3 -fomit-frame-pointer (test for excess errors)
WARNING: g77.dg/7388.f -O3 -fomit-frame-pointer compilation failed to produce executable
FAIL: g77.dg/7388.f -O3 -g (test for excess errors)
WARNING: g77.dg/7388.f -O3 -g compilation failed to produce executable
FAIL: g77.dg/7388.f -Os (test for excess errors)
WARNING: g77.dg/7388.f -Os compilation failed to produce executable
FAIL: g77.dg/f77-edit-apostrophe-out.f -O0 (test for excess errors)
WARNING: g77.dg/f77-edit-apostrophe-out.f -O0 compilation failed to produce executable
FAIL: g77.dg/f77-edit-apostrophe-out.f -O1 (test for excess errors)
WARNING: g77.dg/f77-edit-apostrophe-out.f -O1 compilation failed to produce executable
FAIL: g77.dg/f77-edit-apostrophe-out.f -O2 (test for excess errors)
WARNING: g77.dg/f77-edit-apostrophe-out.f -O2 compilation failed to produce executable
FAIL: g77.dg/f77-edit-apostrophe-out.f -O3 -fomit-frame-pointer (test for excess errors)
WARNING: g77.dg/f77-edit-apostrophe-out.f -O3 -fomit-frame-pointer compilation failed to produce executable
FAIL: g77.dg/f77-edit-apostrophe-out.f -O3 -fomit-frame-pointer -funroll-loops (test for excess errors)
WARNING: g77.dg/f77-edit-apostrophe-out.f -O3 -fomit-frame-pointer -funroll-loops compilation failed to produce executable
FAIL: g77.dg/f77-edit-apostrophe-out.f -O3 -fomit-frame-pointer -funroll-all-loops -finline-functions (test for excess errors)
WARNING: g77.dg/f77-edit-apostrophe-out.f -O3 -fomit-frame-pointer -funroll-all-loops -finline-functions compilation failed to produce executable
FAIL: g77.dg/f77-edit-apostrophe-out.f -O3 -g (test for excess errors)
WARNING: g77.dg/f77-edit-apostrophe-out.f -O3 -g compilation failed to produce executable
FAIL: g77.dg/f77-edit-apostrophe-out.f -Os (test for excess errors)
WARNING: g77.dg/f77-edit-apostrophe-out.f -Os compilation failed to produce executable
FAIL: g77.dg/f77-edit-colon-out.f -O0 (test for excess errors)
WARNING: g77.dg/f77-edit-colon-out.f -O0 compilation failed to produce executable
FAIL: g77.dg/f77-edit-colon-out.f -O1 (test for excess errors)
WARNING: g77.dg/f77-edit-colon-out.f -O1 compilation failed to produce executable
FAIL: g77.dg/f77-edit-colon-out.f -O2 (test for excess errors)
WARNING: g77.dg/f77-edit-colon-out.f -O2 compilation failed to produce executable
FAIL: g77.dg/f77-edit-colon-out.f -O3 -fomit-frame-pointer (test for excess errors)
WARNING: g77.dg/f77-edit-colon-out.f -O3 -fomit-frame-pointer compilation failed to produce executable
FAIL: g77.dg/f77-edit-colon-out.f -O3 -g (test for excess errors)
WARNING: g77.dg/f77-edit-colon-out.f -O3 -g compilation failed to produce executable
FAIL: g77.dg/f77-edit-colon-out.f -Os (test for excess errors)
WARNING: g77.dg/f77-edit-colon-out.f -Os compilation failed to produce executable
FAIL: g77.dg/f77-edit-h-out.f -O0 (test for excess errors)
WARNING: g77.dg/f77-edit-h-out.f -O0 compilation failed to produce executable
FAIL: g77.dg/f77-edit-h-out.f -O1 (test for excess errors)
WARNING: g77.dg/f77-edit-h-out.f -O1 compilation failed to produce executable
FAIL: g77.dg/f77-edit-h-out.f -O2 (test for excess errors)
WARNING: g77.dg/f77-edit-h-out.f -O2 compilation failed to produce executable
FAIL: g77.dg/f77-edit-h-out.f -O3 -fomit-frame-pointer (test for excess errors)
WARNING: g77.dg/f77-edit-h-out.f -O3 -fomit-frame-pointer compilation failed to produce executable
FAIL: g77.dg/f77-edit-h-out.f -O3 -fomit-frame-pointer -funroll-loops (test for excess errors)
WARNING: g77.dg/f77-edit-h-out.f -O3 -fomit-frame-pointer -funroll-loops compilation failed to produce executable
FAIL: g77.dg/f77-edit-h-out.f -O3 -fomit-frame-pointer -funroll-all-loops -finline-functions (test for excess errors)
WARNING: g77.dg/f77-edit-h-out.f -O3 -fomit-frame-pointer -funroll-all-loops -finline-functions compilation failed to produce executable
FAIL: g77.dg/f77-edit-h-out.f -O3 -g (test for excess errors)
WARNING: g77.dg/f77-edit-h-out.f -O3 -g compilation failed to produce executable
FAIL: g77.dg/f77-edit-h-out.f -Os (test for excess errors)
WARNING: g77.dg/f77-edit-h-out.f -Os compilation failed to produce executable
FAIL: g77.dg/f77-edit-i-in.f -O0 (test for excess errors)
WARNING: g77.dg/f77-edit-i-in.f -O0 compilation failed to produce executable
FAIL: g77.dg/f77-edit-i-in.f -O1 (test for excess errors)
WARNING: g77.dg/f77-edit-i-in.f -O1 compilation failed to produce executable
FAIL: g77.dg/f77-edit-i-in.f -O2 (test for excess errors)
WARNING: g77.dg/f77-edit-i-in.f -O2 compilation failed to produce executable
FAIL: g77.dg/f77-edit-i-in.f -O3 -fomit-frame-pointer (test for excess errors)
WARNING: g77.dg/f77-edit-i-in.f -O3 -fomit-frame-pointer compilation failed to produce executable
FAIL: g77.dg/f77-edit-i-in.f -O3 -g (test for excess errors)
WARNING: g77.dg/f77-edit-i-in.f -O3 -g compilation failed to produce executable
FAIL: g77.dg/f77-edit-i-in.f -Os (test for excess errors)
WARNING: g77.dg/f77-edit-i-in.f -Os compilation failed to produce executable
FAIL: g77.dg/f77-edit-i-out.f -O0 (test for excess errors)
WARNING: g77.dg/f77-edit-i-out.f -O0 compilation failed to produce executable
FAIL: g77.dg/f77-edit-i-out.f -O1 (test for excess errors)
WARNING: g77.dg/f77-edit-i-out.f -O1 compilation failed to produce executable
FAIL: g77.dg/f77-edit-i-out.f -O2 (test for excess errors)
WARNING: g77.dg/f77-edit-i-out.f -O2 compilation failed to produce executable
FAIL: g77.dg/f77-edit-i-out.f -O3 -fomit-frame-pointer (test for excess errors)
WARNING: g77.dg/f77-edit-i-out.f -O3 -fomit-frame-pointer compilation failed to produce executable
FAIL: g77.dg/f77-edit-i-out.f -O3 -g (test for excess errors)
WARNING: g77.dg/f77-edit-i-out.f -O3 -g compilation failed to produce executable
FAIL: g77.dg/f77-edit-i-out.f -Os (test for excess errors)
WARNING: g77.dg/f77-edit-i-out.f -Os compilation failed to produce executable
FAIL: g77.dg/f77-edit-s-out.f -O0 (test for excess errors)
WARNING: g77.dg/f77-edit-s-out.f -O0 compilation failed to produce executable
FAIL: g77.dg/f77-edit-s-out.f -O1 (test for excess errors)
WARNING: g77.dg/f77-edit-s-out.f -O1 compilation failed to produce executable
FAIL: g77.dg/f77-edit-s-out.f -O2 (test for excess errors)
WARNING: g77.dg/f77-edit-s-out.f -O2 compilation failed to produce executable
FAIL: g77.dg/f77-edit-s-out.f -O3 -fomit-frame-pointer (test for excess errors)
WARNING: g77.dg/f77-edit-s-out.f -O3 -fomit-frame-pointer compilation failed to produce executable
FAIL: g77.dg/f77-edit-s-out.f -O3 -fomit-frame-pointer -funroll-loops (test for excess errors)
WARNING: g77.dg/f77-edit-s-out.f -O3 -fomit-frame-pointer -funroll-loops compilation failed to produce executable
FAIL: g77.dg/f77-edit-s-out.f -O3 -fomit-frame-pointer -funroll-all-loops -finline-functions (test for excess errors)
WARNING: g77.dg/f77-edit-s-out.f -O3 -fomit-frame-pointer -funroll-all-loops -finline-functions compilation failed to produce executable
FAIL: g77.dg/f77-edit-s-out.f -O3 -g (test for excess errors)
WARNING: g77.dg/f77-edit-s-out.f -O3 -g compilation failed to produce executable
FAIL: g77.dg/f77-edit-s-out.f -Os (test for excess errors)
WARNING: g77.dg/f77-edit-s-out.f -Os compilation failed to produce executable
FAIL: g77.dg/f77-edit-slash-out.f -O0 (test for excess errors)
WARNING: g77.dg/f77-edit-slash-out.f -O0 compilation failed to produce executable
FAIL: g77.dg/f77-edit-slash-out.f -O1 (test for excess errors)
WARNING: g77.dg/f77-edit-slash-out.f -O1 compilation failed to produce executable
FAIL: g77.dg/f77-edit-slash-out.f -O2 (test for excess errors)
WARNING: g77.dg/f77-edit-slash-out.f -O2 compilation failed to produce executable
FAIL: g77.dg/f77-edit-slash-out.f -O3 -fomit-frame-pointer (test for excess errors)
WARNING: g77.dg/f77-edit-slash-out.f -O3 -fomit-frame-pointer compilation failed to produce executable
FAIL: g77.dg/f77-edit-slash-out.f -O3 -g (test for excess errors)
WARNING: g77.dg/f77-edit-slash-out.f -O3 -g compilation failed to produce executable
FAIL: g77.dg/f77-edit-slash-out.f -Os (test for excess errors)
WARNING: g77.dg/f77-edit-slash-out.f -Os compilation failed to produce executable
FAIL: g77.dg/f77-edit-t-in.f -O0 (test for excess errors)
WARNING: g77.dg/f77-edit-t-in.f -O0 compilation failed to produce executable
FAIL: g77.dg/f77-edit-t-in.f -O1 (test for excess errors)
WARNING: g77.dg/f77-edit-t-in.f -O1 compilation failed to produce executable
FAIL: g77.dg/f77-edit-t-in.f -O2 (test for excess errors)
WARNING: g77.dg/f77-edit-t-in.f -O2 compilation failed to produce executable
FAIL: g77.dg/f77-edit-t-in.f -O3 -fomit-frame-pointer (test for excess errors)
WARNING: g77.dg/f77-edit-t-in.f -O3 -fomit-frame-pointer compilation failed to produce executable
FAIL: g77.dg/f77-edit-t-in.f -O3 -fomit-frame-pointer -funroll-loops (test for excess errors)
WARNING: g77.dg/f77-edit-t-in.f -O3 -fomit-frame-pointer -funroll-loops compilation failed to produce executable
FAIL: g77.dg/f77-edit-t-in.f -O3 -fomit-frame-pointer -funroll-all-loops -finline-functions (test for excess errors)
WARNING: g77.dg/f77-edit-t-in.f -O3 -fomit-frame-pointer -funroll-all-loops -finline-functions compilation failed to produce executable
FAIL: g77.dg/f77-edit-t-in.f -O3 -g (test for excess errors)
WARNING: g77.dg/f77-edit-t-in.f -O3 -g compilation failed to produce executable
FAIL: g77.dg/f77-edit-t-in.f -Os (test for excess errors)
WARNING: g77.dg/f77-edit-t-in.f -Os compilation failed to produce executable
FAIL: g77.dg/f77-edit-t-out.f -O0 (test for excess errors)
WARNING: g77.dg/f77-edit-t-out.f -O0 compilation failed to produce executable
FAIL: g77.dg/f77-edit-t-out.f -O1 (test for excess errors)
WARNING: g77.dg/f77-edit-t-out.f -O1 compilation failed to produce executable
FAIL: g77.dg/f77-edit-t-out.f -O2 (test for excess errors)
WARNING: g77.dg/f77-edit-t-out.f -O2 compilation failed to produce executable
FAIL: g77.dg/f77-edit-t-out.f -O3 -fomit-frame-pointer (test for excess errors)
WARNING: g77.dg/f77-edit-t-out.f -O3 -fomit-frame-pointer compilation failed to produce executable
FAIL: g77.dg/f77-edit-t-out.f -O3 -g (test for excess errors)
WARNING: g77.dg/f77-edit-t-out.f -O3 -g compilation failed to produce executable
FAIL: g77.dg/f77-edit-t-out.f -Os (test for excess errors)
WARNING: g77.dg/f77-edit-t-out.f -Os compilation failed to produce executable
FAIL: g77.dg/f77-edit-x-out.f -O0 (test for excess errors)
WARNING: g77.dg/f77-edit-x-out.f -O0 compilation failed to produce executable
FAIL: g77.dg/f77-edit-x-out.f -O1 (test for excess errors)
WARNING: g77.dg/f77-edit-x-out.f -O1 compilation failed to produce executable
FAIL: g77.dg/f77-edit-x-out.f -O2 (test for excess errors)
WARNING: g77.dg/f77-edit-x-out.f -O2 compilation failed to produce executable
FAIL: g77.dg/f77-edit-x-out.f -O3 -fomit-frame-pointer (test for excess errors)
WARNING: g77.dg/f77-edit-x-out.f -O3 -fomit-frame-pointer compilation failed to produce executable
FAIL: g77.dg/f77-edit-x-out.f -O3 -g (test for excess errors)
WARNING: g77.dg/f77-edit-x-out.f -O3 -g compilation failed to produce executable
FAIL: g77.dg/f77-edit-x-out.f -Os (test for excess errors)
WARNING: g77.dg/f77-edit-x-out.f -Os compilation failed to produce executable
FAIL: g77.dg/fbackslash.f -O0 (test for excess errors)
WARNING: g77.dg/fbackslash.f -O0 compilation failed to produce executable
FAIL: g77.dg/fbackslash.f -O1 (test for excess errors)
WARNING: g77.dg/fbackslash.f -O1 compilation failed to produce executable
FAIL: g77.dg/fbackslash.f -O2 (test for excess errors)
WARNING: g77.dg/fbackslash.f -O2 compilation failed to produce executable
FAIL: g77.dg/fbackslash.f -O3 -fomit-frame-pointer (test for excess errors)
WARNING: g77.dg/fbackslash.f -O3 -fomit-frame-pointer compilation failed to produce executable
FAIL: g77.dg/fbackslash.f -O3 -g (test for excess errors)
WARNING: g77.dg/fbackslash.f -O3 -g compilation failed to produce executable
FAIL: g77.dg/fbackslash.f -Os (test for excess errors)
WARNING: g77.dg/fbackslash.f -Os compilation failed to produce executable
FAIL: g77.dg/fcase-preserve.f -O0 (test for excess errors)
WARNING: g77.dg/fcase-preserve.f -O0 compilation failed to produce executable
FAIL: g77.dg/fcase-preserve.f -O1 (test for excess errors)
WARNING: g77.dg/fcase-preserve.f -O1 compilation failed to produce executable
FAIL: g77.dg/fcase-preserve.f -O2 (test for excess errors)
WARNING: g77.dg/fcase-preserve.f -O2 compilation failed to produce executable
FAIL: g77.dg/fcase-preserve.f -O3 -fomit-frame-pointer (test for excess errors)
WARNING: g77.dg/fcase-preserve.f -O3 -fomit-frame-pointer compilation failed to produce executable
FAIL: g77.dg/fcase-preserve.f -O3 -g (test for excess errors)
WARNING: g77.dg/fcase-preserve.f -O3 -g compilation failed to produce executable
FAIL: g77.dg/fcase-preserve.f -Os (test for excess errors)
WARNING: g77.dg/fcase-preserve.f -Os compilation failed to produce executable
FAIL: g77.dg/ff90-1.f -O0 (test for excess errors)
WARNING: g77.dg/ff90-1.f -O0 compilation failed to produce executable
FAIL: g77.dg/ff90-1.f -O1 (test for excess errors)
WARNING: g77.dg/ff90-1.f -O1 compilation failed to produce executable
FAIL: g77.dg/ff90-1.f -O2 (test for excess errors)
WARNING: g77.dg/ff90-1.f -O2 compilation failed to produce executable
FAIL: g77.dg/ff90-1.f -O3 -fomit-frame-pointer (test for excess errors)
WARNING: g77.dg/ff90-1.f -O3 -fomit-frame-pointer compilation failed to produce executable
FAIL: g77.dg/ff90-1.f -O3 -g (test for excess errors)
WARNING: g77.dg/ff90-1.f -O3 -g compilation failed to produce executable
FAIL: g77.dg/ff90-1.f -Os (test for excess errors)
WARNING: g77.dg/ff90-1.f -Os compilation failed to produce executable
FAIL: g77.dg/fno-backslash.f -O0 (test for excess errors)
WARNING: g77.dg/fno-backslash.f -O0 compilation failed to produce executable
FAIL: g77.dg/fno-backslash.f -O1 (test for excess errors)
WARNING: g77.dg/fno-backslash.f -O1 compilation failed to produce executable
FAIL: g77.dg/fno-backslash.f -O2 (test for excess errors)
WARNING: g77.dg/fno-backslash.f -O2 compilation failed to produce executable
FAIL: g77.dg/fno-backslash.f -O3 -fomit-frame-pointer (test for excess errors)
WARNING: g77.dg/fno-backslash.f -O3 -fomit-frame-pointer compilation failed to produce executable
FAIL: g77.dg/fno-backslash.f -O3 -g (test for excess errors)
WARNING: g77.dg/fno-backslash.f -O3 -g compilation failed to produce executable
FAIL: g77.dg/fno-backslash.f -Os (test for excess errors)
WARNING: g77.dg/fno-backslash.f -Os compilation failed to produce executable
FAIL: g77.dg/fno-f90-1.f -O0 (test for excess errors)
WARNING: g77.dg/fno-f90-1.f -O0 compilation failed to produce executable
FAIL: g77.dg/fno-f90-1.f -O1 (test for excess errors)
WARNING: g77.dg/fno-f90-1.f -O1 compilation failed to produce executable
FAIL: g77.dg/fno-f90-1.f -O2 (test for excess errors)
WARNING: g77.dg/fno-f90-1.f -O2 compilation failed to produce executable
FAIL: g77.dg/fno-f90-1.f -O3 -fomit-frame-pointer (test for excess errors)
WARNING: g77.dg/fno-f90-1.f -O3 -fomit-frame-pointer compilation failed to produce executable
FAIL: g77.dg/fno-f90-1.f -O3 -g (test for excess errors)
WARNING: g77.dg/fno-f90-1.f -O3 -g compilation failed to produce executable
FAIL: g77.dg/fno-f90-1.f -Os (test for excess errors)
WARNING: g77.dg/fno-f90-1.f -Os compilation failed to produce executable
FAIL: g77.dg/fno-onetrip.f -O0 (test for excess errors)
WARNING: g77.dg/fno-onetrip.f -O0 compilation failed to produce executable
FAIL: g77.dg/fno-onetrip.f -O1 (test for excess errors)
WARNING: g77.dg/fno-onetrip.f -O1 compilation failed to produce executable
FAIL: g77.dg/fno-onetrip.f -O2 (test for excess errors)
WARNING: g77.dg/fno-onetrip.f -O2 compilation failed to produce executable
FAIL: g77.dg/fno-onetrip.f -O3 -fomit-frame-pointer (test for excess errors)
WARNING: g77.dg/fno-onetrip.f -O3 -fomit-frame-pointer compilation failed to produce executable
FAIL: g77.dg/fno-onetrip.f -O3 -g (test for excess errors)
WARNING: g77.dg/fno-onetrip.f -O3 -g compilation failed to produce executable
FAIL: g77.dg/fno-onetrip.f -Os (test for excess errors)
WARNING: g77.dg/fno-onetrip.f -Os compilation failed to produce executable
FAIL: g77.dg/fno-typeless-boz.f -O0 (test for excess errors)
WARNING: g77.dg/fno-typeless-boz.f -O0 compilation failed to produce executable
FAIL: g77.dg/fno-typeless-boz.f -O1 (test for excess errors)
WARNING: g77.dg/fno-typeless-boz.f -O1 compilation failed to produce executable
FAIL: g77.dg/fno-typeless-boz.f -O2 (test for excess errors)
WARNING: g77.dg/fno-typeless-boz.f -O2 compilation failed to produce executable
FAIL: g77.dg/fno-typeless-boz.f -O3 -fomit-frame-pointer (test for excess errors)
WARNING: g77.dg/fno-typeless-boz.f -O3 -fomit-frame-pointer compilation failed to produce executable
FAIL: g77.dg/fno-typeless-boz.f -O3 -g (test for excess errors)
WARNING: g77.dg/fno-typeless-boz.f -O3 -g compilation failed to produce executable
FAIL: g77.dg/fno-typeless-boz.f -Os (test for excess errors)
WARNING: g77.dg/fno-typeless-boz.f -Os compilation failed to produce executable
FAIL: g77.dg/fno-vxt-1.f -O0 (test for excess errors)
WARNING: g77.dg/fno-vxt-1.f -O0 compilation failed to produce executable
FAIL: g77.dg/fno-vxt-1.f -O1 (test for excess errors)
WARNING: g77.dg/fno-vxt-1.f -O1 compilation failed to produce executable
FAIL: g77.dg/fno-vxt-1.f -O2 (test for excess errors)
WARNING: g77.dg/fno-vxt-1.f -O2 compilation failed to produce executable
FAIL: g77.dg/fno-vxt-1.f -O3 -fomit-frame-pointer (test for excess errors)
WARNING: g77.dg/fno-vxt-1.f -O3 -fomit-frame-pointer compilation failed to produce executable
FAIL: g77.dg/fno-vxt-1.f -O3 -g (test for excess errors)
WARNING: g77.dg/fno-vxt-1.f -O3 -g compilation failed to produce executable
FAIL: g77.dg/fno-vxt-1.f -Os (test for excess errors)
WARNING: g77.dg/fno-vxt-1.f -Os compilation failed to produce executable
FAIL: g77.dg/fonetrip.f -O0 (test for excess errors)
WARNING: g77.dg/fonetrip.f -O0 compilation failed to produce executable
FAIL: g77.dg/fonetrip.f -O1 (test for excess errors)
WARNING: g77.dg/fonetrip.f -O1 compilation failed to produce executable
FAIL: g77.dg/fonetrip.f -O2 (test for excess errors)
WARNING: g77.dg/fonetrip.f -O2 compilation failed to produce executable
FAIL: g77.dg/fonetrip.f -O3 -fomit-frame-pointer (test for excess errors)
WARNING: g77.dg/fonetrip.f -O3 -fomit-frame-pointer compilation failed to produce executable
FAIL: g77.dg/fonetrip.f -O3 -g (test for excess errors)
WARNING: g77.dg/fonetrip.f -O3 -g compilation failed to produce executable
FAIL: g77.dg/fonetrip.f -Os (test for excess errors)
WARNING: g77.dg/fonetrip.f -Os compilation failed to produce executable
FAIL: g77.dg/ftypeless-boz.f -O0 (test for excess errors)
WARNING: g77.dg/ftypeless-boz.f -O0 compilation failed to produce executable
FAIL: g77.dg/ftypeless-boz.f -O1 (test for excess errors)
WARNING: g77.dg/ftypeless-boz.f -O1 compilation failed to produce executable
FAIL: g77.dg/ftypeless-boz.f -O2 (test for excess errors)
WARNING: g77.dg/ftypeless-boz.f -O2 compilation failed to produce executable
FAIL: g77.dg/ftypeless-boz.f -O3 -fomit-frame-pointer (test for excess errors)
WARNING: g77.dg/ftypeless-boz.f -O3 -fomit-frame-pointer compilation failed to produce executable
FAIL: g77.dg/ftypeless-boz.f -O3 -g (test for excess errors)
WARNING: g77.dg/ftypeless-boz.f -O3 -g compilation failed to produce executable
FAIL: g77.dg/ftypeless-boz.f -Os (test for excess errors)
WARNING: g77.dg/ftypeless-boz.f -Os compilation failed to produce executable
FAIL: g77.dg/fvxt-1.f -O0 (test for excess errors)
WARNING: g77.dg/fvxt-1.f -O0 compilation failed to produce executable
FAIL: g77.dg/fvxt-1.f -O1 (test for excess errors)
WARNING: g77.dg/fvxt-1.f -O1 compilation failed to produce executable
FAIL: g77.dg/fvxt-1.f -O2 (test for excess errors)
WARNING: g77.dg/fvxt-1.f -O2 compilation failed to produce executable
FAIL: g77.dg/fvxt-1.f -O3 -fomit-frame-pointer (test for excess errors)
WARNING: g77.dg/fvxt-1.f -O3 -fomit-frame-pointer compilation failed to produce executable
FAIL: g77.dg/fvxt-1.f -O3 -g (test for excess errors)
WARNING: g77.dg/fvxt-1.f -O3 -g compilation failed to produce executable
FAIL: g77.dg/fvxt-1.f -Os (test for excess errors)
WARNING: g77.dg/fvxt-1.f -Os compilation failed to produce executable
FAIL: g77.dg/pr3743-1.f -O0 (test for excess errors)
FAIL: g77.dg/pr3743-1.f -O1 (test for excess errors)
FAIL: g77.dg/pr3743-1.f -O2 (test for excess errors)
FAIL: g77.dg/pr3743-1.f -O3 -fomit-frame-pointer (test for excess errors)
FAIL: g77.dg/pr3743-1.f -O3 -g (test for excess errors)
FAIL: g77.dg/pr3743-1.f -Os (test for excess errors)
FAIL: g77.dg/pr3743-2.f -O0 (test for excess errors)
FAIL: g77.dg/pr3743-2.f -O1 (test for excess errors)
FAIL: g77.dg/pr3743-2.f -O2 (test for excess errors)
FAIL: g77.dg/pr3743-2.f -O3 -fomit-frame-pointer (test for excess errors)
FAIL: g77.dg/pr3743-2.f -O3 -g (test for excess errors)
FAIL: g77.dg/pr3743-2.f -Os (test for excess errors)
FAIL: g77.dg/pr3743-3.f -O0 (test for excess errors)
FAIL: g77.dg/pr3743-3.f -O1 (test for excess errors)
FAIL: g77.dg/pr3743-3.f -O2 (test for excess errors)
FAIL: g77.dg/pr3743-3.f -O3 -fomit-frame-pointer (test for excess errors)
FAIL: g77.dg/pr3743-3.f -O3 -g (test for excess errors)
FAIL: g77.dg/pr3743-3.f -Os (test for excess errors)
FAIL: g77.dg/pr3743-4.f -O0 (test for excess errors)
FAIL: g77.dg/pr3743-4.f -O1 (test for excess errors)
FAIL: g77.dg/pr3743-4.f -O2 (test for excess errors)
FAIL: g77.dg/pr3743-4.f -O3 -fomit-frame-pointer (test for excess errors)
FAIL: g77.dg/pr3743-4.f -O3 -g (test for excess errors)
FAIL: g77.dg/pr3743-4.f -Os (test for excess errors)
FAIL: g77.dg/strlen0.f -O0 (test for excess errors)
WARNING: g77.dg/strlen0.f -O0 compilation failed to produce executable
FAIL: g77.dg/strlen0.f -O1 (test for excess errors)
WARNING: g77.dg/strlen0.f -O1 compilation failed to produce executable
FAIL: g77.dg/strlen0.f -O2 (test for excess errors)
WARNING: g77.dg/strlen0.f -O2 compilation failed to produce executable
FAIL: g77.dg/strlen0.f -O3 -fomit-frame-pointer (test for excess errors)
WARNING: g77.dg/strlen0.f -O3 -fomit-frame-pointer compilation failed to produce executable
FAIL: g77.dg/strlen0.f -O3 -g (test for excess errors)
WARNING: g77.dg/strlen0.f -O3 -g compilation failed to produce executable
FAIL: g77.dg/strlen0.f -Os (test for excess errors)
WARNING: g77.dg/strlen0.f -Os compilation failed to produce executable
FAIL: g77.dg/gcov/gcov-1.f (test for excess errors)
WARNING: g77.dg/gcov/gcov-1.f compilation failed to produce executable
FAIL: g77.dg/gcov/gcov-1.f gcov failed: gcov-1.f.gcov does not exist
FAIL: g77.f-torture/execute/10197.f compilation, -O0
FAIL: g77.f-torture/execute/10197.f compilation, -O1
FAIL: g77.f-torture/execute/10197.f compilation, -O2
FAIL: g77.f-torture/execute/10197.f compilation, -O3 -fomit-frame-pointer
FAIL: g77.f-torture/execute/10197.f compilation, -O3 -g
FAIL: g77.f-torture/execute/10197.f compilation, -Os
FAIL: g77.f-torture/execute/13037.f compilation, -O0
FAIL: g77.f-torture/execute/13037.f compilation, -O1
FAIL: g77.f-torture/execute/13037.f compilation, -O2
FAIL: g77.f-torture/execute/13037.f compilation, -O3 -fomit-frame-pointer
FAIL: g77.f-torture/execute/13037.f compilation, -O3 -fomit-frame-pointer -funroll-loops
FAIL: g77.f-torture/execute/13037.f compilation, -O3 -fomit-frame-pointer -funroll-all-loops -finline-functions
FAIL: g77.f-torture/execute/13037.f compilation, -O3 -g
FAIL: g77.f-torture/execute/13037.f compilation, -Os
FAIL: g77.f-torture/execute/1832.f compilation, -O0
FAIL: g77.f-torture/execute/1832.f compilation, -O1
FAIL: g77.f-torture/execute/1832.f compilation, -O2
FAIL: g77.f-torture/execute/1832.f compilation, -O3 -fomit-frame-pointer
FAIL: g77.f-torture/execute/1832.f compilation, -O3 -g
FAIL: g77.f-torture/execute/1832.f compilation, -Os
FAIL: g77.f-torture/execute/19981119-0.f compilation, -O0
FAIL: g77.f-torture/execute/19981119-0.f compilation, -O1
FAIL: g77.f-torture/execute/19981119-0.f compilation, -O2
FAIL: g77.f-torture/execute/19981119-0.f compilation, -O3 -fomit-frame-pointer
FAIL: g77.f-torture/execute/19981119-0.f compilation, -O3 -g
FAIL: g77.f-torture/execute/19981119-0.f compilation, -Os
FAIL: g77.f-torture/execute/19990313-0.f compilation, -O0
FAIL: g77.f-torture/execute/19990313-0.f compilation, -O1
FAIL: g77.f-torture/execute/19990313-0.f compilation, -O2
FAIL: g77.f-torture/execute/19990313-0.f compilation, -O3 -fomit-frame-pointer
FAIL: g77.f-torture/execute/19990313-0.f compilation, -O3 -g
FAIL: g77.f-torture/execute/19990313-0.f compilation, -Os
FAIL: g77.f-torture/execute/19990313-1.f compilation, -O0
FAIL: g77.f-torture/execute/19990313-1.f compilation, -O1
FAIL: g77.f-torture/execute/19990313-1.f compilation, -O2
FAIL: g77.f-torture/execute/19990313-1.f compilation, -O3 -fomit-frame-pointer
FAIL: g77.f-torture/execute/19990313-1.f compilation, -O3 -g
FAIL: g77.f-torture/execute/19990313-1.f compilation, -Os
FAIL: g77.f-torture/execute/19990313-2.f compilation, -O0
FAIL: g77.f-torture/execute/19990313-2.f compilation, -O1
FAIL: g77.f-torture/execute/19990313-2.f compilation, -O2
FAIL: g77.f-torture/execute/19990313-2.f compilation, -O3 -fomit-frame-pointer
FAIL: g77.f-torture/execute/19990313-2.f compilation, -O3 -g
FAIL: g77.f-torture/execute/19990313-2.f compilation, -Os
FAIL: g77.f-torture/execute/19990313-3.f compilation, -O0
FAIL: g77.f-torture/execute/19990313-3.f compilation, -O1
FAIL: g77.f-torture/execute/19990313-3.f compilation, -O2
FAIL: g77.f-torture/execute/19990313-3.f compilation, -O3 -fomit-frame-pointer
FAIL: g77.f-torture/execute/19990313-3.f compilation, -O3 -g
FAIL: g77.f-torture/execute/19990313-3.f compilation, -Os
FAIL: g77.f-torture/execute/19990325-0.f compilation, -O0
FAIL: g77.f-torture/execute/19990325-0.f compilation, -O1
FAIL: g77.f-torture/execute/19990325-0.f compilation, -O2
FAIL: g77.f-torture/execute/19990325-0.f compilation, -O3 -fomit-frame-pointer
FAIL: g77.f-torture/execute/19990325-0.f compilation, -O3 -g
FAIL: g77.f-torture/execute/19990325-0.f compilation, -Os
FAIL: g77.f-torture/execute/19990325-1.f compilation, -O0
FAIL: g77.f-torture/execute/19990325-1.f compilation, -O1
FAIL: g77.f-torture/execute/19990325-1.f compilation, -O2
FAIL: g77.f-torture/execute/19990325-1.f compilation, -O3 -fomit-frame-pointer
FAIL: g77.f-torture/execute/19990325-1.f compilation, -O3 -g
FAIL: g77.f-torture/execute/19990325-1.f compilation, -Os
FAIL: g77.f-torture/execute/19990419-1.f compilation, -O0
FAIL: g77.f-torture/execute/19990419-1.f compilation, -O1
FAIL: g77.f-torture/execute/19990419-1.f compilation, -O2
FAIL: g77.f-torture/execute/19990419-1.f compilation, -O3 -fomit-frame-pointer
FAIL: g77.f-torture/execute/19990419-1.f compilation, -O3 -fomit-frame-pointer -funroll-loops
FAIL: g77.f-torture/execute/19990419-1.f compilation, -O3 -fomit-frame-pointer -funroll-all-loops -finline-functions
FAIL: g77.f-torture/execute/19990419-1.f compilation, -O3 -g
FAIL: g77.f-torture/execute/19990419-1.f compilation, -Os
FAIL: g77.f-torture/execute/19990826-0.f compilation, -O0
FAIL: g77.f-torture/execute/19990826-0.f compilation, -O1
FAIL: g77.f-torture/execute/19990826-0.f compilation, -O2
FAIL: g77.f-torture/execute/19990826-0.f compilation, -O3 -fomit-frame-pointer
FAIL: g77.f-torture/execute/19990826-0.f compilation, -O3 -g
FAIL: g77.f-torture/execute/19990826-0.f compilation, -Os
FAIL: g77.f-torture/execute/19990826-2.f compilation, -O0
FAIL: g77.f-torture/execute/19990826-2.f compilation, -O1
FAIL: g77.f-torture/execute/19990826-2.f compilation, -O2
FAIL: g77.f-torture/execute/19990826-2.f compilation, -O3 -fomit-frame-pointer
FAIL: g77.f-torture/execute/19990826-2.f compilation, -O3 -g
FAIL: g77.f-torture/execute/19990826-2.f compilation, -Os
FAIL: g77.f-torture/execute/20000503-1.f compilation, -O0
FAIL: g77.f-torture/execute/20000503-1.f compilation, -O1
FAIL: g77.f-torture/execute/20000503-1.f compilation, -O2
FAIL: g77.f-torture/execute/20000503-1.f compilation, -O3 -fomit-frame-pointer
FAIL: g77.f-torture/execute/20000503-1.f compilation, -O3 -fomit-frame-pointer -funroll-loops
FAIL: g77.f-torture/execute/20000503-1.f compilation, -O3 -fomit-frame-pointer -funroll-all-loops -finline-functions
FAIL: g77.f-torture/execute/20000503-1.f compilation, -O3 -g
FAIL: g77.f-torture/execute/20000503-1.f compilation, -Os
FAIL: g77.f-torture/execute/20001111.f compilation, -O0
FAIL: g77.f-torture/execute/20001111.f compilation, -O1
FAIL: g77.f-torture/execute/20001111.f compilation, -O2
FAIL: g77.f-torture/execute/20001111.f compilation, -O3 -fomit-frame-pointer
FAIL: g77.f-torture/execute/20001111.f compilation, -O3 -fomit-frame-pointer -funroll-loops
FAIL: g77.f-torture/execute/20001111.f compilation, -O3 -fomit-frame-pointer -funroll-all-loops -finline-functions
FAIL: g77.f-torture/execute/20001111.f compilation, -O3 -g
FAIL: g77.f-torture/execute/20001111.f compilation, -Os
FAIL: g77.f-torture/execute/20001201.f compilation, -O0
FAIL: g77.f-torture/execute/20001201.f compilation, -O1
FAIL: g77.f-torture/execute/20001201.f compilation, -O2
FAIL: g77.f-torture/execute/20001201.f compilation, -O3 -fomit-frame-pointer
FAIL: g77.f-torture/execute/20001201.f compilation, -O3 -g
FAIL: g77.f-torture/execute/20001201.f compilation, -Os
FAIL: g77.f-torture/execute/20010116.f compilation, -O0
FAIL: g77.f-torture/execute/20010116.f compilation, -O1
FAIL: g77.f-torture/execute/20010116.f compilation, -O2
FAIL: g77.f-torture/execute/20010116.f compilation, -O3 -fomit-frame-pointer
FAIL: g77.f-torture/execute/20010116.f compilation, -O3 -fomit-frame-pointer -funroll-loops
FAIL: g77.f-torture/execute/20010116.f compilation, -O3 -fomit-frame-pointer -funroll-all-loops -finline-functions
FAIL: g77.f-torture/execute/20010116.f compilation, -O3 -g
FAIL: g77.f-torture/execute/20010116.f compilation, -Os
FAIL: g77.f-torture/execute/20010426.f compilation, -O0
FAIL: g77.f-torture/execute/20010426.f compilation, -O1
FAIL: g77.f-torture/execute/20010426.f compilation, -O2
FAIL: g77.f-torture/execute/20010426.f compilation, -O3 -fomit-frame-pointer
FAIL: g77.f-torture/execute/20010426.f compilation, -O3 -g
FAIL: g77.f-torture/execute/20010426.f compilation, -Os
FAIL: g77.f-torture/execute/20010430.f compilation, -O0
FAIL: g77.f-torture/execute/20010430.f compilation, -O1
FAIL: g77.f-torture/execute/20010430.f compilation, -O2
FAIL: g77.f-torture/execute/20010430.f compilation, -O3 -fomit-frame-pointer
FAIL: g77.f-torture/execute/20010430.f compilation, -O3 -fomit-frame-pointer -funroll-loops
FAIL: g77.f-torture/execute/20010430.f compilation, -O3 -fomit-frame-pointer -funroll-all-loops -finline-functions
FAIL: g77.f-torture/execute/20010430.f compilation, -O3 -g
FAIL: g77.f-torture/execute/20010430.f compilation, -Os
FAIL: g77.f-torture/execute/20010610.f compilation, -O0
FAIL: g77.f-torture/execute/20010610.f compilation, -O1
FAIL: g77.f-torture/execute/20010610.f compilation, -O2
FAIL: g77.f-torture/execute/20010610.f compilation, -O3 -fomit-frame-pointer
FAIL: g77.f-torture/execute/20010610.f compilation, -O3 -fomit-frame-pointer -funroll-loops
FAIL: g77.f-torture/execute/20010610.f compilation, -O3 -fomit-frame-pointer -funroll-all-loops -finline-functions
FAIL: g77.f-torture/execute/20010610.f compilation, -O3 -g
FAIL: g77.f-torture/execute/20010610.f compilation, -Os
FAIL: g77.f-torture/execute/5122.f compilation, -O0
FAIL: g77.f-torture/execute/5122.f compilation, -O1
FAIL: g77.f-torture/execute/5122.f compilation, -O2
FAIL: g77.f-torture/execute/5122.f compilation, -O3 -fomit-frame-pointer
FAIL: g77.f-torture/execute/5122.f compilation, -O3 -g
FAIL: g77.f-torture/execute/5122.f compilation, -Os
FAIL: g77.f-torture/execute/6177.f compilation, -O0
FAIL: g77.f-torture/execute/6177.f compilation, -O1
FAIL: g77.f-torture/execute/6177.f compilation, -O2
FAIL: g77.f-torture/execute/6177.f compilation, -O3 -fomit-frame-pointer
FAIL: g77.f-torture/execute/6177.f compilation, -O3 -g
FAIL: g77.f-torture/execute/6177.f compilation, -Os
FAIL: g77.f-torture/execute/6367.f compilation, -O0
FAIL: g77.f-torture/execute/6367.f compilation, -O1
FAIL: g77.f-torture/execute/6367.f compilation, -O2
FAIL: g77.f-torture/execute/6367.f compilation, -O3 -fomit-frame-pointer
FAIL: g77.f-torture/execute/6367.f compilation, -O3 -fomit-frame-pointer -funroll-loops
FAIL: g77.f-torture/execute/6367.f compilation, -O3 -fomit-frame-pointer -funroll-all-loops -finline-functions
FAIL: g77.f-torture/execute/6367.f compilation, -O3 -g
FAIL: g77.f-torture/execute/6367.f compilation, -Os
FAIL: g77.f-torture/execute/947.f compilation, -O0
FAIL: g77.f-torture/execute/947.f compilation, -O1
FAIL: g77.f-torture/execute/947.f compilation, -O2
FAIL: g77.f-torture/execute/947.f compilation, -O3 -fomit-frame-pointer
FAIL: g77.f-torture/execute/947.f compilation, -O3 -g
FAIL: g77.f-torture/execute/947.f compilation, -Os
FAIL: g77.f-torture/execute/970625-2.f compilation, -O0
FAIL: g77.f-torture/execute/970625-2.f compilation, -O1
FAIL: g77.f-torture/execute/970625-2.f compilation, -O2
FAIL: g77.f-torture/execute/970625-2.f compilation, -O3 -fomit-frame-pointer
FAIL: g77.f-torture/execute/970625-2.f compilation, -O3 -fomit-frame-pointer -funroll-loops
FAIL: g77.f-torture/execute/970625-2.f compilation, -O3 -fomit-frame-pointer -funroll-all-loops -finline-functions
FAIL: g77.f-torture/execute/970625-2.f compilation, -O3 -g
FAIL: g77.f-torture/execute/970625-2.f compilation, -Os
FAIL: g77.f-torture/execute/970816-3.f compilation, -O0
FAIL: g77.f-torture/execute/970816-3.f compilation, -O1
FAIL: g77.f-torture/execute/970816-3.f compilation, -O2
FAIL: g77.f-torture/execute/970816-3.f compilation, -O3 -fomit-frame-pointer
FAIL: g77.f-torture/execute/970816-3.f compilation, -O3 -g
FAIL: g77.f-torture/execute/970816-3.f compilation, -Os
FAIL: g77.f-torture/execute/971102-1.f compilation, -O0
FAIL: g77.f-torture/execute/971102-1.f compilation, -O1
FAIL: g77.f-torture/execute/971102-1.f compilation, -O2
FAIL: g77.f-torture/execute/971102-1.f compilation, -O3 -fomit-frame-pointer
FAIL: g77.f-torture/execute/971102-1.f compilation, -O3 -fomit-frame-pointer -funroll-loops
FAIL: g77.f-torture/execute/971102-1.f compilation, -O3 -fomit-frame-pointer -funroll-all-loops -finline-functions
FAIL: g77.f-torture/execute/971102-1.f compilation, -O3 -g
FAIL: g77.f-torture/execute/971102-1.f compilation, -Os
FAIL: g77.f-torture/execute/980520-1.f compilation, -O1
FAIL: g77.f-torture/execute/980520-1.f compilation, -O2
FAIL: g77.f-torture/execute/980520-1.f compilation, -O3 -fomit-frame-pointer
FAIL: g77.f-torture/execute/980520-1.f compilation, -O3 -g
FAIL: g77.f-torture/execute/980520-1.f compilation, -Os
FAIL: g77.f-torture/execute/980628-0.f compilation, -O0
FAIL: g77.f-torture/execute/980628-0.f compilation, -O1
FAIL: g77.f-torture/execute/980628-0.f compilation, -O2
FAIL: g77.f-torture/execute/980628-0.f compilation, -O3 -fomit-frame-pointer
FAIL: g77.f-torture/execute/980628-0.f compilation, -O3 -g
FAIL: g77.f-torture/execute/980628-0.f compilation, -Os
FAIL: g77.f-torture/execute/980628-1.f compilation, -O0
FAIL: g77.f-torture/execute/980628-1.f compilation, -O1
FAIL: g77.f-torture/execute/980628-1.f compilation, -O2
FAIL: g77.f-torture/execute/980628-1.f compilation, -O3 -fomit-frame-pointer
FAIL: g77.f-torture/execute/980628-1.f compilation, -O3 -g
FAIL: g77.f-torture/execute/980628-1.f compilation, -Os
FAIL: g77.f-torture/execute/980628-10.f compilation, -O0
FAIL: g77.f-torture/execute/980628-10.f compilation, -O1
FAIL: g77.f-torture/execute/980628-10.f compilation, -O2
FAIL: g77.f-torture/execute/980628-10.f compilation, -O3 -fomit-frame-pointer
FAIL: g77.f-torture/execute/980628-10.f compilation, -O3 -g
FAIL: g77.f-torture/execute/980628-10.f compilation, -Os
FAIL: g77.f-torture/execute/980628-2.f compilation, -O0
FAIL: g77.f-torture/execute/980628-2.f compilation, -O1
FAIL: g77.f-torture/execute/980628-2.f compilation, -O2
FAIL: g77.f-torture/execute/980628-2.f compilation, -O3 -fomit-frame-pointer
FAIL: g77.f-torture/execute/980628-2.f compilation, -O3 -g
FAIL: g77.f-torture/execute/980628-2.f compilation, -Os
FAIL: g77.f-torture/execute/980628-3.f compilation, -O0
FAIL: g77.f-torture/execute/980628-3.f compilation, -O1
FAIL: g77.f-torture/execute/980628-3.f compilation, -O2
FAIL: g77.f-torture/execute/980628-3.f compilation, -O3 -fomit-frame-pointer
FAIL: g77.f-torture/execute/980628-3.f compilation, -O3 -g
FAIL: g77.f-torture/execute/980628-3.f compilation, -Os
FAIL: g77.f-torture/execute/980628-4.f compilation, -O0
FAIL: g77.f-torture/execute/980628-4.f compilation, -O1
FAIL: g77.f-torture/execute/980628-4.f compilation, -O2
FAIL: g77.f-torture/execute/980628-4.f compilation, -O3 -fomit-frame-pointer
FAIL: g77.f-torture/execute/980628-4.f compilation, -O3 -g
FAIL: g77.f-torture/execute/980628-4.f compilation, -Os
FAIL: g77.f-torture/execute/980628-5.f compilation, -O0
FAIL: g77.f-torture/execute/980628-5.f compilation, -O1
FAIL: g77.f-torture/execute/980628-5.f compilation, -O2
FAIL: g77.f-torture/execute/980628-5.f compilation, -O3 -fomit-frame-pointer
FAIL: g77.f-torture/execute/980628-5.f compilation, -O3 -g
FAIL: g77.f-torture/execute/980628-5.f compilation, -Os
FAIL: g77.f-torture/execute/980628-6.f compilation, -O0
FAIL: g77.f-torture/execute/980628-6.f compilation, -O1
FAIL: g77.f-torture/execute/980628-6.f compilation, -O2
FAIL: g77.f-torture/execute/980628-6.f compilation, -O3 -fomit-frame-pointer
FAIL: g77.f-torture/execute/980628-6.f compilation, -O3 -g
FAIL: g77.f-torture/execute/980628-6.f compilation, -Os
FAIL: g77.f-torture/execute/980628-7.f compilation, -O0
FAIL: g77.f-torture/execute/980628-7.f compilation, -O1
FAIL: g77.f-torture/execute/980628-7.f compilation, -O2
FAIL: g77.f-torture/execute/980628-7.f compilation, -O3 -fomit-frame-pointer
FAIL: g77.f-torture/execute/980628-7.f compilation, -O3 -g
FAIL: g77.f-torture/execute/980628-7.f compilation, -Os
FAIL: g77.f-torture/execute/980628-8.f compilation, -O0
FAIL: g77.f-torture/execute/980628-8.f compilation, -O1
FAIL: g77.f-torture/execute/980628-8.f compilation, -O2
FAIL: g77.f-torture/execute/980628-8.f compilation, -O3 -fomit-frame-pointer
FAIL: g77.f-torture/execute/980628-8.f compilation, -O3 -g
FAIL: g77.f-torture/execute/980628-8.f compilation, -Os
FAIL: g77.f-torture/execute/980628-9.f compilation, -O0
FAIL: g77.f-torture/execute/980628-9.f compilation, -O1
FAIL: g77.f-torture/execute/980628-9.f compilation, -O2
FAIL: g77.f-torture/execute/980628-9.f compilation, -O3 -fomit-frame-pointer
FAIL: g77.f-torture/execute/980628-9.f compilation, -O3 -g
FAIL: g77.f-torture/execute/980628-9.f compilation, -Os
FAIL: g77.f-torture/execute/980701-0.f compilation, -O0
FAIL: g77.f-torture/execute/980701-0.f compilation, -O1
FAIL: g77.f-torture/execute/980701-0.f compilation, -O2
FAIL: g77.f-torture/execute/980701-0.f compilation, -O3 -fomit-frame-pointer
FAIL: g77.f-torture/execute/980701-0.f compilation, -O3 -g
FAIL: g77.f-torture/execute/980701-0.f compilation, -Os
FAIL: g77.f-torture/execute/980701-1.f compilation, -O0
FAIL: g77.f-torture/execute/980701-1.f compilation, -O1
FAIL: g77.f-torture/execute/980701-1.f compilation, -O2
FAIL: g77.f-torture/execute/980701-1.f compilation, -O3 -fomit-frame-pointer
FAIL: g77.f-torture/execute/980701-1.f compilation, -O3 -g
FAIL: g77.f-torture/execute/980701-1.f compilation, -Os
FAIL: g77.f-torture/execute/alpha2.f compilation, -O0
FAIL: g77.f-torture/execute/alpha2.f compilation, -O1
FAIL: g77.f-torture/execute/alpha2.f compilation, -O2
FAIL: g77.f-torture/execute/alpha2.f compilation, -O3 -fomit-frame-pointer
FAIL: g77.f-torture/execute/alpha2.f compilation, -O3 -g
FAIL: g77.f-torture/execute/alpha2.f compilation, -Os
FAIL: g77.f-torture/execute/auto0.f compilation, -O0
FAIL: g77.f-torture/execute/auto0.f compilation, -O1
FAIL: g77.f-torture/execute/auto0.f compilation, -O2
FAIL: g77.f-torture/execute/auto0.f compilation, -O3 -fomit-frame-pointer
FAIL: g77.f-torture/execute/auto0.f compilation, -O3 -fomit-frame-pointer -funroll-loops
FAIL: g77.f-torture/execute/auto0.f compilation, -O3 -fomit-frame-pointer -funroll-all-loops -finline-functions
FAIL: g77.f-torture/execute/auto0.f compilation, -O3 -g
FAIL: g77.f-torture/execute/auto0.f compilation, -Os
FAIL: g77.f-torture/execute/auto1.f compilation, -O0
FAIL: g77.f-torture/execute/auto1.f compilation, -O1
FAIL: g77.f-torture/execute/auto1.f compilation, -O2
FAIL: g77.f-torture/execute/auto1.f compilation, -O3 -fomit-frame-pointer
FAIL: g77.f-torture/execute/auto1.f compilation, -O3 -fomit-frame-pointer -funroll-loops
FAIL: g77.f-torture/execute/auto1.f compilation, -O3 -fomit-frame-pointer -funroll-all-loops -finline-functions
FAIL: g77.f-torture/execute/auto1.f compilation, -O3 -g
FAIL: g77.f-torture/execute/auto1.f compilation, -Os
FAIL: g77.f-torture/execute/cabs.f compilation, -O0
FAIL: g77.f-torture/execute/cabs.f compilation, -O1
FAIL: g77.f-torture/execute/cabs.f compilation, -O2
FAIL: g77.f-torture/execute/cabs.f compilation, -O3 -fomit-frame-pointer
FAIL: g77.f-torture/execute/cabs.f compilation, -O3 -g
FAIL: g77.f-torture/execute/cabs.f compilation, -Os
FAIL: g77.f-torture/execute/claus.f compilation, -O0
FAIL: g77.f-torture/execute/claus.f compilation, -O1
FAIL: g77.f-torture/execute/claus.f compilation, -O2
FAIL: g77.f-torture/execute/claus.f compilation, -O3 -fomit-frame-pointer
FAIL: g77.f-torture/execute/claus.f compilation, -O3 -fomit-frame-pointer -funroll-loops
FAIL: g77.f-torture/execute/claus.f compilation, -O3 -fomit-frame-pointer -funroll-all-loops -finline-functions
FAIL: g77.f-torture/execute/claus.f compilation, -O3 -g
FAIL: g77.f-torture/execute/claus.f compilation, -Os
FAIL: g77.f-torture/execute/complex_1.f compilation, -O0
FAIL: g77.f-torture/execute/complex_1.f compilation, -O1
FAIL: g77.f-torture/execute/complex_1.f compilation, -O2
FAIL: g77.f-torture/execute/complex_1.f compilation, -O3 -fomit-frame-pointer
FAIL: g77.f-torture/execute/complex_1.f compilation, -O3 -g
FAIL: g77.f-torture/execute/complex_1.f compilation, -Os
FAIL: g77.f-torture/execute/dcomplex.f compilation, -O0
FAIL: g77.f-torture/execute/dcomplex.f compilation, -O1
FAIL: g77.f-torture/execute/dcomplex.f compilation, -O2
FAIL: g77.f-torture/execute/dcomplex.f compilation, -O3 -fomit-frame-pointer
FAIL: g77.f-torture/execute/dcomplex.f compilation, -O3 -g
FAIL: g77.f-torture/execute/dcomplex.f compilation, -Os
FAIL: g77.f-torture/execute/dnrm2.f compilation, -O0
FAIL: g77.f-torture/execute/dnrm2.f compilation, -O1
FAIL: g77.f-torture/execute/dnrm2.f compilation, -O2
FAIL: g77.f-torture/execute/dnrm2.f compilation, -O3 -fomit-frame-pointer
FAIL: g77.f-torture/execute/dnrm2.f compilation, -O3 -fomit-frame-pointer -funroll-loops
FAIL: g77.f-torture/execute/dnrm2.f compilation, -O3 -fomit-frame-pointer -funroll-all-loops -finline-functions
FAIL: g77.f-torture/execute/dnrm2.f compilation, -O3 -g
FAIL: g77.f-torture/execute/dnrm2.f compilation, -Os
FAIL: g77.f-torture/execute/erfc.f compilation, -O0
FAIL: g77.f-torture/execute/erfc.f compilation, -O1
FAIL: g77.f-torture/execute/erfc.f compilation, -O2
FAIL: g77.f-torture/execute/erfc.f compilation, -O3 -fomit-frame-pointer
FAIL: g77.f-torture/execute/erfc.f compilation, -O3 -g
FAIL: g77.f-torture/execute/erfc.f compilation, -Os
FAIL: g77.f-torture/execute/exp.f compilation, -O0
FAIL: g77.f-torture/execute/exp.f compilation, -O1
FAIL: g77.f-torture/execute/exp.f compilation, -O2
FAIL: g77.f-torture/execute/exp.f compilation, -O3 -fomit-frame-pointer
FAIL: g77.f-torture/execute/exp.f compilation, -O3 -g
FAIL: g77.f-torture/execute/exp.f compilation, -Os
FAIL: g77.f-torture/execute/f90-intrinsic-bit.f compilation, -O0
FAIL: g77.f-torture/execute/f90-intrinsic-bit.f compilation, -O1
FAIL: g77.f-torture/execute/f90-intrinsic-bit.f compilation, -O2
FAIL: g77.f-torture/execute/f90-intrinsic-bit.f compilation, -O3 -fomit-frame-pointer
FAIL: g77.f-torture/execute/f90-intrinsic-bit.f compilation, -O3 -fomit-frame-pointer -funroll-loops
FAIL: g77.f-torture/execute/f90-intrinsic-bit.f compilation, -O3 -fomit-frame-pointer -funroll-all-loops -finline-functions
FAIL: g77.f-torture/execute/f90-intrinsic-bit.f compilation, -O3 -g
FAIL: g77.f-torture/execute/f90-intrinsic-bit.f compilation, -Os
FAIL: g77.f-torture/execute/f90-intrinsic-mathematical.f compilation, -O0
FAIL: g77.f-torture/execute/f90-intrinsic-mathematical.f compilation, -O1
FAIL: g77.f-torture/execute/f90-intrinsic-mathematical.f compilation, -O2
FAIL: g77.f-torture/execute/f90-intrinsic-mathematical.f compilation, -O3 -fomit-frame-pointer
FAIL: g77.f-torture/execute/f90-intrinsic-mathematical.f compilation, -O3 -g
FAIL: g77.f-torture/execute/f90-intrinsic-mathematical.f compilation, -Os
FAIL: g77.f-torture/execute/f90-intrinsic-numeric.f compilation, -O0
FAIL: g77.f-torture/execute/f90-intrinsic-numeric.f compilation, -O1
FAIL: g77.f-torture/execute/f90-intrinsic-numeric.f compilation, -O2
FAIL: g77.f-torture/execute/f90-intrinsic-numeric.f compilation, -O3 -fomit-frame-pointer
FAIL: g77.f-torture/execute/f90-intrinsic-numeric.f compilation, -O3 -g
FAIL: g77.f-torture/execute/f90-intrinsic-numeric.f compilation, -Os
FAIL: g77.f-torture/execute/int8421.f compilation, -O0
FAIL: g77.f-torture/execute/int8421.f compilation, -O1
FAIL: g77.f-torture/execute/int8421.f compilation, -O2
FAIL: g77.f-torture/execute/int8421.f compilation, -O3 -fomit-frame-pointer
FAIL: g77.f-torture/execute/int8421.f compilation, -O3 -g
FAIL: g77.f-torture/execute/int8421.f compilation, -Os
FAIL: g77.f-torture/execute/intrinsic-f2c-z.f compilation, -O0
FAIL: g77.f-torture/execute/intrinsic-f2c-z.f compilation, -O1
FAIL: g77.f-torture/execute/intrinsic-f2c-z.f compilation, -O2
FAIL: g77.f-torture/execute/intrinsic-f2c-z.f compilation, -O3 -fomit-frame-pointer
FAIL: g77.f-torture/execute/intrinsic-f2c-z.f compilation, -O3 -g
FAIL: g77.f-torture/execute/intrinsic-f2c-z.f compilation, -Os
FAIL: g77.f-torture/execute/intrinsic-unix-bessel.f compilation, -O0
FAIL: g77.f-torture/execute/intrinsic-unix-bessel.f compilation, -O1
FAIL: g77.f-torture/execute/intrinsic-unix-bessel.f compilation, -O2
FAIL: g77.f-torture/execute/intrinsic-unix-bessel.f compilation, -O3 -fomit-frame-pointer
FAIL: g77.f-torture/execute/intrinsic-unix-bessel.f compilation, -O3 -g
FAIL: g77.f-torture/execute/intrinsic-unix-bessel.f compilation, -Os
FAIL: g77.f-torture/execute/intrinsic-unix-erf.f compilation, -O0
FAIL: g77.f-torture/execute/intrinsic-unix-erf.f compilation, -O1
FAIL: g77.f-torture/execute/intrinsic-unix-erf.f compilation, -O2
FAIL: g77.f-torture/execute/intrinsic-unix-erf.f compilation, -O3 -fomit-frame-pointer
FAIL: g77.f-torture/execute/intrinsic-unix-erf.f compilation, -O3 -g
FAIL: g77.f-torture/execute/intrinsic-unix-erf.f compilation, -Os
FAIL: g77.f-torture/execute/intrinsic-vax-cd.f compilation, -O0
FAIL: g77.f-torture/execute/intrinsic-vax-cd.f compilation, -O1
FAIL: g77.f-torture/execute/intrinsic-vax-cd.f compilation, -O2
FAIL: g77.f-torture/execute/intrinsic-vax-cd.f compilation, -O3 -fomit-frame-pointer
FAIL: g77.f-torture/execute/intrinsic-vax-cd.f compilation, -O3 -g
FAIL: g77.f-torture/execute/intrinsic-vax-cd.f compilation, -Os
FAIL: g77.f-torture/execute/intrinsic77.f compilation, -O0
FAIL: g77.f-torture/execute/intrinsic77.f compilation, -O1
FAIL: g77.f-torture/execute/intrinsic77.f compilation, -O2
FAIL: g77.f-torture/execute/intrinsic77.f compilation, -O3 -fomit-frame-pointer
FAIL: g77.f-torture/execute/intrinsic77.f compilation, -O3 -g
FAIL: g77.f-torture/execute/intrinsic77.f compilation, -Os
FAIL: g77.f-torture/execute/io0.f compilation, -O0
FAIL: g77.f-torture/execute/io0.f compilation, -O1
FAIL: g77.f-torture/execute/io0.f compilation, -O2
FAIL: g77.f-torture/execute/io0.f compilation, -O3 -fomit-frame-pointer
FAIL: g77.f-torture/execute/io0.f compilation, -O3 -g
FAIL: g77.f-torture/execute/io0.f compilation, -Os
FAIL: g77.f-torture/execute/io1.f compilation, -O0
FAIL: g77.f-torture/execute/io1.f compilation, -O1
FAIL: g77.f-torture/execute/io1.f compilation, -O2
FAIL: g77.f-torture/execute/io1.f compilation, -O3 -fomit-frame-pointer
FAIL: g77.f-torture/execute/io1.f compilation, -O3 -g
FAIL: g77.f-torture/execute/io1.f compilation, -Os
FAIL: g77.f-torture/execute/labug1.f compilation, -O0
FAIL: g77.f-torture/execute/labug1.f compilation, -O1
FAIL: g77.f-torture/execute/labug1.f compilation, -O2
FAIL: g77.f-torture/execute/labug1.f compilation, -O3 -fomit-frame-pointer
FAIL: g77.f-torture/execute/labug1.f compilation, -O3 -fomit-frame-pointer -funroll-loops
FAIL: g77.f-torture/execute/labug1.f compilation, -O3 -fomit-frame-pointer -funroll-all-loops -finline-functions
FAIL: g77.f-torture/execute/labug1.f compilation, -O3 -g
FAIL: g77.f-torture/execute/labug1.f compilation, -Os
FAIL: g77.f-torture/execute/large_vec.f compilation, -O0
FAIL: g77.f-torture/execute/large_vec.f compilation, -O1
FAIL: g77.f-torture/execute/large_vec.f compilation, -O2
FAIL: g77.f-torture/execute/large_vec.f compilation, -O3 -fomit-frame-pointer
FAIL: g77.f-torture/execute/large_vec.f compilation, -O3 -g
FAIL: g77.f-torture/execute/large_vec.f compilation, -Os
FAIL: g77.f-torture/execute/le.f compilation, -O0
FAIL: g77.f-torture/execute/le.f compilation, -O1
FAIL: g77.f-torture/execute/le.f compilation, -O2
FAIL: g77.f-torture/execute/le.f compilation, -O3 -fomit-frame-pointer
FAIL: g77.f-torture/execute/le.f compilation, -O3 -g
FAIL: g77.f-torture/execute/le.f compilation, -Os
FAIL: g77.f-torture/execute/select.f compilation, -O0
FAIL: g77.f-torture/execute/select.f compilation, -O1
FAIL: g77.f-torture/execute/select.f compilation, -O2
FAIL: g77.f-torture/execute/select.f compilation, -O3 -fomit-frame-pointer
FAIL: g77.f-torture/execute/select.f compilation, -O3 -g
FAIL: g77.f-torture/execute/select.f compilation, -Os
FAIL: g77.f-torture/execute/short.f compilation, -O0
FAIL: g77.f-torture/execute/short.f compilation, -O1
FAIL: g77.f-torture/execute/short.f compilation, -O2
FAIL: g77.f-torture/execute/short.f compilation, -O3 -fomit-frame-pointer
FAIL: g77.f-torture/execute/short.f compilation, -O3 -fomit-frame-pointer -funroll-loops
FAIL: g77.f-torture/execute/short.f compilation, -O3 -fomit-frame-pointer -funroll-all-loops -finline-functions
FAIL: g77.f-torture/execute/short.f compilation, -O3 -g
FAIL: g77.f-torture/execute/short.f compilation, -Os
FAIL: g77.f-torture/execute/u77-test.f compilation, -O0
FAIL: g77.f-torture/execute/u77-test.f compilation, -O1
FAIL: g77.f-torture/execute/u77-test.f compilation, -O2
FAIL: g77.f-torture/execute/u77-test.f compilation, -O3 -fomit-frame-pointer
FAIL: g77.f-torture/execute/u77-test.f compilation, -O3 -fomit-frame-pointer -funroll-loops
FAIL: g77.f-torture/execute/u77-test.f compilation, -O3 -fomit-frame-pointer -funroll-all-loops -finline-functions
FAIL: g77.f-torture/execute/u77-test.f compilation, -O3 -g
FAIL: g77.f-torture/execute/u77-test.f compilation, -Os
FAIL: g77.f-torture/execute/cpp.F compilation, -O0
FAIL: g77.f-torture/execute/cpp.F compilation, -O1
FAIL: g77.f-torture/execute/cpp.F compilation, -O2
FAIL: g77.f-torture/execute/cpp.F compilation, -O3 -fomit-frame-pointer
FAIL: g77.f-torture/execute/cpp.F compilation, -O3 -g
FAIL: g77.f-torture/execute/cpp.F compilation, -Os
FAIL: g77.f-torture/execute/cpp2.F compilation, -O0
FAIL: g77.f-torture/execute/cpp2.F compilation, -O1
FAIL: g77.f-torture/execute/cpp2.F compilation, -O2
FAIL: g77.f-torture/execute/cpp2.F compilation, -O3 -fomit-frame-pointer
FAIL: g77.f-torture/execute/cpp2.F compilation, -O3 -g
FAIL: g77.f-torture/execute/cpp2.F compilation, -Os
=== g77 Summary ===
# of expected passes 475
# of unexpected failures 634
# of expected failures 1
# of unresolved testcases 21
# of untested testcases 456
# of unsupported tests 6
/local0/scratch/ljrittle/gcc-build-ref5-0106-in/gcc/testsuite/../g77 version 3.4.0 20040106 (experimental)
=== gcc tests ===
Running target unix
FAIL: gcc.c-torture/compile/930621-1.c -O3 -fomit-frame-pointer (test for excess errors)
FAIL: gcc.c-torture/compile/930621-1.c -O3 -fomit-frame-pointer -funroll-loops (test for excess errors)
FAIL: gcc.c-torture/compile/930621-1.c -O3 -fomit-frame-pointer -funroll-all-loops -finline-functions (test for excess errors)
FAIL: gcc.c-torture/compile/930621-1.c -O3 -g (test for excess errors)
FAIL: gcc.c-torture/execute/conversion.c execution, -O0
FAIL: gcc.c-torture/execute/conversion.c execution, -O1
FAIL: gcc.c-torture/execute/conversion.c execution, -O2
FAIL: gcc.c-torture/execute/conversion.c execution, -Os
FAIL: gcc.c-torture/execute/va-arg-25.c execution, -O0
FAIL: gcc.c-torture/execute/va-arg-25.c execution, -O1
FAIL: gcc.c-torture/execute/va-arg-25.c execution, -O2
FAIL: gcc.c-torture/execute/va-arg-25.c execution, -O3 -fomit-frame-pointer
FAIL: gcc.c-torture/execute/va-arg-25.c execution, -O3 -g
FAIL: gcc.c-torture/execute/va-arg-25.c execution, -Os
FAIL: gcc.dg/20031201-1.c (test for excess errors)
FAIL: gcc.dg/builtins-20.c (test for excess errors)
FAIL: gcc.dg/const-elim-1.c scan-assembler-not L\\\$?C[^A-Z]
FAIL: gcc.dg/nest.c (test for excess errors)
WARNING: gcc.dg/nest.c compilation failed to produce executable
=== gcc Summary ===
# of expected passes 24861
# of unexpected failures 18
# of expected failures 73
# of untested testcases 7
# of unsupported tests 173
/local0/scratch/ljrittle/gcc-build-ref5-0106-in/gcc/xgcc version 3.4.0 20040106 (experimental)
=== objc tests ===
Running target unix
FAIL: objc/execute/IMP.m compilation, -O0
UNRESOLVED: objc/execute/IMP.m execution, -O0
FAIL: objc/execute/IMP.m compilation, -O1
UNRESOLVED: objc/execute/IMP.m execution, -O1
FAIL: objc/execute/IMP.m compilation, -O2
UNRESOLVED: objc/execute/IMP.m execution, -O2
FAIL: objc/execute/IMP.m compilation, -O3 -fomit-frame-pointer
UNRESOLVED: objc/execute/IMP.m execution, -O3 -fomit-frame-pointer
FAIL: objc/execute/IMP.m compilation, -O3 -g
UNRESOLVED: objc/execute/IMP.m execution, -O3 -g
FAIL: objc/execute/IMP.m compilation, -Os
UNRESOLVED: objc/execute/IMP.m execution, -Os
FAIL: objc/execute/_cmd.m compilation, -O0
UNRESOLVED: objc/execute/_cmd.m execution, -O0
FAIL: objc/execute/_cmd.m compilation, -O1
UNRESOLVED: objc/execute/_cmd.m execution, -O1
FAIL: objc/execute/_cmd.m compilation, -O2
UNRESOLVED: objc/execute/_cmd.m execution, -O2
FAIL: objc/execute/_cmd.m compilation, -O3 -fomit-frame-pointer
UNRESOLVED: objc/execute/_cmd.m execution, -O3 -fomit-frame-pointer
FAIL: objc/execute/_cmd.m compilation, -O3 -g
UNRESOLVED: objc/execute/_cmd.m execution, -O3 -g
FAIL: objc/execute/_cmd.m compilation, -Os
UNRESOLVED: objc/execute/_cmd.m execution, -Os
FAIL: objc/execute/accessing_ivars.m compilation, -O0
UNRESOLVED: objc/execute/accessing_ivars.m execution, -O0
FAIL: objc/execute/accessing_ivars.m compilation, -O1
UNRESOLVED: objc/execute/accessing_ivars.m execution, -O1
FAIL: objc/execute/accessing_ivars.m compilation, -O2
UNRESOLVED: objc/execute/accessing_ivars.m execution, -O2
FAIL: objc/execute/accessing_ivars.m compilation, -O3 -fomit-frame-pointer
UNRESOLVED: objc/execute/accessing_ivars.m execution, -O3 -fomit-frame-pointer
FAIL: objc/execute/accessing_ivars.m compilation, -O3 -g
UNRESOLVED: objc/execute/accessing_ivars.m execution, -O3 -g
FAIL: objc/execute/accessing_ivars.m compilation, -Os
UNRESOLVED: objc/execute/accessing_ivars.m execution, -Os
FAIL: objc/execute/bf-1.m compilation, -O0
UNRESOLVED: objc/execute/bf-1.m execution, -O0
FAIL: objc/execute/bf-1.m compilation, -O1
UNRESOLVED: objc/execute/bf-1.m execution, -O1
FAIL: objc/execute/bf-1.m compilation, -O2
UNRESOLVED: objc/execute/bf-1.m execution, -O2
FAIL: objc/execute/bf-1.m compilation, -O3 -fomit-frame-pointer
UNRESOLVED: objc/execute/bf-1.m execution, -O3 -fomit-frame-pointer
FAIL: objc/execute/bf-1.m compilation, -O3 -g
UNRESOLVED: objc/execute/bf-1.m execution, -O3 -g
FAIL: objc/execute/bf-1.m compilation, -Os
UNRESOLVED: objc/execute/bf-1.m execution, -Os
FAIL: objc/execute/bf-10.m compilation, -O0
UNRESOLVED: objc/execute/bf-10.m execution, -O0
FAIL: objc/execute/bf-10.m compilation, -O1
UNRESOLVED: objc/execute/bf-10.m execution, -O1
FAIL: objc/execute/bf-10.m compilation, -O2
UNRESOLVED: objc/execute/bf-10.m execution, -O2
FAIL: objc/execute/bf-10.m compilation, -O3 -fomit-frame-pointer
UNRESOLVED: objc/execute/bf-10.m execution, -O3 -fomit-frame-pointer
FAIL: objc/execute/bf-10.m compilation, -O3 -g
UNRESOLVED: objc/execute/bf-10.m execution, -O3 -g
FAIL: objc/execute/bf-10.m compilation, -Os
UNRESOLVED: objc/execute/bf-10.m execution, -Os
FAIL: objc/execute/bf-11.m compilation, -O0
UNRESOLVED: objc/execute/bf-11.m execution, -O0
FAIL: objc/execute/bf-11.m compilation, -O1
UNRESOLVED: objc/execute/bf-11.m execution, -O1
FAIL: objc/execute/bf-11.m compilation, -O2
UNRESOLVED: objc/execute/bf-11.m execution, -O2
FAIL: objc/execute/bf-11.m compilation, -O3 -fomit-frame-pointer
UNRESOLVED: objc/execute/bf-11.m execution, -O3 -fomit-frame-pointer
FAIL: objc/execute/bf-11.m compilation, -O3 -g
UNRESOLVED: objc/execute/bf-11.m execution, -O3 -g
FAIL: objc/execute/bf-11.m compilation, -Os
UNRESOLVED: objc/execute/bf-11.m execution, -Os
FAIL: objc/execute/bf-12.m compilation, -O0
UNRESOLVED: objc/execute/bf-12.m execution, -O0
FAIL: objc/execute/bf-12.m compilation, -O1
UNRESOLVED: objc/execute/bf-12.m execution, -O1
FAIL: objc/execute/bf-12.m compilation, -O2
UNRESOLVED: objc/execute/bf-12.m execution, -O2
FAIL: objc/execute/bf-12.m compilation, -O3 -fomit-frame-pointer
UNRESOLVED: objc/execute/bf-12.m execution, -O3 -fomit-frame-pointer
FAIL: objc/execute/bf-12.m compilation, -O3 -g
UNRESOLVED: objc/execute/bf-12.m execution, -O3 -g
FAIL: objc/execute/bf-12.m compilation, -Os
UNRESOLVED: objc/execute/bf-12.m execution, -Os
FAIL: objc/execute/bf-13.m compilation, -O0
UNRESOLVED: objc/execute/bf-13.m execution, -O0
FAIL: objc/execute/bf-13.m compilation, -O1
UNRESOLVED: objc/execute/bf-13.m execution, -O1
FAIL: objc/execute/bf-13.m compilation, -O2
UNRESOLVED: objc/execute/bf-13.m execution, -O2
FAIL: objc/execute/bf-13.m compilation, -O3 -fomit-frame-pointer
UNRESOLVED: objc/execute/bf-13.m execution, -O3 -fomit-frame-pointer
FAIL: objc/execute/bf-13.m compilation, -O3 -g
UNRESOLVED: objc/execute/bf-13.m execution, -O3 -g
FAIL: objc/execute/bf-13.m compilation, -Os
UNRESOLVED: objc/execute/bf-13.m execution, -Os
FAIL: objc/execute/bf-14.m compilation, -O0
UNRESOLVED: objc/execute/bf-14.m execution, -O0
FAIL: objc/execute/bf-14.m compilation, -O1
UNRESOLVED: objc/execute/bf-14.m execution, -O1
FAIL: objc/execute/bf-14.m compilation, -O2
UNRESOLVED: objc/execute/bf-14.m execution, -O2
FAIL: objc/execute/bf-14.m compilation, -O3 -fomit-frame-pointer
UNRESOLVED: objc/execute/bf-14.m execution, -O3 -fomit-frame-pointer
FAIL: objc/execute/bf-14.m compilation, -O3 -g
UNRESOLVED: objc/execute/bf-14.m execution, -O3 -g
FAIL: objc/execute/bf-14.m compilation, -Os
UNRESOLVED: objc/execute/bf-14.m execution, -Os
FAIL: objc/execute/bf-15.m compilation, -O0
UNRESOLVED: objc/execute/bf-15.m execution, -O0
FAIL: objc/execute/bf-15.m compilation, -O1
UNRESOLVED: objc/execute/bf-15.m execution, -O1
FAIL: objc/execute/bf-15.m compilation, -O2
UNRESOLVED: objc/execute/bf-15.m execution, -O2
FAIL: objc/execute/bf-15.m compilation, -O3 -fomit-frame-pointer
UNRESOLVED: objc/execute/bf-15.m execution, -O3 -fomit-frame-pointer
FAIL: objc/execute/bf-15.m compilation, -O3 -g
UNRESOLVED: objc/execute/bf-15.m execution, -O3 -g
FAIL: objc/execute/bf-15.m compilation, -Os
UNRESOLVED: objc/execute/bf-15.m execution, -Os
FAIL: objc/execute/bf-16.m compilation, -O0
UNRESOLVED: objc/execute/bf-16.m execution, -O0
FAIL: objc/execute/bf-16.m compilation, -O1
UNRESOLVED: objc/execute/bf-16.m execution, -O1
FAIL: objc/execute/bf-16.m compilation, -O2
UNRESOLVED: objc/execute/bf-16.m execution, -O2
FAIL: objc/execute/bf-16.m compilation, -O3 -fomit-frame-pointer
UNRESOLVED: objc/execute/bf-16.m execution, -O3 -fomit-frame-pointer
FAIL: objc/execute/bf-16.m compilation, -O3 -g
UNRESOLVED: objc/execute/bf-16.m execution, -O3 -g
FAIL: objc/execute/bf-16.m compilation, -Os
UNRESOLVED: objc/execute/bf-16.m execution, -Os
FAIL: objc/execute/bf-17.m compilation, -O0
UNRESOLVED: objc/execute/bf-17.m execution, -O0
FAIL: objc/execute/bf-17.m compilation, -O1
UNRESOLVED: objc/execute/bf-17.m execution, -O1
FAIL: objc/execute/bf-17.m compilation, -O2
UNRESOLVED: objc/execute/bf-17.m execution, -O2
FAIL: objc/execute/bf-17.m compilation, -O3 -fomit-frame-pointer
UNRESOLVED: objc/execute/bf-17.m execution, -O3 -fomit-frame-pointer
FAIL: objc/execute/bf-17.m compilation, -O3 -g
UNRESOLVED: objc/execute/bf-17.m execution, -O3 -g
FAIL: objc/execute/bf-17.m compilation, -Os
UNRESOLVED: objc/execute/bf-17.m execution, -Os
FAIL: objc/execute/bf-18.m compilation, -O0
UNRESOLVED: objc/execute/bf-18.m execution, -O0
FAIL: objc/execute/bf-18.m compilation, -O1
UNRESOLVED: objc/execute/bf-18.m execution, -O1
FAIL: objc/execute/bf-18.m compilation, -O2
UNRESOLVED: objc/execute/bf-18.m execution, -O2
FAIL: objc/execute/bf-18.m compilation, -O3 -fomit-frame-pointer
UNRESOLVED: objc/execute/bf-18.m execution, -O3 -fomit-frame-pointer
FAIL: objc/execute/bf-18.m compilation, -O3 -g
UNRESOLVED: objc/execute/bf-18.m execution, -O3 -g
FAIL: objc/execute/bf-18.m compilation, -Os
UNRESOLVED: objc/execute/bf-18.m execution, -Os
FAIL: objc/execute/bf-19.m compilation, -O0
UNRESOLVED: objc/execute/bf-19.m execution, -O0
FAIL: objc/execute/bf-19.m compilation, -O1
UNRESOLVED: objc/execute/bf-19.m execution, -O1
FAIL: objc/execute/bf-19.m compilation, -O2
UNRESOLVED: objc/execute/bf-19.m execution, -O2
FAIL: objc/execute/bf-19.m compilation, -O3 -fomit-frame-pointer
UNRESOLVED: objc/execute/bf-19.m execution, -O3 -fomit-frame-pointer
FAIL: objc/execute/bf-19.m compilation, -O3 -g
UNRESOLVED: objc/execute/bf-19.m execution, -O3 -g
FAIL: objc/execute/bf-19.m compilation, -Os
UNRESOLVED: objc/execute/bf-19.m execution, -Os
FAIL: objc/execute/bf-2.m compilation, -O0
UNRESOLVED: objc/execute/bf-2.m execution, -O0
FAIL: objc/execute/bf-2.m compilation, -O1
UNRESOLVED: objc/execute/bf-2.m execution, -O1
FAIL: objc/execute/bf-2.m compilation, -O2
UNRESOLVED: objc/execute/bf-2.m execution, -O2
FAIL: objc/execute/bf-2.m compilation, -O3 -fomit-frame-pointer
UNRESOLVED: objc/execute/bf-2.m execution, -O3 -fomit-frame-pointer
FAIL: objc/execute/bf-2.m compilation, -O3 -g
UNRESOLVED: objc/execute/bf-2.m execution, -O3 -g
FAIL: objc/execute/bf-2.m compilation, -Os
UNRESOLVED: objc/execute/bf-2.m execution, -Os
FAIL: objc/execute/bf-20.m compilation, -O0
UNRESOLVED: objc/execute/bf-20.m execution, -O0
FAIL: objc/execute/bf-20.m compilation, -O1
UNRESOLVED: objc/execute/bf-20.m execution, -O1
FAIL: objc/execute/bf-20.m compilation, -O2
UNRESOLVED: objc/execute/bf-20.m execution, -O2
FAIL: objc/execute/bf-20.m compilation, -O3 -fomit-frame-pointer
UNRESOLVED: objc/execute/bf-20.m execution, -O3 -fomit-frame-pointer
FAIL: objc/execute/bf-20.m compilation, -O3 -g
UNRESOLVED: objc/execute/bf-20.m execution, -O3 -g
FAIL: objc/execute/bf-20.m compilation, -Os
UNRESOLVED: objc/execute/bf-20.m execution, -Os
FAIL: objc/execute/bf-21.m compilation, -O0
UNRESOLVED: objc/execute/bf-21.m execution, -O0
FAIL: objc/execute/bf-21.m compilation, -O1
UNRESOLVED: objc/execute/bf-21.m execution, -O1
FAIL: objc/execute/bf-21.m compilation, -O2
UNRESOLVED: objc/execute/bf-21.m execution, -O2
FAIL: objc/execute/bf-21.m compilation, -O3 -fomit-frame-pointer
UNRESOLVED: objc/execute/bf-21.m execution, -O3 -fomit-frame-pointer
FAIL: objc/execute/bf-21.m compilation, -O3 -g
UNRESOLVED: objc/execute/bf-21.m execution, -O3 -g
FAIL: objc/execute/bf-21.m compilation, -Os
UNRESOLVED: objc/execute/bf-21.m execution, -Os
FAIL: objc/execute/bf-3.m compilation, -O0
UNRESOLVED: objc/execute/bf-3.m execution, -O0
FAIL: objc/execute/bf-3.m compilation, -O1
UNRESOLVED: objc/execute/bf-3.m execution, -O1
FAIL: objc/execute/bf-3.m compilation, -O2
UNRESOLVED: objc/execute/bf-3.m execution, -O2
FAIL: objc/execute/bf-3.m compilation, -O3 -fomit-frame-pointer
UNRESOLVED: objc/execute/bf-3.m execution, -O3 -fomit-frame-pointer
FAIL: objc/execute/bf-3.m compilation, -O3 -g
UNRESOLVED: objc/execute/bf-3.m execution, -O3 -g
FAIL: objc/execute/bf-3.m compilation, -Os
UNRESOLVED: objc/execute/bf-3.m execution, -Os
FAIL: objc/execute/bf-4.m compilation, -O0
UNRESOLVED: objc/execute/bf-4.m execution, -O0
FAIL: objc/execute/bf-4.m compilation, -O1
UNRESOLVED: objc/execute/bf-4.m execution, -O1
FAIL: objc/execute/bf-4.m compilation, -O2
UNRESOLVED: objc/execute/bf-4.m execution, -O2
FAIL: objc/execute/bf-4.m compilation, -O3 -fomit-frame-pointer
UNRESOLVED: objc/execute/bf-4.m execution, -O3 -fomit-frame-pointer
FAIL: objc/execute/bf-4.m compilation, -O3 -g
UNRESOLVED: objc/execute/bf-4.m execution, -O3 -g
FAIL: objc/execute/bf-4.m compilation, -Os
UNRESOLVED: objc/execute/bf-4.m execution, -Os
FAIL: objc/execute/bf-5.m compilation, -O0
UNRESOLVED: objc/execute/bf-5.m execution, -O0
FAIL: objc/execute/bf-5.m compilation, -O1
UNRESOLVED: objc/execute/bf-5.m execution, -O1
FAIL: objc/execute/bf-5.m compilation, -O2
UNRESOLVED: objc/execute/bf-5.m execution, -O2
FAIL: objc/execute/bf-5.m compilation, -O3 -fomit-frame-pointer
UNRESOLVED: objc/execute/bf-5.m execution, -O3 -fomit-frame-pointer
FAIL: objc/execute/bf-5.m compilation, -O3 -g
UNRESOLVED: objc/execute/bf-5.m execution, -O3 -g
FAIL: objc/execute/bf-5.m compilation, -Os
UNRESOLVED: objc/execute/bf-5.m execution, -Os
FAIL: objc/execute/bf-6.m compilation, -O0
UNRESOLVED: objc/execute/bf-6.m execution, -O0
FAIL: objc/execute/bf-6.m compilation, -O1
UNRESOLVED: objc/execute/bf-6.m execution, -O1
FAIL: objc/execute/bf-6.m compilation, -O2
UNRESOLVED: objc/execute/bf-6.m execution, -O2
FAIL: objc/execute/bf-6.m compilation, -O3 -fomit-frame-pointer
UNRESOLVED: objc/execute/bf-6.m execution, -O3 -fomit-frame-pointer
FAIL: objc/execute/bf-6.m compilation, -O3 -g
UNRESOLVED: objc/execute/bf-6.m execution, -O3 -g
FAIL: objc/execute/bf-6.m compilation, -Os
UNRESOLVED: objc/execute/bf-6.m execution, -Os
FAIL: objc/execute/bf-7.m compilation, -O0
UNRESOLVED: objc/execute/bf-7.m execution, -O0
FAIL: objc/execute/bf-7.m compilation, -O1
UNRESOLVED: objc/execute/bf-7.m execution, -O1
FAIL: objc/execute/bf-7.m compilation, -O2
UNRESOLVED: objc/execute/bf-7.m execution, -O2
FAIL: objc/execute/bf-7.m compilation, -O3 -fomit-frame-pointer
UNRESOLVED: objc/execute/bf-7.m execution, -O3 -fomit-frame-pointer
FAIL: objc/execute/bf-7.m compilation, -O3 -g
UNRESOLVED: objc/execute/bf-7.m execution, -O3 -g
FAIL: objc/execute/bf-7.m compilation, -Os
UNRESOLVED: objc/execute/bf-7.m execution, -Os
FAIL: objc/execute/bf-8.m compilation, -O0
UNRESOLVED: objc/execute/bf-8.m execution, -O0
FAIL: objc/execute/bf-8.m compilation, -O1
UNRESOLVED: objc/execute/bf-8.m execution, -O1
FAIL: objc/execute/bf-8.m compilation, -O2
UNRESOLVED: objc/execute/bf-8.m execution, -O2
FAIL: objc/execute/bf-8.m compilation, -O3 -fomit-frame-pointer
UNRESOLVED: objc/execute/bf-8.m execution, -O3 -fomit-frame-pointer
FAIL: objc/execute/bf-8.m compilation, -O3 -g
UNRESOLVED: objc/execute/bf-8.m execution, -O3 -g
FAIL: objc/execute/bf-8.m compilation, -Os
UNRESOLVED: objc/execute/bf-8.m execution, -Os
FAIL: objc/execute/bf-9.m compilation, -O0
UNRESOLVED: objc/execute/bf-9.m execution, -O0
FAIL: objc/execute/bf-9.m compilation, -O1
UNRESOLVED: objc/execute/bf-9.m execution, -O1
FAIL: objc/execute/bf-9.m compilation, -O2
UNRESOLVED: objc/execute/bf-9.m execution, -O2
FAIL: objc/execute/bf-9.m compilation, -O3 -fomit-frame-pointer
UNRESOLVED: objc/execute/bf-9.m execution, -O3 -fomit-frame-pointer
FAIL: objc/execute/bf-9.m compilation, -O3 -g
UNRESOLVED: objc/execute/bf-9.m execution, -O3 -g
FAIL: objc/execute/bf-9.m compilation, -Os
UNRESOLVED: objc/execute/bf-9.m execution, -Os
FAIL: objc/execute/bycopy-1.m compilation, -O0
UNRESOLVED: objc/execute/bycopy-1.m execution, -O0
FAIL: objc/execute/bycopy-1.m compilation, -O1
UNRESOLVED: objc/execute/bycopy-1.m execution, -O1
FAIL: objc/execute/bycopy-1.m compilation, -O2
UNRESOLVED: objc/execute/bycopy-1.m execution, -O2
FAIL: objc/execute/bycopy-1.m compilation, -O3 -fomit-frame-pointer
UNRESOLVED: objc/execute/bycopy-1.m execution, -O3 -fomit-frame-pointer
FAIL: objc/execute/bycopy-1.m compilation, -O3 -g
UNRESOLVED: objc/execute/bycopy-1.m execution, -O3 -g
FAIL: objc/execute/bycopy-1.m compilation, -Os
UNRESOLVED: objc/execute/bycopy-1.m execution, -Os
FAIL: objc/execute/bycopy-2.m compilation, -O0
UNRESOLVED: objc/execute/bycopy-2.m execution, -O0
FAIL: objc/execute/bycopy-2.m compilation, -O1
UNRESOLVED: objc/execute/bycopy-2.m execution, -O1
FAIL: objc/execute/bycopy-2.m compilation, -O2
UNRESOLVED: objc/execute/bycopy-2.m execution, -O2
FAIL: objc/execute/bycopy-2.m compilation, -O3 -fomit-frame-pointer
UNRESOLVED: objc/execute/bycopy-2.m execution, -O3 -fomit-frame-pointer
FAIL: objc/execute/bycopy-2.m compilation, -O3 -g
UNRESOLVED: objc/execute/bycopy-2.m execution, -O3 -g
FAIL: objc/execute/bycopy-2.m compilation, -Os
UNRESOLVED: objc/execute/bycopy-2.m execution, -Os
FAIL: objc/execute/bycopy-3.m compilation, -O0
UNRESOLVED: objc/execute/bycopy-3.m execution, -O0
FAIL: objc/execute/bycopy-3.m compilation, -O1
UNRESOLVED: objc/execute/bycopy-3.m execution, -O1
FAIL: objc/execute/bycopy-3.m compilation, -O2
UNRESOLVED: objc/execute/bycopy-3.m execution, -O2
FAIL: objc/execute/bycopy-3.m compilation, -O3 -fomit-frame-pointer
UNRESOLVED: objc/execute/bycopy-3.m execution, -O3 -fomit-frame-pointer
FAIL: objc/execute/bycopy-3.m compilation, -O3 -g
UNRESOLVED: objc/execute/bycopy-3.m execution, -O3 -g
FAIL: objc/execute/bycopy-3.m compilation, -Os
UNRESOLVED: objc/execute/bycopy-3.m execution, -Os
FAIL: objc/execute/cascading-1.m compilation, -O0
UNRESOLVED: objc/execute/cascading-1.m execution, -O0
FAIL: objc/execute/cascading-1.m compilation, -O1
UNRESOLVED: objc/execute/cascading-1.m execution, -O1
FAIL: objc/execute/cascading-1.m compilation, -O2
UNRESOLVED: objc/execute/cascading-1.m execution, -O2
FAIL: objc/execute/cascading-1.m compilation, -O3 -fomit-frame-pointer
UNRESOLVED: objc/execute/cascading-1.m execution, -O3 -fomit-frame-pointer
FAIL: objc/execute/cascading-1.m compilation, -O3 -g
UNRESOLVED: objc/execute/cascading-1.m execution, -O3 -g
FAIL: objc/execute/cascading-1.m compilation, -Os
UNRESOLVED: objc/execute/cascading-1.m execution, -Os
FAIL: objc/execute/class-1.m compilation, -O0
UNRESOLVED: objc/execute/class-1.m execution, -O0
FAIL: objc/execute/class-1.m compilation, -O1
UNRESOLVED: objc/execute/class-1.m execution, -O1
FAIL: objc/execute/class-1.m compilation, -O2
UNRESOLVED: objc/execute/class-1.m execution, -O2
FAIL: objc/execute/class-1.m compilation, -O3 -fomit-frame-pointer
UNRESOLVED: objc/execute/class-1.m execution, -O3 -fomit-frame-pointer
FAIL: objc/execute/class-1.m compilation, -O3 -g
UNRESOLVED: objc/execute/class-1.m execution, -O3 -g
FAIL: objc/execute/class-1.m compilation, -Os
UNRESOLVED: objc/execute/class-1.m execution, -Os
FAIL: objc/execute/class-10.m compilation, -O0
UNRESOLVED: objc/execute/class-10.m execution, -O0
FAIL: objc/execute/class-10.m compilation, -O1
UNRESOLVED: objc/execute/class-10.m execution, -O1
FAIL: objc/execute/class-10.m compilation, -O2
UNRESOLVED: objc/execute/class-10.m execution, -O2
FAIL: objc/execute/class-10.m compilation, -O3 -fomit-frame-pointer
UNRESOLVED: objc/execute/class-10.m execution, -O3 -fomit-frame-pointer
FAIL: objc/execute/class-10.m compilation, -O3 -g
UNRESOLVED: objc/execute/class-10.m execution, -O3 -g
FAIL: objc/execute/class-10.m compilation, -Os
UNRESOLVED: objc/execute/class-10.m execution, -Os
FAIL: objc/execute/class-11.m compilation, -O0
UNRESOLVED: objc/execute/class-11.m execution, -O0
FAIL: objc/execute/class-11.m compilation, -O1
UNRESOLVED: objc/execute/class-11.m execution, -O1
FAIL: objc/execute/class-11.m compilation, -O2
UNRESOLVED: objc/execute/class-11.m execution, -O2
FAIL: objc/execute/class-11.m compilation, -O3 -fomit-frame-pointer
UNRESOLVED: objc/execute/class-11.m execution, -O3 -fomit-frame-pointer
FAIL: objc/execute/class-11.m compilation, -O3 -g
UNRESOLVED: objc/execute/class-11.m execution, -O3 -g
FAIL: objc/execute/class-11.m compilation, -Os
UNRESOLVED: objc/execute/class-11.m execution, -Os
FAIL: objc/execute/class-12.m compilation, -O0
UNRESOLVED: objc/execute/class-12.m execution, -O0
FAIL: objc/execute/class-12.m compilation, -O1
UNRESOLVED: objc/execute/class-12.m execution, -O1
FAIL: objc/execute/class-12.m compilation, -O2
UNRESOLVED: objc/execute/class-12.m execution, -O2
FAIL: objc/execute/class-12.m compilation, -O3 -fomit-frame-pointer
UNRESOLVED: objc/execute/class-12.m execution, -O3 -fomit-frame-pointer
FAIL: objc/execute/class-12.m compilation, -O3 -g
UNRESOLVED: objc/execute/class-12.m execution, -O3 -g
FAIL: objc/execute/class-12.m compilation, -Os
UNRESOLVED: objc/execute/class-12.m execution, -Os
FAIL: objc/execute/class-13.m compilation, -O0
UNRESOLVED: objc/execute/class-13.m execution, -O0
FAIL: objc/execute/class-13.m compilation, -O1
UNRESOLVED: objc/execute/class-13.m execution, -O1
FAIL: objc/execute/class-13.m compilation, -O2
UNRESOLVED: objc/execute/class-13.m execution, -O2
FAIL: objc/execute/class-13.m compilation, -O3 -fomit-frame-pointer
UNRESOLVED: objc/execute/class-13.m execution, -O3 -fomit-frame-pointer
FAIL: objc/execute/class-13.m compilation, -O3 -g
UNRESOLVED: objc/execute/class-13.m execution, -O3 -g
FAIL: objc/execute/class-13.m compilation, -Os
UNRESOLVED: objc/execute/class-13.m execution, -Os
FAIL: objc/execute/class-14.m compilation, -O0
UNRESOLVED: objc/execute/class-14.m execution, -O0
FAIL: objc/execute/class-14.m compilation, -O1
UNRESOLVED: objc/execute/class-14.m execution, -O1
FAIL: objc/execute/class-14.m compilation, -O2
UNRESOLVED: objc/execute/class-14.m execution, -O2
FAIL: objc/execute/class-14.m compilation, -O3 -fomit-frame-pointer
UNRESOLVED: objc/execute/class-14.m execution, -O3 -fomit-frame-pointer
FAIL: objc/execute/class-14.m compilation, -O3 -g
UNRESOLVED: objc/execute/class-14.m execution, -O3 -g
FAIL: objc/execute/class-14.m compilation, -Os
UNRESOLVED: objc/execute/class-14.m execution, -Os
FAIL: objc/execute/class-2.m compilation, -O0
UNRESOLVED: objc/execute/class-2.m execution, -O0
FAIL: objc/execute/class-2.m compilation, -O1
UNRESOLVED: objc/execute/class-2.m execution, -O1
FAIL: objc/execute/class-2.m compilation, -O2
UNRESOLVED: objc/execute/class-2.m execution, -O2
FAIL: objc/execute/class-2.m compilation, -O3 -fomit-frame-pointer
UNRESOLVED: objc/execute/class-2.m execution, -O3 -fomit-frame-pointer
FAIL: objc/execute/class-2.m compilation, -O3 -g
UNRESOLVED: objc/execute/class-2.m execution, -O3 -g
FAIL: objc/execute/class-2.m compilation, -Os
UNRESOLVED: objc/execute/class-2.m execution, -Os
FAIL: objc/execute/class-3.m compilation, -O0
UNRESOLVED: objc/execute/class-3.m execution, -O0
FAIL: objc/execute/class-3.m compilation, -O1
UNRESOLVED: objc/execute/class-3.m execution, -O1
FAIL: objc/execute/class-3.m compilation, -O2
UNRESOLVED: objc/execute/class-3.m execution, -O2
FAIL: objc/execute/class-3.m compilation, -O3 -fomit-frame-pointer
UNRESOLVED: objc/execute/class-3.m execution, -O3 -fomit-frame-pointer
FAIL: objc/execute/class-3.m compilation, -O3 -g
UNRESOLVED: objc/execute/class-3.m execution, -O3 -g
FAIL: objc/execute/class-3.m compilation, -Os
UNRESOLVED: objc/execute/class-3.m execution, -Os
FAIL: objc/execute/class-4.m compilation, -O0
UNRESOLVED: objc/execute/class-4.m execution, -O0
FAIL: objc/execute/class-4.m compilation, -O1
UNRESOLVED: objc/execute/class-4.m execution, -O1
FAIL: objc/execute/class-4.m compilation, -O2
UNRESOLVED: objc/execute/class-4.m execution, -O2
FAIL: objc/execute/class-4.m compilation, -O3 -fomit-frame-pointer
UNRESOLVED: objc/execute/class-4.m execution, -O3 -fomit-frame-pointer
FAIL: objc/execute/class-4.m compilation, -O3 -g
UNRESOLVED: objc/execute/class-4.m execution, -O3 -g
FAIL: objc/execute/class-4.m compilation, -Os
UNRESOLVED: objc/execute/class-4.m execution, -Os
FAIL: objc/execute/class-5.m compilation, -O0
UNRESOLVED: objc/execute/class-5.m execution, -O0
FAIL: objc/execute/class-5.m compilation, -O1
UNRESOLVED: objc/execute/class-5.m execution, -O1
FAIL: objc/execute/class-5.m compilation, -O2
UNRESOLVED: objc/execute/class-5.m execution, -O2
FAIL: objc/execute/class-5.m compilation, -O3 -fomit-frame-pointer
UNRESOLVED: objc/execute/class-5.m execution, -O3 -fomit-frame-pointer
FAIL: objc/execute/class-5.m compilation, -O3 -g
UNRESOLVED: objc/execute/class-5.m execution, -O3 -g
FAIL: objc/execute/class-5.m compilation, -Os
UNRESOLVED: objc/execute/class-5.m execution, -Os
FAIL: objc/execute/class-6.m compilation, -O0
UNRESOLVED: objc/execute/class-6.m execution, -O0
FAIL: objc/execute/class-6.m compilation, -O1
UNRESOLVED: objc/execute/class-6.m execution, -O1
FAIL: objc/execute/class-6.m compilation, -O2
UNRESOLVED: objc/execute/class-6.m execution, -O2
FAIL: objc/execute/class-6.m compilation, -O3 -fomit-frame-pointer
UNRESOLVED: objc/execute/class-6.m execution, -O3 -fomit-frame-pointer
FAIL: objc/execute/class-6.m compilation, -O3 -g
UNRESOLVED: objc/execute/class-6.m execution, -O3 -g
FAIL: objc/execute/class-6.m compilation, -Os
UNRESOLVED: objc/execute/class-6.m execution, -Os
FAIL: objc/execute/class-7.m compilation, -O0
UNRESOLVED: objc/execute/class-7.m execution, -O0
FAIL: objc/execute/class-7.m compilation, -O1
UNRESOLVED: objc/execute/class-7.m execution, -O1
FAIL: objc/execute/class-7.m compilation, -O2
UNRESOLVED: objc/execute/class-7.m execution, -O2
FAIL: objc/execute/class-7.m compilation, -O3 -fomit-frame-pointer
UNRESOLVED: objc/execute/class-7.m execution, -O3 -fomit-frame-pointer
FAIL: objc/execute/class-7.m compilation, -O3 -g
UNRESOLVED: objc/execute/class-7.m execution, -O3 -g
FAIL: objc/execute/class-7.m compilation, -Os
UNRESOLVED: objc/execute/class-7.m execution, -Os
FAIL: objc/execute/class-8.m compilation, -O0
UNRESOLVED: objc/execute/class-8.m execution, -O0
FAIL: objc/execute/class-8.m compilation, -O1
UNRESOLVED: objc/execute/class-8.m execution, -O1
FAIL: objc/execute/class-8.m compilation, -O2
UNRESOLVED: objc/execute/class-8.m execution, -O2
FAIL: objc/execute/class-8.m compilation, -O3 -fomit-frame-pointer
UNRESOLVED: objc/execute/class-8.m execution, -O3 -fomit-frame-pointer
FAIL: objc/execute/class-8.m compilation, -O3 -g
UNRESOLVED: objc/execute/class-8.m execution, -O3 -g
FAIL: objc/execute/class-8.m compilation, -Os
UNRESOLVED: objc/execute/class-8.m execution, -Os
FAIL: objc/execute/class-9.m compilation, -O0
UNRESOLVED: objc/execute/class-9.m execution, -O0
FAIL: objc/execute/class-9.m compilation, -O1
UNRESOLVED: objc/execute/class-9.m execution, -O1
FAIL: objc/execute/class-9.m compilation, -O2
UNRESOLVED: objc/execute/class-9.m execution, -O2
FAIL: objc/execute/class-9.m compilation, -O3 -fomit-frame-pointer
UNRESOLVED: objc/execute/class-9.m execution, -O3 -fomit-frame-pointer
FAIL: objc/execute/class-9.m compilation, -O3 -g
UNRESOLVED: objc/execute/class-9.m execution, -O3 -g
FAIL: objc/execute/class-9.m compilation, -Os
UNRESOLVED: objc/execute/class-9.m execution, -Os
FAIL: objc/execute/class_self-1.m compilation, -O0
UNRESOLVED: objc/execute/class_self-1.m execution, -O0
FAIL: objc/execute/class_self-1.m compilation, -O1
UNRESOLVED: objc/execute/class_self-1.m execution, -O1
FAIL: objc/execute/class_self-1.m compilation, -O2
UNRESOLVED: objc/execute/class_self-1.m execution, -O2
FAIL: objc/execute/class_self-1.m compilation, -O3 -fomit-frame-pointer
UNRESOLVED: objc/execute/class_self-1.m execution, -O3 -fomit-frame-pointer
FAIL: objc/execute/class_self-1.m compilation, -O3 -g
UNRESOLVED: objc/execute/class_self-1.m execution, -O3 -g
FAIL: objc/execute/class_self-1.m compilation, -Os
UNRESOLVED: objc/execute/class_self-1.m execution, -Os
FAIL: objc/execute/class_self-2.m compilation, -O0
UNRESOLVED: objc/execute/class_self-2.m execution, -O0
FAIL: objc/execute/class_self-2.m compilation, -O1
UNRESOLVED: objc/execute/class_self-2.m execution, -O1
FAIL: objc/execute/class_self-2.m compilation, -O2
UNRESOLVED: objc/execute/class_self-2.m execution, -O2
FAIL: objc/execute/class_self-2.m compilation, -O3 -fomit-frame-pointer
UNRESOLVED: objc/execute/class_self-2.m execution, -O3 -fomit-frame-pointer
FAIL: objc/execute/class_self-2.m compilation, -O3 -g
UNRESOLVED: objc/execute/class_self-2.m execution, -O3 -g
FAIL: objc/execute/class_self-2.m compilation, -Os
UNRESOLVED: objc/execute/class_self-2.m execution, -Os
FAIL: objc/execute/compatibility_alias.m compilation, -O0
UNRESOLVED: objc/execute/compatibility_alias.m execution, -O0
FAIL: objc/execute/compatibility_alias.m compilation, -O1
UNRESOLVED: objc/execute/compatibility_alias.m execution, -O1
FAIL: objc/execute/compatibility_alias.m compilation, -O2
UNRESOLVED: objc/execute/compatibility_alias.m execution, -O2
FAIL: objc/execute/compatibility_alias.m compilation, -O3 -fomit-frame-pointer
UNRESOLVED: objc/execute/compatibility_alias.m execution, -O3 -fomit-frame-pointer
FAIL: objc/execute/compatibility_alias.m compilation, -O3 -g
UNRESOLVED: objc/execute/compatibility_alias.m execution, -O3 -g
FAIL: objc/execute/compatibility_alias.m compilation, -Os
UNRESOLVED: objc/execute/compatibility_alias.m execution, -Os
FAIL: objc/execute/enumeration-1.m compilation, -O0
UNRESOLVED: objc/execute/enumeration-1.m execution, -O0
FAIL: objc/execute/enumeration-1.m compilation, -O1
UNRESOLVED: objc/execute/enumeration-1.m execution, -O1
FAIL: objc/execute/enumeration-1.m compilation, -O2
UNRESOLVED: objc/execute/enumeration-1.m execution, -O2
FAIL: objc/execute/enumeration-1.m compilation, -O3 -fomit-frame-pointer
UNRESOLVED: objc/execute/enumeration-1.m execution, -O3 -fomit-frame-pointer
FAIL: objc/execute/enumeration-1.m compilation, -O3 -g
UNRESOLVED: objc/execute/enumeration-1.m execution, -O3 -g
FAIL: objc/execute/enumeration-1.m compilation, -Os
UNRESOLVED: objc/execute/enumeration-1.m execution, -Os
FAIL: objc/execute/enumeration-2.m compilation, -O0
UNRESOLVED: objc/execute/enumeration-2.m execution, -O0
FAIL: objc/execute/enumeration-2.m compilation, -O1
UNRESOLVED: objc/execute/enumeration-2.m execution, -O1
FAIL: objc/execute/enumeration-2.m compilation, -O2
UNRESOLVED: objc/execute/enumeration-2.m execution, -O2
FAIL: objc/execute/enumeration-2.m compilation, -O3 -fomit-frame-pointer
UNRESOLVED: objc/execute/enumeration-2.m execution, -O3 -fomit-frame-pointer
FAIL: objc/execute/enumeration-2.m compilation, -O3 -g
UNRESOLVED: objc/execute/enumeration-2.m execution, -O3 -g
FAIL: objc/execute/enumeration-2.m compilation, -Os
UNRESOLVED: objc/execute/enumeration-2.m execution, -Os
FAIL: objc/execute/fdecl.m compilation, -O0
UNRESOLVED: objc/execute/fdecl.m execution, -O0
FAIL: objc/execute/fdecl.m compilation, -O1
UNRESOLVED: objc/execute/fdecl.m execution, -O1
FAIL: objc/execute/fdecl.m compilation, -O2
UNRESOLVED: objc/execute/fdecl.m execution, -O2
FAIL: objc/execute/fdecl.m compilation, -O3 -fomit-frame-pointer
UNRESOLVED: objc/execute/fdecl.m execution, -O3 -fomit-frame-pointer
FAIL: objc/execute/fdecl.m compilation, -O3 -g
UNRESOLVED: objc/execute/fdecl.m execution, -O3 -g
FAIL: objc/execute/fdecl.m compilation, -Os
UNRESOLVED: objc/execute/fdecl.m execution, -Os
FAIL: objc/execute/formal_protocol-1.m compilation, -O0
UNRESOLVED: objc/execute/formal_protocol-1.m execution, -O0
FAIL: objc/execute/formal_protocol-1.m compilation, -O1
UNRESOLVED: objc/execute/formal_protocol-1.m execution, -O1
FAIL: objc/execute/formal_protocol-1.m compilation, -O2
UNRESOLVED: objc/execute/formal_protocol-1.m execution, -O2
FAIL: objc/execute/formal_protocol-1.m compilation, -O3 -fomit-frame-pointer
UNRESOLVED: objc/execute/formal_protocol-1.m execution, -O3 -fomit-frame-pointer
FAIL: objc/execute/formal_protocol-1.m compilation, -O3 -g
UNRESOLVED: objc/execute/formal_protocol-1.m execution, -O3 -g
FAIL: objc/execute/formal_protocol-1.m compilation, -Os
UNRESOLVED: objc/execute/formal_protocol-1.m execution, -Os
FAIL: objc/execute/formal_protocol-2.m compilation, -O0
UNRESOLVED: objc/execute/formal_protocol-2.m execution, -O0
FAIL: objc/execute/formal_protocol-2.m compilation, -O1
UNRESOLVED: objc/execute/formal_protocol-2.m execution, -O1
FAIL: objc/execute/formal_protocol-2.m compilation, -O2
UNRESOLVED: objc/execute/formal_protocol-2.m execution, -O2
FAIL: objc/execute/formal_protocol-2.m compilation, -O3 -fomit-frame-pointer
UNRESOLVED: objc/execute/formal_protocol-2.m execution, -O3 -fomit-frame-pointer
FAIL: objc/execute/formal_protocol-2.m compilation, -O3 -g
UNRESOLVED: objc/execute/formal_protocol-2.m execution, -O3 -g
FAIL: objc/execute/formal_protocol-2.m compilation, -Os
UNRESOLVED: objc/execute/formal_protocol-2.m execution, -Os
FAIL: objc/execute/formal_protocol-3.m compilation, -O0
UNRESOLVED: objc/execute/formal_protocol-3.m execution, -O0
FAIL: objc/execute/formal_protocol-3.m compilation, -O1
UNRESOLVED: objc/execute/formal_protocol-3.m execution, -O1
FAIL: objc/execute/formal_protocol-3.m compilation, -O2
UNRESOLVED: objc/execute/formal_protocol-3.m execution, -O2
FAIL: objc/execute/formal_protocol-3.m compilation, -O3 -fomit-frame-pointer
UNRESOLVED: objc/execute/formal_protocol-3.m execution, -O3 -fomit-frame-pointer
FAIL: objc/execute/formal_protocol-3.m compilation, -O3 -g
UNRESOLVED: objc/execute/formal_protocol-3.m execution, -O3 -g
FAIL: objc/execute/formal_protocol-3.m compilation, -Os
UNRESOLVED: objc/execute/formal_protocol-3.m execution, -Os
FAIL: objc/execute/formal_protocol-4.m compilation, -O0
UNRESOLVED: objc/execute/formal_protocol-4.m execution, -O0
FAIL: objc/execute/formal_protocol-4.m compilation, -O1
UNRESOLVED: objc/execute/formal_protocol-4.m execution, -O1
FAIL: objc/execute/formal_protocol-4.m compilation, -O2
UNRESOLVED: objc/execute/formal_protocol-4.m execution, -O2
FAIL: objc/execute/formal_protocol-4.m compilation, -O3 -fomit-frame-pointer
UNRESOLVED: objc/execute/formal_protocol-4.m execution, -O3 -fomit-frame-pointer
FAIL: objc/execute/formal_protocol-4.m compilation, -O3 -g
UNRESOLVED: objc/execute/formal_protocol-4.m execution, -O3 -g
FAIL: objc/execute/formal_protocol-4.m compilation, -Os
UNRESOLVED: objc/execute/formal_protocol-4.m execution, -Os
FAIL: objc/execute/formal_protocol-5.m compilation, -O0
UNRESOLVED: objc/execute/formal_protocol-5.m execution, -O0
FAIL: objc/execute/formal_protocol-5.m compilation, -O1
UNRESOLVED: objc/execute/formal_protocol-5.m execution, -O1
FAIL: objc/execute/formal_protocol-5.m compilation, -O2
UNRESOLVED: objc/execute/formal_protocol-5.m execution, -O2
FAIL: objc/execute/formal_protocol-5.m compilation, -O3 -fomit-frame-pointer
UNRESOLVED: objc/execute/formal_protocol-5.m execution, -O3 -fomit-frame-pointer
FAIL: objc/execute/formal_protocol-5.m compilation, -O3 -g
UNRESOLVED: objc/execute/formal_protocol-5.m execution, -O3 -g
FAIL: objc/execute/formal_protocol-5.m compilation, -Os
UNRESOLVED: objc/execute/formal_protocol-5.m execution, -Os
FAIL: objc/execute/formal_protocol-6.m compilation, -O0
UNRESOLVED: objc/execute/formal_protocol-6.m execution, -O0
FAIL: objc/execute/formal_protocol-6.m compilation, -O1
UNRESOLVED: objc/execute/formal_protocol-6.m execution, -O1
FAIL: objc/execute/formal_protocol-6.m compilation, -O2
UNRESOLVED: objc/execute/formal_protocol-6.m execution, -O2
FAIL: objc/execute/formal_protocol-6.m compilation, -O3 -fomit-frame-pointer
UNRESOLVED: objc/execute/formal_protocol-6.m execution, -O3 -fomit-frame-pointer
FAIL: objc/execute/formal_protocol-6.m compilation, -O3 -g
UNRESOLVED: objc/execute/formal_protocol-6.m execution, -O3 -g
FAIL: objc/execute/formal_protocol-6.m compilation, -Os
UNRESOLVED: objc/execute/formal_protocol-6.m execution, -Os
FAIL: objc/execute/formal_protocol-7.m compilation, -O0
UNRESOLVED: objc/execute/formal_protocol-7.m execution, -O0
FAIL: objc/execute/formal_protocol-7.m compilation, -O1
UNRESOLVED: objc/execute/formal_protocol-7.m execution, -O1
FAIL: objc/execute/formal_protocol-7.m compilation, -O2
UNRESOLVED: objc/execute/formal_protocol-7.m execution, -O2
FAIL: objc/execute/formal_protocol-7.m compilation, -O3 -fomit-frame-pointer
UNRESOLVED: objc/execute/formal_protocol-7.m execution, -O3 -fomit-frame-pointer
FAIL: objc/execute/formal_protocol-7.m compilation, -O3 -g
UNRESOLVED: objc/execute/formal_protocol-7.m execution, -O3 -g
FAIL: objc/execute/formal_protocol-7.m compilation, -Os
UNRESOLVED: objc/execute/formal_protocol-7.m execution, -Os
FAIL: objc/execute/function-message-1.m compilation, -O0
UNRESOLVED: objc/execute/function-message-1.m execution, -O0
FAIL: objc/execute/function-message-1.m compilation, -O1
UNRESOLVED: objc/execute/function-message-1.m execution, -O1
FAIL: objc/execute/function-message-1.m compilation, -O2
UNRESOLVED: objc/execute/function-message-1.m execution, -O2
FAIL: objc/execute/function-message-1.m compilation, -O3 -fomit-frame-pointer
UNRESOLVED: objc/execute/function-message-1.m execution, -O3 -fomit-frame-pointer
FAIL: objc/execute/function-message-1.m compilation, -O3 -g
UNRESOLVED: objc/execute/function-message-1.m execution, -O3 -g
FAIL: objc/execute/function-message-1.m compilation, -Os
UNRESOLVED: objc/execute/function-message-1.m execution, -Os
FAIL: objc/execute/initialize.m compilation, -O0
UNRESOLVED: objc/execute/initialize.m execution, -O0
FAIL: objc/execute/initialize.m compilation, -O1
UNRESOLVED: objc/execute/initialize.m execution, -O1
FAIL: objc/execute/initialize.m compilation, -O2
UNRESOLVED: objc/execute/initialize.m execution, -O2
FAIL: objc/execute/initialize.m compilation, -O3 -fomit-frame-pointer
UNRESOLVED: objc/execute/initialize.m execution, -O3 -fomit-frame-pointer
FAIL: objc/execute/initialize.m compilation, -O3 -g
UNRESOLVED: objc/execute/initialize.m execution, -O3 -g
FAIL: objc/execute/initialize.m compilation, -Os
UNRESOLVED: objc/execute/initialize.m execution, -Os
FAIL: objc/execute/load-2.m compilation, -O0
UNRESOLVED: objc/execute/load-2.m execution, -O0
FAIL: objc/execute/load-2.m compilation, -O1
UNRESOLVED: objc/execute/load-2.m execution, -O1
FAIL: objc/execute/load-2.m compilation, -O2
UNRESOLVED: objc/execute/load-2.m execution, -O2
FAIL: objc/execute/load-2.m compilation, -O3 -fomit-frame-pointer
UNRESOLVED: objc/execute/load-2.m execution, -O3 -fomit-frame-pointer
FAIL: objc/execute/load-2.m compilation, -O3 -g
UNRESOLVED: objc/execute/load-2.m execution, -O3 -g
FAIL: objc/execute/load-2.m compilation, -Os
UNRESOLVED: objc/execute/load-2.m execution, -Os
FAIL: objc/execute/load-3.m compilation, -O0
UNRESOLVED: objc/execute/load-3.m execution, -O0
FAIL: objc/execute/load-3.m compilation, -O1
UNRESOLVED: objc/execute/load-3.m execution, -O1
FAIL: objc/execute/load-3.m compilation, -O2
UNRESOLVED: objc/execute/load-3.m execution, -O2
FAIL: objc/execute/load-3.m compilation, -O3 -fomit-frame-pointer
UNRESOLVED: objc/execute/load-3.m execution, -O3 -fomit-frame-pointer
FAIL: objc/execute/load-3.m compilation, -O3 -fomit-frame-pointer -funroll-loops
UNRESOLVED: objc/execute/load-3.m execution, -O3 -fomit-frame-pointer -funroll-loops
FAIL: objc/execute/load-3.m compilation, -O3 -fomit-frame-pointer -funroll-all-loops -finline-functions
UNRESOLVED: objc/execute/load-3.m execution, -O3 -fomit-frame-pointer -funroll-all-loops -finline-functions
FAIL: objc/execute/load-3.m compilation, -O3 -g
UNRESOLVED: objc/execute/load-3.m execution, -O3 -g
FAIL: objc/execute/load-3.m compilation, -Os
UNRESOLVED: objc/execute/load-3.m execution, -Os
FAIL: objc/execute/load.m compilation, -O0
UNRESOLVED: objc/execute/load.m execution, -O0
FAIL: objc/execute/load.m compilation, -O1
UNRESOLVED: objc/execute/load.m execution, -O1
FAIL: objc/execute/load.m compilation, -O2
UNRESOLVED: objc/execute/load.m execution, -O2
FAIL: objc/execute/load.m compilation, -O3 -fomit-frame-pointer
UNRESOLVED: objc/execute/load.m execution, -O3 -fomit-frame-pointer
FAIL: objc/execute/load.m compilation, -O3 -g
UNRESOLVED: objc/execute/load.m execution, -O3 -g
FAIL: objc/execute/load.m compilation, -Os
UNRESOLVED: objc/execute/load.m execution, -Os
FAIL: objc/execute/many_args_method.m compilation, -O0
UNRESOLVED: objc/execute/many_args_method.m execution, -O0
FAIL: objc/execute/many_args_method.m compilation, -O1
UNRESOLVED: objc/execute/many_args_method.m execution, -O1
FAIL: objc/execute/many_args_method.m compilation, -O2
UNRESOLVED: objc/execute/many_args_method.m execution, -O2
FAIL: objc/execute/many_args_method.m compilation, -O3 -fomit-frame-pointer
UNRESOLVED: objc/execute/many_args_method.m execution, -O3 -fomit-frame-pointer
FAIL: objc/execute/many_args_method.m compilation, -O3 -g
UNRESOLVED: objc/execute/many_args_method.m execution, -O3 -g
FAIL: objc/execute/many_args_method.m compilation, -Os
UNRESOLVED: objc/execute/many_args_method.m execution, -Os
FAIL: objc/execute/nested-3.m compilation, -O0
UNRESOLVED: objc/execute/nested-3.m execution, -O0
FAIL: objc/execute/nested-3.m compilation, -O1
UNRESOLVED: objc/execute/nested-3.m execution, -O1
FAIL: objc/execute/nested-3.m compilation, -O2
UNRESOLVED: objc/execute/nested-3.m execution, -O2
FAIL: objc/execute/nested-3.m compilation, -O3 -fomit-frame-pointer
UNRESOLVED: objc/execute/nested-3.m execution, -O3 -fomit-frame-pointer
FAIL: objc/execute/nested-3.m compilation, -O3 -g
UNRESOLVED: objc/execute/nested-3.m execution, -O3 -g
FAIL: objc/execute/nested-3.m compilation, -Os
UNRESOLVED: objc/execute/nested-3.m execution, -Os
FAIL: objc/execute/nil_method-1.m compilation, -O0
UNRESOLVED: objc/execute/nil_method-1.m execution, -O0
FAIL: objc/execute/nil_method-1.m compilation, -O1
UNRESOLVED: objc/execute/nil_method-1.m execution, -O1
FAIL: objc/execute/nil_method-1.m compilation, -O2
UNRESOLVED: objc/execute/nil_method-1.m execution, -O2
FAIL: objc/execute/nil_method-1.m compilation, -O3 -fomit-frame-pointer
UNRESOLVED: objc/execute/nil_method-1.m execution, -O3 -fomit-frame-pointer
FAIL: objc/execute/nil_method-1.m compilation, -O3 -g
UNRESOLVED: objc/execute/nil_method-1.m execution, -O3 -g
FAIL: objc/execute/nil_method-1.m compilation, -Os
UNRESOLVED: objc/execute/nil_method-1.m execution, -Os
FAIL: objc/execute/no_clash.m compilation, -O0
UNRESOLVED: objc/execute/no_clash.m execution, -O0
FAIL: objc/execute/no_clash.m compilation, -O1
UNRESOLVED: objc/execute/no_clash.m execution, -O1
FAIL: objc/execute/no_clash.m compilation, -O2
UNRESOLVED: objc/execute/no_clash.m execution, -O2
FAIL: objc/execute/no_clash.m compilation, -O3 -fomit-frame-pointer
UNRESOLVED: objc/execute/no_clash.m execution, -O3 -fomit-frame-pointer
FAIL: objc/execute/no_clash.m compilation, -O3 -g
UNRESOLVED: objc/execute/no_clash.m execution, -O3 -g
FAIL: objc/execute/no_clash.m compilation, -Os
UNRESOLVED: objc/execute/no_clash.m execution, -Os
FAIL: objc/execute/np-1.m compilation, -O0
UNRESOLVED: objc/execute/np-1.m execution, -O0
FAIL: objc/execute/np-1.m compilation, -O1
UNRESOLVED: objc/execute/np-1.m execution, -O1
FAIL: objc/execute/np-1.m compilation, -O2
UNRESOLVED: objc/execute/np-1.m execution, -O2
FAIL: objc/execute/np-1.m compilation, -O3 -fomit-frame-pointer
UNRESOLVED: objc/execute/np-1.m execution, -O3 -fomit-frame-pointer
FAIL: objc/execute/np-1.m compilation, -O3 -g
UNRESOLVED: objc/execute/np-1.m execution, -O3 -g
FAIL: objc/execute/np-1.m compilation, -Os
UNRESOLVED: objc/execute/np-1.m execution, -Os
FAIL: objc/execute/np-2.m compilation, -O0
UNRESOLVED: objc/execute/np-2.m execution, -O0
FAIL: objc/execute/np-2.m compilation, -O1
UNRESOLVED: objc/execute/np-2.m execution, -O1
FAIL: objc/execute/np-2.m compilation, -O2
UNRESOLVED: objc/execute/np-2.m execution, -O2
FAIL: objc/execute/np-2.m compilation, -O3 -fomit-frame-pointer
UNRESOLVED: objc/execute/np-2.m execution, -O3 -fomit-frame-pointer
FAIL: objc/execute/np-2.m compilation, -O3 -g
UNRESOLVED: objc/execute/np-2.m execution, -O3 -g
FAIL: objc/execute/np-2.m compilation, -Os
UNRESOLVED: objc/execute/np-2.m execution, -Os
FAIL: objc/execute/object_is_class.m compilation, -O0
UNRESOLVED: objc/execute/object_is_class.m execution, -O0
FAIL: objc/execute/object_is_class.m compilation, -O1
UNRESOLVED: objc/execute/object_is_class.m execution, -O1
FAIL: objc/execute/object_is_class.m compilation, -O2
UNRESOLVED: objc/execute/object_is_class.m execution, -O2
FAIL: objc/execute/object_is_class.m compilation, -O3 -fomit-frame-pointer
UNRESOLVED: objc/execute/object_is_class.m execution, -O3 -fomit-frame-pointer
FAIL: objc/execute/object_is_class.m compilation, -O3 -g
UNRESOLVED: objc/execute/object_is_class.m execution, -O3 -g
FAIL: objc/execute/object_is_class.m compilation, -Os
UNRESOLVED: objc/execute/object_is_class.m execution, -Os
FAIL: objc/execute/object_is_meta_class.m compilation, -O0
UNRESOLVED: objc/execute/object_is_meta_class.m execution, -O0
FAIL: objc/execute/object_is_meta_class.m compilation, -O1
UNRESOLVED: objc/execute/object_is_meta_class.m execution, -O1
FAIL: objc/execute/object_is_meta_class.m compilation, -O2
UNRESOLVED: objc/execute/object_is_meta_class.m execution, -O2
FAIL: objc/execute/object_is_meta_class.m compilation, -O3 -fomit-frame-pointer
UNRESOLVED: objc/execute/object_is_meta_class.m execution, -O3 -fomit-frame-pointer
FAIL: objc/execute/object_is_meta_class.m compilation, -O3 -g
UNRESOLVED: objc/execute/object_is_meta_class.m execution, -O3 -g
FAIL: objc/execute/object_is_meta_class.m compilation, -Os
UNRESOLVED: objc/execute/object_is_meta_class.m execution, -Os
FAIL: objc/execute/private.m compilation, -O0
UNRESOLVED: objc/execute/private.m execution, -O0
FAIL: objc/execute/private.m compilation, -O1
UNRESOLVED: objc/execute/private.m execution, -O1
FAIL: objc/execute/private.m compilation, -O2
UNRESOLVED: objc/execute/private.m execution, -O2
FAIL: objc/execute/private.m compilation, -O3 -fomit-frame-pointer
UNRESOLVED: objc/execute/private.m execution, -O3 -fomit-frame-pointer
FAIL: objc/execute/private.m compilation, -O3 -g
UNRESOLVED: objc/execute/private.m execution, -O3 -g
FAIL: objc/execute/private.m compilation, -Os
UNRESOLVED: objc/execute/private.m execution, -Os
FAIL: objc/execute/protocol.m compilation, -O0
UNRESOLVED: objc/execute/protocol.m execution, -O0
FAIL: objc/execute/protocol.m compilation, -O1
UNRESOLVED: objc/execute/protocol.m execution, -O1
FAIL: objc/execute/protocol.m compilation, -O2
UNRESOLVED: objc/execute/protocol.m execution, -O2
FAIL: objc/execute/protocol.m compilation, -O3 -fomit-frame-pointer
UNRESOLVED: objc/execute/protocol.m execution, -O3 -fomit-frame-pointer
FAIL: objc/execute/protocol.m compilation, -O3 -g
UNRESOLVED: objc/execute/protocol.m execution, -O3 -g
FAIL: objc/execute/protocol.m compilation, -Os
UNRESOLVED: objc/execute/protocol.m execution, -Os
FAIL: objc/execute/redefining_self.m compilation, -O0
UNRESOLVED: objc/execute/redefining_self.m execution, -O0
FAIL: objc/execute/redefining_self.m compilation, -O1
UNRESOLVED: objc/execute/redefining_self.m execution, -O1
FAIL: objc/execute/redefining_self.m compilation, -O2
UNRESOLVED: objc/execute/redefining_self.m execution, -O2
FAIL: objc/execute/redefining_self.m compilation, -O3 -fomit-frame-pointer
UNRESOLVED: objc/execute/redefining_self.m execution, -O3 -fomit-frame-pointer
FAIL: objc/execute/redefining_self.m compilation, -O3 -g
UNRESOLVED: objc/execute/redefining_self.m execution, -O3 -g
FAIL: objc/execute/redefining_self.m compilation, -Os
UNRESOLVED: objc/execute/redefining_self.m execution, -Os
FAIL: objc/execute/root_methods.m compilation, -O0
UNRESOLVED: objc/execute/root_methods.m execution, -O0
FAIL: objc/execute/root_methods.m compilation, -O1
UNRESOLVED: objc/execute/root_methods.m execution, -O1
FAIL: objc/execute/root_methods.m compilation, -O2
UNRESOLVED: objc/execute/root_methods.m execution, -O2
FAIL: objc/execute/root_methods.m compilation, -O3 -fomit-frame-pointer
UNRESOLVED: objc/execute/root_methods.m execution, -O3 -fomit-frame-pointer
FAIL: objc/execute/root_methods.m compilation, -O3 -g
UNRESOLVED: objc/execute/root_methods.m execution, -O3 -g
FAIL: objc/execute/root_methods.m compilation, -Os
UNRESOLVED: objc/execute/root_methods.m execution, -Os
FAIL: objc/execute/selector-1.m compilation, -O0
UNRESOLVED: objc/execute/selector-1.m execution, -O0
FAIL: objc/execute/selector-1.m compilation, -O1
UNRESOLVED: objc/execute/selector-1.m execution, -O1
FAIL: objc/execute/selector-1.m compilation, -O2
UNRESOLVED: objc/execute/selector-1.m execution, -O2
FAIL: objc/execute/selector-1.m compilation, -O3 -fomit-frame-pointer
UNRESOLVED: objc/execute/selector-1.m execution, -O3 -fomit-frame-pointer
FAIL: objc/execute/selector-1.m compilation, -O3 -g
UNRESOLVED: objc/execute/selector-1.m execution, -O3 -g
FAIL: objc/execute/selector-1.m compilation, -Os
UNRESOLVED: objc/execute/selector-1.m execution, -Os
FAIL: objc/execute/static-1.m compilation, -O0
UNRESOLVED: objc/execute/static-1.m execution, -O0
FAIL: objc/execute/static-1.m compilation, -O1
UNRESOLVED: objc/execute/static-1.m execution, -O1
FAIL: objc/execute/static-1.m compilation, -O2
UNRESOLVED: objc/execute/static-1.m execution, -O2
FAIL: objc/execute/static-1.m compilation, -O3 -fomit-frame-pointer
UNRESOLVED: objc/execute/static-1.m execution, -O3 -fomit-frame-pointer
FAIL: objc/execute/static-1.m compilation, -O3 -g
UNRESOLVED: objc/execute/static-1.m execution, -O3 -g
FAIL: objc/execute/static-1.m compilation, -Os
UNRESOLVED: objc/execute/static-1.m execution, -Os
FAIL: objc/execute/static-2.m compilation, -O0
UNRESOLVED: objc/execute/static-2.m execution, -O0
FAIL: objc/execute/static-2.m compilation, -O1
UNRESOLVED: objc/execute/static-2.m execution, -O1
FAIL: objc/execute/static-2.m compilation, -O2
UNRESOLVED: objc/execute/static-2.m execution, -O2
FAIL: objc/execute/static-2.m compilation, -O3 -fomit-frame-pointer
UNRESOLVED: objc/execute/static-2.m execution, -O3 -fomit-frame-pointer
FAIL: objc/execute/static-2.m compilation, -O3 -g
UNRESOLVED: objc/execute/static-2.m execution, -O3 -g
FAIL: objc/execute/static-2.m compilation, -Os
UNRESOLVED: objc/execute/static-2.m execution, -Os
FAIL: objc/execute/string1.m compilation, -O0
UNRESOLVED: objc/execute/string1.m execution, -O0
FAIL: objc/execute/string1.m compilation, -O1
UNRESOLVED: objc/execute/string1.m execution, -O1
FAIL: objc/execute/string1.m compilation, -O2
UNRESOLVED: objc/execute/string1.m execution, -O2
FAIL: objc/execute/string1.m compilation, -O3 -fomit-frame-pointer
UNRESOLVED: objc/execute/string1.m execution, -O3 -fomit-frame-pointer
FAIL: objc/execute/string1.m compilation, -O3 -g
UNRESOLVED: objc/execute/string1.m execution, -O3 -g
FAIL: objc/execute/string1.m compilation, -Os
UNRESOLVED: objc/execute/string1.m execution, -Os
FAIL: objc/execute/string2.m compilation, -O0
UNRESOLVED: objc/execute/string2.m execution, -O0
FAIL: objc/execute/string2.m compilation, -O1
UNRESOLVED: objc/execute/string2.m execution, -O1
FAIL: objc/execute/string2.m compilation, -O2
UNRESOLVED: objc/execute/string2.m execution, -O2
FAIL: objc/execute/string2.m compilation, -O3 -fomit-frame-pointer
UNRESOLVED: objc/execute/string2.m execution, -O3 -fomit-frame-pointer
FAIL: objc/execute/string2.m compilation, -O3 -g
UNRESOLVED: objc/execute/string2.m execution, -O3 -g
FAIL: objc/execute/string2.m compilation, -Os
UNRESOLVED: objc/execute/string2.m execution, -Os
FAIL: objc/execute/string3.m compilation, -O0
UNRESOLVED: objc/execute/string3.m execution, -O0
FAIL: objc/execute/string3.m compilation, -O1
UNRESOLVED: objc/execute/string3.m execution, -O1
FAIL: objc/execute/string3.m compilation, -O2
UNRESOLVED: objc/execute/string3.m execution, -O2
FAIL: objc/execute/string3.m compilation, -O3 -fomit-frame-pointer
UNRESOLVED: objc/execute/string3.m execution, -O3 -fomit-frame-pointer
FAIL: objc/execute/string3.m compilation, -O3 -g
UNRESOLVED: objc/execute/string3.m execution, -O3 -g
FAIL: objc/execute/string3.m compilation, -Os
UNRESOLVED: objc/execute/string3.m execution, -Os
FAIL: objc/execute/string4.m compilation, -O0
UNRESOLVED: objc/execute/string4.m execution, -O0
FAIL: objc/execute/string4.m compilation, -O1
UNRESOLVED: objc/execute/string4.m execution, -O1
FAIL: objc/execute/string4.m compilation, -O2
UNRESOLVED: objc/execute/string4.m execution, -O2
FAIL: objc/execute/string4.m compilation, -O3 -fomit-frame-pointer
UNRESOLVED: objc/execute/string4.m execution, -O3 -fomit-frame-pointer
FAIL: objc/execute/string4.m compilation, -O3 -g
UNRESOLVED: objc/execute/string4.m execution, -O3 -g
FAIL: objc/execute/string4.m compilation, -Os
UNRESOLVED: objc/execute/string4.m execution, -Os
FAIL: objc/execute/va_method.m compilation, -O0
UNRESOLVED: objc/execute/va_method.m execution, -O0
FAIL: objc/execute/va_method.m compilation, -O1
UNRESOLVED: objc/execute/va_method.m execution, -O1
FAIL: objc/execute/va_method.m compilation, -O2
UNRESOLVED: objc/execute/va_method.m execution, -O2
FAIL: objc/execute/va_method.m compilation, -O3 -fomit-frame-pointer
UNRESOLVED: objc/execute/va_method.m execution, -O3 -fomit-frame-pointer
FAIL: objc/execute/va_method.m compilation, -O3 -fomit-frame-pointer -funroll-loops
UNRESOLVED: objc/execute/va_method.m execution, -O3 -fomit-frame-pointer -funroll-loops
FAIL: objc/execute/va_method.m compilation, -O3 -fomit-frame-pointer -funroll-all-loops -finline-functions
UNRESOLVED: objc/execute/va_method.m execution, -O3 -fomit-frame-pointer -funroll-all-loops -finline-functions
FAIL: objc/execute/va_method.m compilation, -O3 -g
UNRESOLVED: objc/execute/va_method.m execution, -O3 -g
FAIL: objc/execute/va_method.m compilation, -Os
UNRESOLVED: objc/execute/va_method.m execution, -Os
FAIL: objc.dg/bitfield-1.m (test for excess errors)
WARNING: objc.dg/bitfield-1.m compilation failed to produce executable
FAIL: objc.dg/call-super-1.m (test for excess errors)
WARNING: objc.dg/call-super-1.m compilation failed to produce executable
FAIL: objc.dg/call-super-3.m (test for excess errors)
WARNING: objc.dg/call-super-3.m compilation failed to produce executable
FAIL: objc.dg/category-1.m (test for excess errors)
WARNING: objc.dg/category-1.m compilation failed to produce executable
FAIL: objc.dg/defs.m (test for excess errors)
WARNING: objc.dg/defs.m compilation failed to produce executable
FAIL: objc.dg/desig-init-1.m (test for excess errors)
WARNING: objc.dg/desig-init-1.m compilation failed to produce executable
FAIL: objc.dg/encode-2.m (test for excess errors)
WARNING: objc.dg/encode-2.m compilation failed to produce executable
FAIL: objc.dg/encode-3.m (test for excess errors)
WARNING: objc.dg/encode-3.m compilation failed to produce executable
FAIL: objc.dg/encode-4.m (test for excess errors)
WARNING: objc.dg/encode-4.m compilation failed to produce executable
FAIL: objc.dg/func-ptr-1.m (test for excess errors)
WARNING: objc.dg/func-ptr-1.m compilation failed to produce executable
FAIL: objc.dg/method-10.m (test for excess errors)
WARNING: objc.dg/method-10.m compilation failed to produce executable
FAIL: objc.dg/method-13.m (test for excess errors)
WARNING: objc.dg/method-13.m compilation failed to produce executable
FAIL: objc.dg/method-3.m (test for excess errors)
WARNING: objc.dg/method-3.m compilation failed to produce executable
FAIL: objc.dg/nested-func-1.m (test for excess errors)
WARNING: objc.dg/nested-func-1.m compilation failed to produce executable
FAIL: objc.dg/proto-lossage-3.m (test for excess errors)
WARNING: objc.dg/proto-lossage-3.m compilation failed to produce executable
FAIL: objc.dg/proto-qual-1.m (test for excess errors)
WARNING: objc.dg/proto-qual-1.m compilation failed to produce executable
FAIL: objc.dg/sizeof-1.m (test for excess errors)
WARNING: objc.dg/sizeof-1.m compilation failed to produce executable
FAIL: objc.dg/type-size-2.m (test for excess errors)
WARNING: objc.dg/type-size-2.m compilation failed to produce executable
FAIL: objc.dg/special/unclaimed-category-1.m unclaimed-category-1a.o (test for excess errors)
WARNING: objc.dg/special/unclaimed-category-1.m unclaimed-category-1a.o compilation failed to produce executable
=== objc Summary ===
# of expected passes 333
# of unexpected failures 503
# of unresolved testcases 484
# of unsupported tests 7
/local0/scratch/ljrittle/gcc-build-ref5-0106-in/gcc/xgcc version 3.4.0 20040106 (experimental)
=== libstdc++ tests ===
Running target unix
FAIL: 22_locale/ctype/is/wchar_t/1.cc execution test
FAIL: 22_locale/ctype/scan/wchar_t/1.cc execution test
XPASS: 26_numerics/c99_classification_macros_c.cc (test for excess errors)
FAIL: 27_io/basic_filebuf/open/char/9507.cc execution test
FAIL: ext/stdio_filebuf/char/10063-2.cc execution test
=== libstdc++ Summary ===
# of expected passes 2466
# of unexpected failures 4
# of unexpected successes 1
# of expected failures 11
Compiler version: 3.4.0 20040106 (experimental)
Platform: i386-unknown-freebsd5.2
configure flags: --prefix=/home/ljrittle/ref5/tmp/install-ref5 --with-gnu-as --with-as=/usr/bin/as --with-gnu-ld --with-ld=/usr/bin/ld
BOOT_CFLAGS=-g -O2
Key: gmake is GNU make
srcdir means in-source configuration was done within the gcc source tree
objdir means out-source configuration was done within a fresh directory
See http://people.freebsd.org/~ljrittle/daily-gcc-bootstrap-reports
for all related transcript logs and log.sent files (not staged
until after all daily bootstraps for a machine complete).
More information about the Gcc-testresults
mailing list