Results for 3.5-tree-ssa 20031203 (merged 20031130) testsuite on armv5l-unknown-linux-gnu

jeroen.dobbelaere@acunia.com jeroen.dobbelaere@acunia.com
Sun Jan 4 09:01:00 GMT 2004


kernel : 2.4.16-rmk1-xng1
binutils-2.14.90.0.4 + 'default float on arm-linux' patch
glibc-2.2.5 + arm patch

Added 'linux.h' to 'tm_file' in gcc/config.gcc for arm*-*-linux*) :

	tm_file="dbxelf.h elfos.h linux.h arm/unknown-elf.h arm/elf.h arm/aout.h arm/arm.h arm/linux-gas.h arm/linux-elf.h"

build mechanism : 'make bootstrap'
LAST_UPDATED: Wed Dec  3 16:38:01 UTC 2003

Native configuration is armv5l-unknown-linux-gnu

		=== libmudflap tests ===


Running target unix
FAIL: libmudflap.c/pass26-frag.c execution test
FAIL: libmudflap.c/pass26-frag.c (-static) execution test
FAIL: libmudflap.c/fail21-frag.c (-O2) crash test
FAIL: libmudflap.c/fail21-frag.c (-O2) output pattern test
FAIL: libmudflap.c/pass26-frag.c (-O2) execution test
FAIL: libmudflap.c/fail21-frag.c (-O3) crash test
FAIL: libmudflap.c/fail21-frag.c (-O3) output pattern test
FAIL: libmudflap.c/fail27-frag.c (-O3) output pattern test
FAIL: libmudflap.c/pass26-frag.c (-O3) execution test
FAIL: libmudflap.c++/fail24-frag.cxx (test for excess errors)
WARNING: libmudflap.c++/fail24-frag.cxx compilation failed to produce executable
FAIL: libmudflap.c++/pass27-frag.cxx (test for excess errors)
WARNING: libmudflap.c++/pass27-frag.cxx compilation failed to produce executable
FAIL: libmudflap.c++/pass28-frag.cxx (test for excess errors)
WARNING: libmudflap.c++/pass28-frag.cxx compilation failed to produce executable
FAIL: libmudflap.c++/pass31-frag.cxx (test for excess errors)
WARNING: libmudflap.c++/pass31-frag.cxx compilation failed to produce executable
FAIL: libmudflap.c++/pass41-frag.cxx (test for excess errors)
WARNING: libmudflap.c++/pass41-frag.cxx compilation failed to produce executable
FAIL: libmudflap.c++/fail24-frag.cxx (-static) (test for excess errors)
WARNING: libmudflap.c++/fail24-frag.cxx (-static) compilation failed to produce executable
FAIL: libmudflap.c++/pass27-frag.cxx (-static) (test for excess errors)
WARNING: libmudflap.c++/pass27-frag.cxx (-static) compilation failed to produce executable
FAIL: libmudflap.c++/pass28-frag.cxx (-static) (test for excess errors)
WARNING: libmudflap.c++/pass28-frag.cxx (-static) compilation failed to produce executable
FAIL: libmudflap.c++/pass31-frag.cxx (-static) (test for excess errors)
WARNING: libmudflap.c++/pass31-frag.cxx (-static) compilation failed to produce executable
FAIL: libmudflap.c++/pass41-frag.cxx (-static) (test for excess errors)
WARNING: libmudflap.c++/pass41-frag.cxx (-static) compilation failed to produce executable
FAIL: libmudflap.c++/fail24-frag.cxx (-O2) (test for excess errors)
WARNING: libmudflap.c++/fail24-frag.cxx (-O2) compilation failed to produce executable
FAIL: libmudflap.c++/pass27-frag.cxx (-O2) (test for excess errors)
WARNING: libmudflap.c++/pass27-frag.cxx (-O2) compilation failed to produce executable
FAIL: libmudflap.c++/pass28-frag.cxx (-O2) (test for excess errors)
WARNING: libmudflap.c++/pass28-frag.cxx (-O2) compilation failed to produce executable
FAIL: libmudflap.c++/pass31-frag.cxx (-O2) (test for excess errors)
WARNING: libmudflap.c++/pass31-frag.cxx (-O2) compilation failed to produce executable
FAIL: libmudflap.c++/pass41-frag.cxx (-O2) (test for excess errors)
WARNING: libmudflap.c++/pass41-frag.cxx (-O2) compilation failed to produce executable
FAIL: libmudflap.c++/fail24-frag.cxx (-O3) (test for excess errors)
WARNING: libmudflap.c++/fail24-frag.cxx (-O3) compilation failed to produce executable
FAIL: libmudflap.c++/pass27-frag.cxx (-O3) (test for excess errors)
WARNING: libmudflap.c++/pass27-frag.cxx (-O3) compilation failed to produce executable
FAIL: libmudflap.c++/pass28-frag.cxx (-O3) (test for excess errors)
WARNING: libmudflap.c++/pass28-frag.cxx (-O3) compilation failed to produce executable
FAIL: libmudflap.c++/pass31-frag.cxx (-O3) (test for excess errors)
WARNING: libmudflap.c++/pass31-frag.cxx (-O3) compilation failed to produce executable
FAIL: libmudflap.c++/pass41-frag.cxx (-O3) (test for excess errors)
WARNING: libmudflap.c++/pass41-frag.cxx (-O3) compilation failed to produce executable

		=== libmudflap Summary ===

# of expected passes		943
# of unexpected failures	29
		=== gcc tests ===


Running target unix
WARNING: program timed out.
FAIL: gcc.c-torture/compile/20001226-1.c (test for excess errors)
WARNING: program timed out.
FAIL: gcc.c-torture/compile/20001226-1.c (test for excess errors)
WARNING: program timed out.
FAIL: gcc.c-torture/compile/20001226-1.c (test for excess errors)
WARNING: program timed out.
FAIL: gcc.c-torture/compile/20001226-1.c (test for excess errors)
WARNING: program timed out.
FAIL: gcc.c-torture/compile/20001226-1.c (test for excess errors)
XPASS: gcc.c-torture/execute/20020720-1.c compilation,  -O1 
XPASS: gcc.c-torture/execute/20020720-1.c compilation,  -O2 
XPASS: gcc.c-torture/execute/20020720-1.c compilation,  -O3 -fomit-frame-pointer 
XPASS: gcc.c-torture/execute/20020720-1.c compilation,  -O3 -g 
XPASS: gcc.c-torture/execute/20020720-1.c compilation,  -Os 
XPASS: gcc.c-torture/execute/990208-1.c execution,  -O3 -fomit-frame-pointer 
XPASS: gcc.c-torture/execute/990208-1.c execution,  -O3 -g 
XPASS: gcc.c-torture/execute/string-opt-18.c execution,  -O0 
XPASS: gcc.c-torture/execute/string-opt-18.c execution,  -O1 
XPASS: gcc.c-torture/execute/string-opt-18.c execution,  -O2 
XPASS: gcc.c-torture/execute/string-opt-18.c execution,  -O3 -fomit-frame-pointer 
XPASS: gcc.c-torture/execute/string-opt-18.c execution,  -O3 -g 
XPASS: gcc.c-torture/execute/string-opt-18.c execution,  -Os 
FAIL: gcc.c-torture/execute/string-opt-7.c execution,  -O1 
FAIL: gcc.c-torture/execute/string-opt-7.c execution,  -O2 
FAIL: gcc.c-torture/execute/string-opt-7.c execution,  -O3 -fomit-frame-pointer 
FAIL: gcc.c-torture/execute/string-opt-7.c execution,  -O3 -g 
FAIL: gcc.c-torture/execute/string-opt-7.c execution,  -Os 
UNRESOLVED: gcc.c-torture/execute/wchar_t-1.c execution,  -O0 
UNRESOLVED: gcc.c-torture/execute/wchar_t-1.c execution,  -O1 
UNRESOLVED: gcc.c-torture/execute/wchar_t-1.c execution,  -O2 
UNRESOLVED: gcc.c-torture/execute/wchar_t-1.c execution,  -O3 -fomit-frame-pointer 
UNRESOLVED: gcc.c-torture/execute/wchar_t-1.c execution,  -O3 -g 
UNRESOLVED: gcc.c-torture/execute/wchar_t-1.c execution,  -Os 
FAIL: gcc.c-torture/execute/ieee/fp-cmp-8.c compilation,  -O1 
UNRESOLVED: gcc.c-torture/execute/ieee/fp-cmp-8.c execution,  -O1 
FAIL: gcc.c-torture/execute/ieee/fp-cmp-8.c compilation,  -O2 
UNRESOLVED: gcc.c-torture/execute/ieee/fp-cmp-8.c execution,  -O2 
FAIL: gcc.c-torture/execute/ieee/fp-cmp-8.c compilation,  -O3 -fomit-frame-pointer 
UNRESOLVED: gcc.c-torture/execute/ieee/fp-cmp-8.c execution,  -O3 -fomit-frame-pointer 
FAIL: gcc.c-torture/execute/ieee/fp-cmp-8.c compilation,  -O3 -fomit-frame-pointer -funroll-loops 
UNRESOLVED: gcc.c-torture/execute/ieee/fp-cmp-8.c execution,  -O3 -fomit-frame-pointer -funroll-loops 
FAIL: gcc.c-torture/execute/ieee/fp-cmp-8.c compilation,  -O3 -fomit-frame-pointer -funroll-all-loops -finline-functions 
UNRESOLVED: gcc.c-torture/execute/ieee/fp-cmp-8.c execution,  -O3 -fomit-frame-pointer -funroll-all-loops -finline-functions 
FAIL: gcc.c-torture/execute/ieee/fp-cmp-8.c compilation,  -O3 -g 
UNRESOLVED: gcc.c-torture/execute/ieee/fp-cmp-8.c execution,  -O3 -g 
FAIL: gcc.c-torture/execute/ieee/fp-cmp-8.c compilation,  -Os 
UNRESOLVED: gcc.c-torture/execute/ieee/fp-cmp-8.c execution,  -Os 
FAIL: gcc.dg/compat/vector-1 c_compat_x_tst.o-c_compat_y_tst.o execute 
FAIL: gcc.dg/cpp/lexident.c (test for excess errors)
FAIL: gcc.dg/debug/debug-1.c scan-assembler xyzzy
FAIL: gcc.dg/debug/debug-1.c scan-assembler xyzzy
FAIL: gcc.dg/debug/debug-1.c scan-assembler xyzzy
FAIL: gcc.dg/debug/debug-1.c scan-assembler xyzzy
FAIL: gcc.dg/debug/debug-1.c scan-assembler xyzzy
FAIL: gcc.dg/debug/debug-1.c scan-assembler xyzzy
FAIL: gcc.dg/debug/debug-1.c scan-assembler xyzzy
FAIL: gcc.dg/debug/debug-1.c scan-assembler xyzzy
FAIL: gcc.dg/debug/debug-2.c scan-assembler xyzzy
FAIL: gcc.dg/debug/debug-2.c scan-assembler xyzzy
FAIL: gcc.dg/debug/debug-2.c scan-assembler xyzzy
FAIL: gcc.dg/debug/debug-2.c scan-assembler xyzzy
FAIL: gcc.dg/debug/debug-2.c scan-assembler xyzzy
FAIL: gcc.dg/debug/debug-2.c scan-assembler xyzzy
FAIL: gcc.dg/debug/debug-2.c scan-assembler xyzzy
FAIL: gcc.dg/debug/debug-2.c scan-assembler xyzzy
FAIL: gcc.dg/20030331-2.c (test for excess errors)
FAIL: gcc.dg/builtin-apply2.c execution test
FAIL: gcc.dg/builtins-10.c (test for excess errors)
FAIL: gcc.dg/builtins-26.c (test for excess errors)
FAIL: gcc.dg/builtins-7.c (test for excess errors)
WARNING: program timed out.
FAIL: gcc.dg/c99-intconst-1.c (test for excess errors)
XPASS: gcc.dg/uninit-4.c uninitialized variable warning (test for bogus messages, line 26)
XPASS: gcc.dg/uninit-5.c uninitialized variable warning (test for bogus messages, line 13)
XPASS: gcc.dg/uninit-5.c uninitialized variable warning (test for bogus messages, line 27)
XPASS: gcc.dg/uninit-8.c uninitialized variable warning (test for bogus messages, line 14)
FAIL: gcc.dg/uninit-D.c (test for excess errors)
FAIL: gcc.dg/warn-1.c  (test for warnings, line 8)
FAIL: gcc.dg/format/c99-scanf-1.c %hhu sign (test for warnings, line 144)
FAIL: gcc.dg/format/c99-scanf-1.c (test for excess errors)
FAIL: gcc.dg/torture/builtin-explog-1.c (test for excess errors)
FAIL: gcc.dg/torture/builtin-explog-1.c (test for excess errors)
FAIL: gcc.dg/torture/builtin-explog-1.c (test for excess errors)
FAIL: gcc.dg/torture/builtin-explog-1.c (test for excess errors)
FAIL: gcc.dg/torture/builtin-explog-1.c (test for excess errors)
FAIL: gcc.dg/torture/builtin-explog-1.c (test for excess errors)
FAIL: gcc.dg/tree-ssa/20030731-1.c scan-tree-dump-times target.*!= 0 0
FAIL: gcc.dg/tree-ssa/20030807-3.c scan-tree-dump-times if  2
FAIL: gcc.dg/tree-ssa/20030807-4.c scan-tree-dump-times if  2
FAIL: gcc.dg/tree-ssa/20030807-7.c scan-tree-dump-times if  1
FAIL: gcc.dg/tree-ssa/20030814-6.c scan-tree-dump-times common.code 1
FAIL: gcc.dg/tree-ssa/20030922-1.c scan-tree-dump-times if  0
FAIL: gcc.dg/tree-ssa/20030922-2.c scan-tree-dump-times if  2
FAIL: gcc.dg/tree-ssa/20031106-1.c scan-tree-dump-times testarray 1
FAIL: gcc.dg/tree-ssa/20031106-2.c scan-tree-dump-times teststruct 1
FAIL: gcc.dg/tree-ssa/20031106-3.c scan-tree-dump-times link_error 0
FAIL: gcc.dg/tree-ssa/20031106-4.c scan-tree-dump-times link_error 0
FAIL: gcc.dg/tree-ssa/20031106-5.c scan-tree-dump-times link_error 0
FAIL: gcc.dg/tree-ssa/20031106-6.c scan-tree-dump-times temp_struct 0
FAIL: gcc.dg/tree-ssa/ssa-ccp-3.c scan-tree-dump-times link_error 0
FAIL: gcc.dg/tree-ssa/ssa-ccp-4.c scan-tree-dump-times link_error 0
FAIL: gcc.dg/tree-ssa/ssa-ccp-5.c scan-tree-dump-times link_error 0
FAIL: gcc.dg/tree-ssa/ssa-ccp-6.c scan-tree-dump-times link_error 0
FAIL: gcc.dg/tree-ssa/ssa-ccp-8.c scan-tree-dump-times link_error 0
FAIL: gcc.dg/tree-ssa/tailcall-1.c (test for excess errors)
ERROR: gcc.dg/tree-ssa/tailcall-1.c: error executing dg-final: no files matched glob pattern "tailcall-1.c.t??.tail2"
UNRESOLVED: gcc.dg/tree-ssa/tailcall-1.c: error executing dg-final: no files matched glob pattern "tailcall-1.c.t??.tail2"
FAIL: gcc.dg/tree-ssa/tailrecursion-1.c (test for excess errors)
ERROR: gcc.dg/tree-ssa/tailrecursion-1.c: error executing dg-final: no files matched glob pattern "tailrecursion-1.c.t??.tail1"
UNRESOLVED: gcc.dg/tree-ssa/tailrecursion-1.c: error executing dg-final: no files matched glob pattern "tailrecursion-1.c.t??.tail1"
FAIL: gcc.dg/tree-ssa/tailrecursion-2.c (test for excess errors)
ERROR: gcc.dg/tree-ssa/tailrecursion-2.c: error executing dg-final: no files matched glob pattern "tailrecursion-2.c.t??.tail1"
UNRESOLVED: gcc.dg/tree-ssa/tailrecursion-2.c: error executing dg-final: no files matched glob pattern "tailrecursion-2.c.t??.tail1"
FAIL: gcc.dg/tree-ssa/tailrecursion-3.c (test for excess errors)
ERROR: gcc.dg/tree-ssa/tailrecursion-3.c: error executing dg-final: no files matched glob pattern "tailrecursion-3.c.t??.tail1"
UNRESOLVED: gcc.dg/tree-ssa/tailrecursion-3.c: error executing dg-final: no files matched glob pattern "tailrecursion-3.c.t??.tail1"
FAIL: gcc.dg/tree-ssa/tailrecursion-4.c (test for excess errors)
ERROR: gcc.dg/tree-ssa/tailrecursion-4.c: error executing dg-final: no files matched glob pattern "tailrecursion-4.c.t??.tail1"
UNRESOLVED: gcc.dg/tree-ssa/tailrecursion-4.c: error executing dg-final: no files matched glob pattern "tailrecursion-4.c.t??.tail1"
FAIL: 209: expected branch percentages not found: 25
FAIL: gcc.misc-tests/gcov-4b.c gcov: 0 failures in line counts, 1 in branch percentages, 0 in return percentages

		=== gcc Summary ===

# of expected passes		23938
# of unexpected failures	76
# of unexpected successes	17
# of expected failures		72
# of unresolved testcases	18
# of untested testcases		7
# of unsupported tests		281
/usr/src/cvs-others/gcc-trees/gcc-tree-ssa-20020619-branch/build-tmp-0/gcc/xgcc version 3.5-tree-ssa 20031203 (merged 20031130)


Compiler version: 3.5-tree-ssa 20031203 (merged 20031130) 
Platform: armv5l-unknown-linux-gnu
configure flags: --prefix=/usr/local/gcc-3.5-cvs --enable-languages=c --disable-werror --with-libbanshee



More information about the Gcc-testresults mailing list