Results for 3.4.0 20040102 (experimental) testsuite on hppa-unknown-linux-gnu

John David Anglin dave@gsyprf11.external.hp.com
Sat Jan 3 00:33:00 GMT 2004


LAST_UPDATED: Fri Jan  2 17:52:54 UTC 2004

		=== acats tests ===
FAIL:	ce2102a

		=== acats Summary ===
# of expected passes		1964
# of unexpected failures	1
# of unsupported tests		357
Native configuration is hppa-unknown-linux-gnu

		=== g++ tests ===


Running target unix
XPASS: g++.dg/ext/lvalue1.C not an lvalue (test for errors, line 7)
XPASS: g++.dg/other/packed1.C execution test
XPASS: g++.dg/warn/Wunused-2.C  (test for warnings, line 5)
WARNING: g++.old-deja/g++.mike/p10769a.C compilation failed to produce executable
WARNING: g++.old-deja/g++.other/enum5.C compilation failed to produce executable
XPASS: g++.old-deja/g++.other/init5.C execution test
WARNING: g++.old-deja/g++.pt/friend44.C compilation failed to produce executable

		=== g++ Summary ===

# of expected passes		9228
# of unexpected successes	4
# of expected failures		55
# of unsupported tests		70
/home/dave/gcc-3.4/objdir/gcc/testsuite/../g++ version 3.4.0 20040102 (experimental)

		=== g77 tests ===


Running target unix

		=== g77 Summary ===

# of expected passes		1786
# of expected failures		1
# of untested testcases		1
# of unsupported tests		6
/home/dave/gcc-3.4/objdir/gcc/testsuite/../g77 version 3.4.0 20040102 (experimental)

		=== gcc tests ===


Running target unix
FAIL: gcc.c-torture/execute/20030307-1.c execution,  -O2 
FAIL: gcc.c-torture/execute/20030307-1.c execution,  -Os 
FAIL: gcc.dg/20031202-1.c execution test
FAIL: gcc.dg/const-elim-1.c scan-assembler-not L\\\$?C[^A-Z]

		=== gcc Summary ===

# of expected passes		24522
# of unexpected failures	4
# of expected failures		71
# of untested testcases		7
# of unsupported tests		292
/home/dave/gcc-3.4/objdir/gcc/xgcc version 3.4.0 20040102 (experimental)

		=== objc tests ===


Running target unix

		=== objc Summary ===

# of expected passes		1339
# of unsupported tests		7
/home/dave/gcc-3.4/objdir/gcc/xgcc version 3.4.0 20040102 (experimental)


		=== libstdc++-v3 check-abi Summary ===

# of added symbols:		 230
# of missing symbols:		 244
# of incompatible symbols:	 275
		=== libstdc++ tests ===


Running target unix
FAIL: 22_locale/codecvt/in/wchar_t/9.cc execution test
FAIL: 22_locale/messages/members/char/1.cc execution test
FAIL: 22_locale/messages/members/char/2.cc execution test
FAIL: 22_locale/messages/members/char/wrapped_env.cc execution test
FAIL: 22_locale/messages/members/char/wrapped_locale.cc execution test
FAIL: 22_locale/messages_byname/named_equivalence.cc execution test
XPASS: 26_numerics/c99_classification_macros_c.cc (test for excess errors)

		=== libstdc++ Summary ===

# of expected passes		2464
# of unexpected failures	6
# of unexpected successes	1
# of expected failures		11

Compiler version: 3.4.0 20040102 (experimental) 
Platform: hppa-unknown-linux-gnu
configure flags: --with-gnu-as --with-as=/home/dave/opt/gnu/bin/as --with-gnu-ld --with-ld=/home/dave/opt/gnu/bin/ld --enable-shared --disable-nls --prefix=/home/dave/opt/gnu/gcc/gcc-3.4 --with-local-prefix=/home/dave/opt/gnu --enable-threads=posix --enable-__cxa_atexit --host=hppa-linux



More information about the Gcc-testresults mailing list